000
CXUS53 KGRB 010754
CF6RRL
PRELIMINARY LOCAL CLIMATOLOGICAL DATA (WS FORM: F-6)
STATION: MERRILL MUNICIPAL AI
MONTH: OCTOBER
YEAR: 2023
LATITUDE: 45 10 N
LONGITUDE: 89 42 W
TEMPERATURE IN F: :PCPN: SNOW: WIND :SUNSHINE: SKY :PK WND
================================================================================
1 2 3 4 5 6A 6B 7 8 9 10 11 12 13 14 15 16 17 18
12Z AVG MX 2MIN
DY MAX MIN AVG DEP HDD CDD WTR SNW DPTH SPD SPD DIR MIN PSBL S-S WX SPD DR
================================================================================
1 87 55 71 M 0 6 M M M 4.4 13 230 M M 2 1 23 230
2 83 49 66 M 0 1 M M M 3.9 12 230 M M 0 1 18 190
3 82 50 66 M 0 1 M M M 5.7 16 190 M M 1 24 190
4 75 51 63 M 2 0 M M M 9.0 18 230 M M 6 23 230
5 67 39 53 M 12 0 M M M 7.6 17 260 M M 6 12 28 260
6 52 38 45 M 20 0 0.15 M M 9.4 17 270 M M 8 23 270
7 55 32 44 M 21 0 M M M 7.0 14 360 M M 3 22 350
8 51 33 42 M 23 0 M M M 2.4 10 60 M M 8 M M
9 51 31 41 M 24 0 M M M 7.7 15 320 M M 6 22 310
10 48 41 45 M 20 0 M M M 3.5 8 290 M M 10 M M
11 56 30 43 M 22 0 M M M 1.3 9 20 M M 5 8 M M
12 56 30 43 M 22 0 0.01 M M 6.4 14 60 M M 4 1 23 100
13 46 41 44 M 21 0 0.85 M M 10.1 14 80 M M 10 22 90
14 53 40 47 M 18 0 M M M 10.2 16 60 M M 9 24 60
15 55 37 46 M 19 0 M M M 8.6 13 360 M M 7 22 20
16 58 30 44 M 21 0 M M M 3.6 9 40 M M 2 1 M M
17 59 29 44 M 21 0 M M M 1.1 5 260 M M 5 12 M M
18 64 38 51 M 14 0 0.11 M M 3.4 10 160 M M 6 1 21 160
19 51 33 42 M 23 0 0.17 M M 2.8 8 350 M M 9 12 M M
20 56 32 44 M 21 0 M M M 6.5 13 340 M M 4 21 340
21 43 30 37 M 28 0 0.05 M M 4.1 13 360 M M 8 18 360
22 52 25 39 M 26 0 M M M 0.5 5 250 M M 4 12 M M
23 49 31 40 M 25 0 M M M 2.6 9 160 M M 9 17 130
24 59 43 51 M 14 0 0.25 M M 3.9 12 230 M M 8 31 150
25 M M M M M M M M M M M M M M M M M
26 M M M M M M M M M M M M M M M M M
27 M M M M M M M M M M M M M M M M M
28 M M M M M M M M M M M M M M M M M
29 M M M M M M M M M M M M M M M M M
30 M M M M M M M M M M M M M M M M M
31 M M M M M M M M M M M M M M M M M
================================================================================
SM 1408 888 417 8 1.59 M 125.8 M 140
================================================================================
AV 58.7 37.0 5.2 FASTST M M 6 MAX(MPH)
MISC ----> 18 230 31 150
================================================================================
NOTES:
# LAST OF SEVERAL OCCURRENCES
COLUMN 17 PEAK WIND IN M.P.H.
PRELIMINARY LOCAL CLIMATOLOGICAL DATA (WS FORM: F-6) , PAGE 2
STATION: MERRILL MUNICIPAL AI
MONTH: OCTOBER
YEAR: 2023
LATITUDE: 45 10 N
LONGITUDE: 89 42 W
[TEMPERATURE DATA] [PRECIPITATION DATA] SYMBOLS USED IN COLUMN 16
AVERAGE MONTHLY: 47.8 TOTAL FOR MONTH: 1.59 1 = FOG OR MIST
DPTR FM NORMAL: 0.0 DPTR FM NORMAL: M 2 = FOG REDUCING VISIBILITY
HIGHEST: 87 ON 1 GRTST 24HR 0.85 ON 13-13 TO 1/4 MILE OR LESS
LOWEST: 25 ON 22 3 = THUNDER
SNOW, ICE PELLETS, HAIL 4 = ICE PELLETS
TOTAL MONTH: M 5 = HAIL
GRTST 24HR M ON M 6 = FREEZING RAIN OR DRIZZLE
GRTST DEPTH: M ON M 7 = DUSTSTORM OR SANDSTORM:
VSBY 1/2 MILE OR LESS
8 = SMOKE OR HAZE
[NO. OF DAYS WITH] [WEATHER - DAYS WITH] 9 = BLOWING SNOW
X = TORNADO
MAX 32 OR BELOW: 0 0.01 INCH OR MORE: 7
MAX 90 OR ABOVE: 0 0.10 INCH OR MORE: 5
MIN 32 OR BELOW: 10 0.50 INCH OR MORE: 1
MIN 0 OR BELOW: 0 1.00 INCH OR MORE: 0
[HDD (BASE 65) ]
TOTAL THIS MO. 417 CLEAR (SCALE 0-3) 4
DPTR FM NORMAL M PTCLDY (SCALE 4-7) 12
TOTAL FM JUL 1 692 CLOUDY (SCALE 8-10) 15
DPTR FM NORMAL M
[CDD (BASE 65) ]
TOTAL THIS MO. 8
DPTR FM NORMAL M [PRESSURE DATA]
TOTAL FM JAN 1 291 HIGHEST SLP M ON M
DPTR FM NORMAL 291 LOWEST SLP M ON M
[REMARKS]
#FINAL-10-23#