000
CXUS51 KBTV 010700
CF6RUT
PRELIMINARY LOCAL CLIMATOLOGICAL DATA (WS FORM: F-6)
STATION: RUTLAND VT
MONTH: MAY
YEAR: 2023
LATITUDE: 43 31 N
LONGITUDE: 72 57 W
TEMPERATURE IN F: :PCPN: SNOW: WIND :SUNSHINE: SKY :PK WND
================================================================================
1 2 3 4 5 6A 6B 7 8 9 10 11 12 13 14 15 16 17 18
12Z AVG MX 2MIN
DY MAX MIN AVG DEP HDD CDD WTR SNW DPTH SPD SPD DIR MIN PSBL S-S WX SPD DR
================================================================================
1 55 38 47 M 18 0 0.59 M M 8.6 18 120 M M 8 12 32 120
2 52 38 45 M 20 0 0.31 M M 5.3 17 120 M M 9 1 20 120
3 50 43 47 M 18 0 0.40 M M 4.4 15 130 M M 10 1 20 110
4 50 42 46 M 19 0 0.01 M M 4.1 8 330 M M 10 M M
5 59 39 49 M 16 0 T M M 4.2 12 30 M M 7 M M
6 68 36 52 M 13 0 0.00 M M 6.8 16 330 M M 1 25 330
7 72 39 56 M 9 0 0.03 M M 5.8 10 20 M M 4 20 280
8 63 41 52 M 13 0 0.01 M M 6.8 14 340 M M 3 12 26 340
9 59 34 47 M 18 0 0.00 M M 7.5 14 10 M M 0 25 320
10 71 32 52 M 13 0 0.00 M M 6.0 10 270 M M 0 21 270
11 76 42 59 M 6 0 0.00 M M 7.0 12 250 M M 1 16 250
12 80 50 65 M 0 0 0.03 M M 6.2 12 290 M M 4 18 99
13 70 49 60 M 5 0 0.00 M M 8.3 14 320 M M 1 25 320
14 59 39 49 M 16 0 0.00 M M 8.7 15 350 M M 0 30 330
15 70 34 52 M 13 0 0.00 M M 7.1 17 260 M M 0 26 260
16 72 41 57 M 8 0 0.00 M M 10.4 21 360 M M 3 36 360
17 46 30 38 M 27 0 0.00 M M 11.4 20 360 M M 5 31 20
18 61 27 44 M 21 0 0.00 M M 5.8 10 130 M M 0 M M
19 72 40 56 M 9 0 0.00 M M 8.5 13 200 M M 2 22 160
20 67 53 60 M 5 0 0.49 M M 9.8 16 110 M M 7 1 25 140
21 68 51 60 M 5 0 0.03 M M 6.6 13 320 M M 7 12 22 320
22 68 44 56 M 9 0 0.01 M M 5.4 10 360 M M 2 12 M M
23 75 43 59 M 6 0 0.00 M M 6.6 12 120 M M 4 M M
24 67 41 54 M 11 0 0.17 M M 7.2 16 320 M M 8 1 26 330
25 60 39 50 M 15 0 T M M 7.9 21 330 M M 5 26 330
26 67 34 51 M 14 0 0.00 M M 8.2 15 320 M M 0 24 320
27 78 40 59 M 6 0 0.00 M M 6.0 12 130 M M 0 M M
28 85 48 67 M 0 2 0.00 M M 4.8 10 130 M M 0 M M
29 80 50 65 M 0 0 0.00 M M 6.5 14 140 M M 0 M M
30 81 49 65 M 0 0 0.00 M M 6.5 13 130 M M 0 17 120
31 85 50 68 M 0 3 0.00 M M 4.7 10 130 M M 0 M M
================================================================================
SM 2086 1276 333 5 2.08 M 213.3 M 101
================================================================================
AV 67.3 41.2 6.9 FASTST M M 3 MAX(MPH)
MISC ----> 21 330 36 360
================================================================================
NOTES:
# LAST OF SEVERAL OCCURRENCES
COLUMN 17 PEAK WIND IN M.P.H.
PRELIMINARY LOCAL CLIMATOLOGICAL DATA (WS FORM: F-6) , PAGE 2
STATION: RUTLAND VT
MONTH: MAY
YEAR: 2023
LATITUDE: 43 31 N
LONGITUDE: 72 57 W
[TEMPERATURE DATA] [PRECIPITATION DATA] SYMBOLS USED IN COLUMN 16
AVERAGE MONTHLY: 54.2 TOTAL FOR MONTH: 2.08 1 = FOG OR MIST
DPTR FM NORMAL: 0.0 DPTR FM NORMAL: M 2 = FOG REDUCING VISIBILITY
HIGHEST: 85 ON 31,28 GRTST 24HR 0.59 ON 1- 1 TO 1/4 MILE OR LESS
LOWEST: 27 ON 18 3 = THUNDER
SNOW, ICE PELLETS, HAIL 4 = ICE PELLETS
TOTAL MONTH: M 5 = HAIL
GRTST 24HR M ON M 6 = FREEZING RAIN OR DRIZZLE
GRTST DEPTH: M ON M 7 = DUSTSTORM OR SANDSTORM:
VSBY 1/2 MILE OR LESS
8 = SMOKE OR HAZE
[NO. OF DAYS WITH] [WEATHER - DAYS WITH] 9 = BLOWING SNOW
X = TORNADO
MAX 32 OR BELOW: 0 0.01 INCH OR MORE: 11
MAX 90 OR ABOVE: 0 0.10 INCH OR MORE: 5
MIN 32 OR BELOW: 3 0.50 INCH OR MORE: 1
MIN 0 OR BELOW: 0 1.00 INCH OR MORE: 0
[HDD (BASE 65) ]
TOTAL THIS MO. 333 CLEAR (SCALE 0-3) 17
DPTR FM NORMAL M PTCLDY (SCALE 4-7) 11
TOTAL FM JUL 1 6392 CLOUDY (SCALE 8-10) 3
DPTR FM NORMAL M
[CDD (BASE 65) ]
TOTAL THIS MO. 5
DPTR FM NORMAL M [PRESSURE DATA]
TOTAL FM JAN 1 11 HIGHEST SLP M ON M
DPTR FM NORMAL M LOWEST SLP M ON M
[REMARKS]
#FINAL-05-23#