000
CXUS53 KMPX 052002
CF6RWF
PRELIMINARY LOCAL CLIMATOLOGICAL DATA (WS FORM: F-6)
STATION: REDWOOD FALLS MN
MONTH: MARCH
YEAR: 2022
LATITUDE: 44 32 N
LONGITUDE: 95 5 W
TEMPERATURE IN F: :PCPN: SNOW: WIND :SUNSHINE: SKY :PK WND
================================================================================
1 2 3 4 5 6A 6B 7 8 9 10 11 12 13 14 15 16 17 18
12Z AVG MX 2MIN
DY MAX MIN AVG DEP HDD CDD WTR SNW DPTH SPD SPD DIR MIN PSBL S-S WX SPD DR
================================================================================
1 48 20 34 10 31 0 0.00 M M 4.8 17 270 M M 8 18 24 290
2 35 26 31 6 34 0 0.00 M M 6.6 14 360 M M 8 18 22 350
3 26 20 23 -2 42 0 0.00 M M 6.1 10 30 M M 9 17 360
4 39 25 32 6 33 0 0.00 M M 12.7 28 130 M M 4 37 130
5 35 25 30 4 35 0 0.00 M M 10.0 22 310 M M 10 126 34 290
6 28 22 25 -1 40 0 0.79 M M 15.0 24 310 M M 10 1 37 320
7 30 12 21 -6 44 0 0.00 M M 10.9 17 280 M M 2 26 340
8 33 20 27 -1 38 0 0.00 M M 12.2 21 300 M M 6 1 31 300
9 20 8 14 -14 51 0 T M M 11.2 20 340 M M 6 30 340
10 25 3 14 -14 51 0 0.00 M M 10.5 24 240 M M 1 32 230
11 23 2 13 -16 52 0 0.00 M M 15.5 28 280 M M 5 42 320
12 33 0 17 -13 48 0 0.00 M M 11.5 23 200 M M 2 31 210
13 44 28 36 6 29 0 0.00 M M 8.1 15 290 M M 3 18 290
14 40 29 35 5 30 0 0.00 M M 7.0 14 360 M M 7 1 22 30
15 54 28 41 10 24 0 0.00 M M 10.6 18 180 M M 0 25 200
16 54 36 45 13 20 0 0.00 M M 7.4 17 190 M M 1 26 200
17 50 33 42 10 23 0 0.00 M M 8.1 16 320 M M 4 1 24 330
18 46 32 39 7 26 0 0.00 M M 5.6 12 10 M M 3 17 20
19 55 26 41 8 24 0 0.00 M M 6.4 17 290 M M 0 1 21 300
20 57 29 43 9 22 0 0.00 M M 9.5 21 130 M M 0 1 29 130
21 70 40 55 21 10 0 0.00 M M 11.9 24 290 M M 1 1 32 280
22 40 33 37 3 28 0 0.40 M M 11.9 21 340 M M 10 1 31 340
23 38 33 36 1 29 0 0.52 M M 13.9 22 350 M M 10 1 38 350
24 45 33 39 3 26 0 0.00 M M 9.3 15 270 M M 9 24 340
25 47 27 37 1 28 0 0.00 M M 21.2 38 320 M M 6 56 320
26 31 19 25 -11 40 0 0.00 M M 16.5 29 330 M M 0 48 330
27 31 14 23 -14 42 0 0.00 M M 5.1 15 340 M M 1 24 340
28 40 22 31 -6 34 0 0.00 M M 13.2 23 140 M M 7 32 150
29 44 32 38 0 27 0 0.00 M M 16.3 31 140 M M 8 16 40 130
30 37 31 34 -4 31 0 0.36 M M 11.9 23 340 M M 10 16 34 350
31 34 24 29 -10 36 0 T M M 12.4 20 310 M M 8 31 330
================================================================================
SM 1232 732 1028 0 2.07 M 333.3 M 159
================================================================================
AV 39.7 23.6 10.8 FASTST M M 5 MAX(MPH)
MISC ----> 38 320 56 320
================================================================================
NOTES:
# LAST OF SEVERAL OCCURRENCES
COLUMN 17 PEAK WIND IN M.P.H.
PRELIMINARY LOCAL CLIMATOLOGICAL DATA (WS FORM: F-6) , PAGE 2
STATION: REDWOOD FALLS MN
MONTH: MARCH
YEAR: 2022
LATITUDE: 44 32 N
LONGITUDE: 95 5 W
[TEMPERATURE DATA] [PRECIPITATION DATA] SYMBOLS USED IN COLUMN 16
AVERAGE MONTHLY: 31.7 TOTAL FOR MONTH: 2.07 1 = FOG OR MIST
DPTR FM NORMAL: 0.2 DPTR FM NORMAL: 0.57 2 = FOG REDUCING VISIBILITY
HIGHEST: 70 ON 21 GRTST 24HR 0.79 ON 6- 6 TO 1/4 MILE OR LESS
LOWEST: 0 ON 12 3 = THUNDER
SNOW, ICE PELLETS, HAIL 4 = ICE PELLETS
TOTAL MONTH: M 5 = HAIL
GRTST 24HR M ON M 6 = FREEZING RAIN OR DRIZZLE
GRTST DEPTH: M ON M 7 = DUSTSTORM OR SANDSTORM:
VSBY 1/2 MILE OR LESS
8 = SMOKE OR HAZE
[NO. OF DAYS WITH] [WEATHER - DAYS WITH] 9 = BLOWING SNOW
X = TORNADO
MAX 32 OR BELOW: 8 0.01 INCH OR MORE: 4
MAX 90 OR ABOVE: 0 0.10 INCH OR MORE: 4
MIN 32 OR BELOW: 25 0.50 INCH OR MORE: 2
MIN 0 OR BELOW: 1 1.00 INCH OR MORE: 0
[HDD (BASE 65) ]
TOTAL THIS MO. 1028 CLEAR (SCALE 0-3) 12
DPTR FM NORMAL -11 PTCLDY (SCALE 4-7) 11
TOTAL FM JUL 1 6743 CLOUDY (SCALE 8-10) 8
DPTR FM NORMAL -212
[CDD (BASE 65) ]
TOTAL THIS MO. 0
DPTR FM NORMAL 0 [PRESSURE DATA]
TOTAL FM JAN 1 0 HIGHEST SLP 30.79 ON 23
DPTR FM NORMAL 0 LOWEST SLP 29.36 ON 10
[REMARKS]
#FINAL-03-22#
THE PRECIPITATION VALUES ARE FROM THE REDWOOD FALLS
COOP STATION WITH AN OBSERVATION TIME OF 7 AM.