000
CXUS54 KEWX 011010
CF6RYW
PRELIMINARY LOCAL CLIMATOLOGICAL DATA (WS FORM: F-6)
STATION: LAGO VISTA
MONTH: JUNE
YEAR: 2023
LATITUDE: 30 30 N
LONGITUDE: 97 58 W
TEMPERATURE IN F: :PCPN: SNOW: WIND :SUNSHINE: SKY :PK WND
================================================================================
1 2 3 4 5 6A 6B 7 8 9 10 11 12 13 14 15 16 17 18
12Z AVG MX 2MIN
DY MAX MIN AVG DEP HDD CDD WTR SNW DPTH SPD SPD DIR MIN PSBL S-S WX SPD DR
================================================================================
1 89 70 80 M 0 15 0.00 M M 6.9 12 150 M M 4 18 150
2 88 69 79 M 0 14 0.00 M M 6.5 12 120 M M 4 8 17 120
3 90 68 79 M 0 14 0.00 M M 4.8 14 150 M M 4 38 35 0
4 80 66 73 M 0 8 0.00 M M 4.0 12 350 M M 5 38 18 270
5 87 67 77 M 0 12 0.00 M M 4.3 10 30 M M 4 18 350
6 85 66 76 M 0 11 0.08 M M 2.5 7 260 M M 5 8 M M
7 89 69 79 M 0 14 0.00 M M 2.7 7 190 M M 6 28 M M
8 86 70 78 M 0 13 0.00 M M 4.8 8 200 M M 3 8 M M
9 98 72 85 M 0 20 0.00 M M 4.0 9 150 M M 2 8 16 0
10 97 67 82 M 0 17 0.02 M M 10.0 17 210 M M 1 3 33 240
11 97 73 85 M 0 20 0.00 M M 8.4 14 210 M M 4 22 120
12 95 73 84 M 0 19 0.00 M M 6.6 12 150 M M 3 1 20 140
13 89 76 83 M 0 18 0.00 M M 6.6 12 210 M M 8 18 17 200
14 93 77 85 M 0 20 0.00 M M 5.9 8 190 M M 5 18 17 200
15 96 79 88 M 0 23 0.00 M M 6.4 10 170 M M 4 18 18 170
16 101 78 90 M 0 25 0.00 M M 7.0 12 210 M M 4 3 32 150
17 93 76 85 M 0 20 0.00 M M 5.2 10 110 M M 2 138 18 230
18 101 76 89 M 0 24 0.00 M M 7.8 15 210 M M 3 21 160
19 101 77 89 M 0 24 0.00 M M 6.9 14 200 M M 1 22 200
20 103 77 90 M 0 25 0.00 M M 7.0 12 200 M M 2 1 17 200
21 102 72 87 M 0 22 0.08 M M 6.1 10 240 M M 3 3 39 80
22 94 72 83 M 0 18 0.01 M M 7.6 14 10 M M 1 3 22 10
23 96 74 85 M 0 20 0.00 M M 6.6 13 150 M M 2 1 20 150
24 99 76 88 M 0 23 0.00 M M 9.1 15 180 M M 1 24 180
25 100 76 88 M 0 23 0.00 M M 8.8 15 160 M M 1 21 160
26 101 77 89 M 0 24 0.00 M M 8.9 13 170 M M 0 22 170
27 101 76 89 M 0 24 0.00 M M 7.4 12 160 M M 0 20 200
28 100 74 87 M 0 22 0.00 M M 7.7 12 190 M M 0 18 190
29 97 76 87 M 0 22 0.00 M M 8.6 12 180 M M 2 21 140
30 96 74 85 M 0 20 M M M 9.2 15 180 M M 3 22 190
================================================================================
SM 2844 2193 0 574 0.19 M 198.3 M 87
================================================================================
AV 94.8 73.1 6.6 FASTST M M 3 MAX(MPH)
MISC ----> 17 210 39 80
================================================================================
NOTES:
# LAST OF SEVERAL OCCURRENCES
COLUMN 17 PEAK WIND IN M.P.H.
PRELIMINARY LOCAL CLIMATOLOGICAL DATA (WS FORM: F-6) , PAGE 2
STATION: LAGO VISTA
MONTH: JUNE
YEAR: 2023
LATITUDE: 30 30 N
LONGITUDE: 97 58 W
[TEMPERATURE DATA] [PRECIPITATION DATA] SYMBOLS USED IN COLUMN 16
AVERAGE MONTHLY: 84.0 TOTAL FOR MONTH: 0.19 1 = FOG OR MIST
DPTR FM NORMAL: 0.0 DPTR FM NORMAL: M 2 = FOG REDUCING VISIBILITY
HIGHEST: 103 ON 20 GRTST 24HR 0.08 ON 6- 6 TO 1/4 MILE OR LESS
LOWEST: 66 ON 6, 4 3 = THUNDER
SNOW, ICE PELLETS, HAIL 4 = ICE PELLETS
TOTAL MONTH: M 5 = HAIL
GRTST 24HR M ON M 6 = FREEZING RAIN OR DRIZZLE
GRTST DEPTH: M ON M 7 = DUSTSTORM OR SANDSTORM:
VSBY 1/2 MILE OR LESS
8 = SMOKE OR HAZE
[NO. OF DAYS WITH] [WEATHER - DAYS WITH] 9 = BLOWING SNOW
X = TORNADO
MAX 32 OR BELOW: 0 0.01 INCH OR MORE: 4
MAX 90 OR ABOVE: 22 0.10 INCH OR MORE: 0
MIN 32 OR BELOW: 0 0.50 INCH OR MORE: 0
MIN 0 OR BELOW: 0 1.00 INCH OR MORE: 0
[HDD (BASE 65) ]
TOTAL THIS MO. 0 CLEAR (SCALE 0-3) 17
DPTR FM NORMAL M PTCLDY (SCALE 4-7) 12
TOTAL FM JUL 1 1542 CLOUDY (SCALE 8-10) 1
DPTR FM NORMAL M
[CDD (BASE 65) ]
TOTAL THIS MO. 574
DPTR FM NORMAL M [PRESSURE DATA]
TOTAL FM JAN 1 1109 HIGHEST SLP M ON M
DPTR FM NORMAL M LOWEST SLP M ON M
[REMARKS]
#FINAL-06-23#