000
CXUS54 KEWX 011010
CF6RYW
PRELIMINARY LOCAL CLIMATOLOGICAL DATA (WS FORM: F-6)
STATION: LAGO VISTA
MONTH: MARCH
YEAR: 2020
LATITUDE: 30 30 N
LONGITUDE: 97 58 W
TEMPERATURE IN F: :PCPN: SNOW: WIND :SUNSHINE: SKY :PK WND
================================================================================
1 2 3 4 5 6A 6B 7 8 9 10 11 12 13 14 15 16 17 18
12Z AVG MX 2MIN
DY MAX MIN AVG DEP HDD CDD WTR SNW DPTH SPD SPD DIR MIN PSBL S-S WX SPD DR
================================================================================
1 73 56 65 M 0 0 0.00 M M 10.0 15 170 M M 4 24 210
2 75 62 69 M 0 4 0.00 M M 7.0 12 180 M M 7 1 20 210
3 69 64 67 M 0 2 0.00 M M 6.0 12 200 M M 6 1 16 200
4 65 49 57 M 8 0 1.13 M M 11.7 21 60 M M 10 13 32 40
5 71 46 59 M 6 0 0.00 M M 6.6 10 360 M M 1 20 320
6 67 47 57 M 8 0 0.00 M M 8.0 13 70 M M 0 25 70
7 62 46 54 M 11 0 0.00 M M 5.5 12 140 M M 3 20 140
8 70 48 59 M 6 0 0.00 M M 8.6 14 150 M M 7 1 28 150
9 65 61 63 M 2 0 0.08 M M 7.5 15 180 M M 7 27 180
10 76 59 68 M 0 3 0.00 M M 4.4 9 210 M M 6 12 M M
11 83 64 74 M 0 9 0.00 M M 7.6 10 180 M M 6 18 210
12 83 64 74 M 0 9 0.00 M M 8.1 13 180 M M 4 20 200
13 80 65 73 M 0 8 0.00 M M 6.7 14 160 M M 9 22 160
14 80 62 71 M 0 6 0.00 M M 6.1 14 20 M M 8 1 18 160
15 61 55 58 M 7 0 0.00 M M 7.1 13 30 M M 10 1 18 30
16 72 57 65 M 0 0 0.02 M M 4.7 10 130 M M 9 12 M M
17 79 65 72 M 0 7 0.00 M M 6.5 12 160 M M 8 1 20 150
18 80 67 74 M 0 9 0.00 M M 9.0 14 150 M M 9 23 160
19 81 68 75 M 0 10 0.00 M M 6.6 10 170 M M 7 23 180
20 70 47 59 M 6 0 0.53 M M 9.1 16 40 M M 10 13 27 360
21 53 43 48 M 17 0 0.75 M M 6.8 12 80 M M 10 23 21 40
22 62 51 57 M 8 0 0.02 M M 2.1 8 50 M M 10 12 M M
23 77 62 70 M 0 5 0.00 M M 4.0 12 160 M M 10 128 17 150
24 86 65 76 M 0 11 0.00 M M 7.2 13 270 M M 3 1 21 270
25 89 62 76 M 0 11 0.00 M M 5.4 12 180 M M 0 17 180
26 84 64 74 M 0 9 0.00 M M 7.9 12 150 M M 4 1 18 150
27 85 66 76 M 0 11 0.00 M M 9.1 15 210 M M 6 24 190
28 76 60 68 M 0 3 0.00 M M 6.7 13 320 M M 4 21 290
29 76 53 65 M 0 0 0.00 M M 6.0 10 70 M M 4 8 16 90
30 68 61 65 M 0 0 0.15 M M 4.6 9 100 M M 8 12 18 100
31 71 53 62 M 3 0 0.00 M M 7.8 14 310 M M 3 1 23 10
================================================================================
SM 2289 1792 82 117 2.68 M 214.4 M 193
================================================================================
AV 73.8 57.8 6.9 FASTST M M 6 MAX(MPH)
MISC ----> # 21 60 # 32 40
================================================================================
NOTES:
# LAST OF SEVERAL OCCURRENCES
COLUMN 17 PEAK WIND IN M.P.H.
PRELIMINARY LOCAL CLIMATOLOGICAL DATA (WS FORM: F-6) , PAGE 2
STATION: LAGO VISTA
MONTH: MARCH
YEAR: 2020
LATITUDE: 30 30 N
LONGITUDE: 97 58 W
[TEMPERATURE DATA] [PRECIPITATION DATA] SYMBOLS USED IN COLUMN 16
AVERAGE MONTHLY: 65.8 TOTAL FOR MONTH: 2.68 1 = FOG OR MIST
DPTR FM NORMAL: M DPTR FM NORMAL: M 2 = FOG REDUCING VISIBILITY
HIGHEST: 89 ON 25 GRTST 24HR 1.13 ON 4- 4 TO 1/4 MILE OR LESS
LOWEST: 43 ON 21 3 = THUNDER
SNOW, ICE PELLETS, HAIL 4 = ICE PELLETS
TOTAL MONTH: M 5 = HAIL
GRTST 24HR M ON M 6 = FREEZING RAIN OR DRIZZLE
GRTST DEPTH: M ON M 7 = DUSTSTORM OR SANDSTORM:
VSBY 1/2 MILE OR LESS
8 = SMOKE OR HAZE
[NO. OF DAYS WITH] [WEATHER - DAYS WITH] 9 = BLOWING SNOW
X = TORNADO
MAX 32 OR BELOW: 0 0.01 INCH OR MORE: 7
MAX 90 OR ABOVE: 0 0.10 INCH OR MORE: 4
MIN 32 OR BELOW: 0 0.50 INCH OR MORE: 3
MIN 0 OR BELOW: 0 1.00 INCH OR MORE: 1
[HDD (BASE 65) ]
TOTAL THIS MO. 82 CLEAR (SCALE 0-3) 5
DPTR FM NORMAL M PTCLDY (SCALE 4-7) 15
TOTAL FM JUL 1 1550 CLOUDY (SCALE 8-10) 11
DPTR FM NORMAL M
[CDD (BASE 65) ]
TOTAL THIS MO. 117
DPTR FM NORMAL M [PRESSURE DATA]
TOTAL FM JAN 1 130 HIGHEST SLP M ON M
DPTR FM NORMAL M LOWEST SLP M ON M
[REMARKS]
#FINAL-03-20#