000
CXUS55 KTWC 010855
CF6SAD
PRELIMINARY LOCAL CLIMATOLOGICAL DATA (WS FORM: F-6)
STATION: SAFFORD AZ AIRPORT
MONTH: MARCH
YEAR: 2020
LATITUDE: 32 50 N
LONGITUDE: 109 38 W
TEMPERATURE IN F: :PCPN: SNOW: WIND :SUNSHINE: SKY :PK WND
================================================================================
1 2 3 4 5 6A 6B 7 8 9 10 11 12 13 14 15 16 17 18
12Z AVG MX 2MIN
DY MAX MIN AVG DEP HDD CDD WTR SNW DPTH SPD SPD DIR MIN PSBL S-S WX SPD DR
================================================================================
1 70 44 57 3 8 0 0.00 M M 5.7 22 290 M M 1 27 290
2 70 40 55 1 10 0 0.00 M M 8.4 24 210 M M 2 32 210
3 68 39 54 0 11 0 T M M 6.5 20 210 M M 4 3 27 300
4 71 36 54 0 11 0 0.00 M M 4.7 12 130 M M 0 15 120
5 75 45 60 5 5 0 0.00 M M 11.2 22 150 M M 0 27 150
6 74 47 61 6 4 0 0.00 M M 12.1 26 150 M M 0 33 150
7 80 50 65 10 0 0 0.00 M M 9.1 18 190 M M 1 26 190
8 68 45 57 2 8 0 0.08 M M 8.0 20 150 M M 5 1 23 150
9 72 39 56 1 9 0 0.00 M M 6.6 15 160 M M M 12 21 90
10 72 48 60 4 5 0 0.02 0.0 0 4.5 12 100 M M M 14 90
11 74 55 65 9 0 0 0.06 0.0 0 3.2 12 180 M M M 14 170
12 70 58 64 8 1 0 0.01 0.0 0 5.4 21 80 M M M 25 70
13 65 43 54 -2 11 0 T M M 11.1 24 320 M M 3 30 320
14 71 37 54 -2 11 0 0.00 M M 4.9 14 160 M M 1 20 170
15 78 42 60 4 5 0 0.00 M M 6.5 17 310 M M 0 21 320
16 78 38 58 1 7 0 0.00 M M 7.0 18 160 M M 0 25 160
17 78 45 62 5 3 0 0.00 M M 5.5 17 200 M M 0 25 180
18 62 44 53 -4 12 0 0.54 M M 9.9 28 180 M M 5 1 36 180
19 61 40 51 -6 14 0 T M M 6.7 17 300 M M 5 22 300
20 70 35 53 -5 12 0 0.00 M M 5.6 17 130 M M 1 24 150
21 75 47 61 3 4 0 0.00 M M 6.6 17 320 M M 0 22 320
22 72 42 57 -1 8 0 0.00 M M 3.0 10 310 M M 0 12 310
23 75 53 64 6 1 0 0.00 M M 9.8 28 310 M M 1 37 320
24 74 39 57 -1 8 0 0.00 M M 4.0 15 290 M M 0 18 290
25 81 39 60 2 5 0 0.00 M M 4.3 13 320 M M 0 16 320
26 71 53 62 3 3 0 0.00 M M 6.3 21 290 M M 4 26 290
27 57 38 48 -11 17 0 0.00 M M 16.4 33 290 M M 2 41 280
28 66 30 48 -11 17 0 0.00 M M 4.4 13 280 M M 0 17 290
29 75 40 58 -1 7 0 0.00 M M 6.3 15 320 M M 0 20 100
30 73 44 59 -1 6 0 0.00 M M 12.7 25 280 M M 0 32 280
31 78 35 57 -3 8 0 0.00 M M 5.4 16 120 M M 0 20 140
================================================================================
SM 2224 1330 231 0 0.71 0.0 221.8 M 35
================================================================================
AV 71.7 42.9 7.2 FASTST M M 1 MAX(MPH)
MISC ----> 33 290 41 280
================================================================================
NOTES:
# LAST OF SEVERAL OCCURRENCES
COLUMN 17 PEAK WIND IN M.P.H.
PRELIMINARY LOCAL CLIMATOLOGICAL DATA (WS FORM: F-6) , PAGE 2
STATION: SAFFORD AZ AIRPORT
MONTH: MARCH
YEAR: 2020
LATITUDE: 32 50 N
LONGITUDE: 109 38 W
[TEMPERATURE DATA] [PRECIPITATION DATA] SYMBOLS USED IN COLUMN 16
AVERAGE MONTHLY: 57.3 TOTAL FOR MONTH: 0.71 1 = FOG OR MIST
DPTR FM NORMAL: 0.5 DPTR FM NORMAL: 0.03 2 = FOG REDUCING VISIBILITY
HIGHEST: 81 ON 25 GRTST 24HR 0.54 ON 18-18 TO 1/4 MILE OR LESS
LOWEST: 30 ON 28 3 = THUNDER
SNOW, ICE PELLETS, HAIL 4 = ICE PELLETS
TOTAL MONTH: 0.0 INCH 5 = HAIL
GRTST 24HR 0.0 6 = FREEZING RAIN OR DRIZZLE
GRTST DEPTH: 0 7 = DUSTSTORM OR SANDSTORM:
VSBY 1/2 MILE OR LESS
8 = SMOKE OR HAZE
[NO. OF DAYS WITH] [WEATHER - DAYS WITH] 9 = BLOWING SNOW
X = TORNADO
MAX 32 OR BELOW: 0 0.01 INCH OR MORE: 5
MAX 90 OR ABOVE: 0 0.10 INCH OR MORE: 1
MIN 32 OR BELOW: 1 0.50 INCH OR MORE: 1
MIN 0 OR BELOW: 0 1.00 INCH OR MORE: 0
[HDD (BASE 65) ]
TOTAL THIS MO. 231 CLEAR (SCALE 0-3) 21
DPTR FM NORMAL -32 PTCLDY (SCALE 4-7) 6
TOTAL FM JUL 1 2076 CLOUDY (SCALE 8-10) 4
DPTR FM NORMAL -88
[CDD (BASE 65) ]
TOTAL THIS MO. 0
DPTR FM NORMAL -7 [PRESSURE DATA]
TOTAL FM JAN 1 0 HIGHEST SLP M ON M
DPTR FM NORMAL -7 LOWEST SLP 29.62 ON 2
[REMARKS]
#FINAL-03-20#