000
CXUS55 KTWC 270855
CF6SAD
PRELIMINARY LOCAL CLIMATOLOGICAL DATA (WS FORM: F-6)
STATION: SAFFORD AZ AIRPORT
MONTH: MARCH
YEAR: 2024
LATITUDE: 32 50 N
LONGITUDE: 109 38 W
TEMPERATURE IN F: :PCPN: SNOW: WIND :SUNSHINE: SKY :PK WND
================================================================================
1 2 3 4 5 6A 6B 7 8 9 10 11 12 13 14 15 16 17 18
12Z AVG MX 2MIN
DY MAX MIN AVG DEP HDD CDD WTR SNW DPTH SPD SPD DIR MIN PSBL S-S WX SPD DR
================================================================================
1 69 38 54 0 11 0 0.00 M M 2.9 9 360 M M 0 13 290
2 72 40 56 2 9 0 0.00 M M 6.5 20 290 M M 0 25 290
3 70 39 55 1 10 0 0.00 M M 9.3 21 310 M M 0 29 300
4 68 41 55 0 10 0 0.00 M M 6.6 18 300 M M 0 25 290
5 70 39 55 0 10 0 0.00 M M 3.7 13 260 M M 0 16 260
6 66 41 54 -1 11 0 0.00 M M 4.7 13 270 M M 0 16 300
7 62 36 49 -7 16 0 0.03 M M 7.3 33 280 M M 3 1 45 280
8 62 38 50 -6 15 0 0.00 M M 7.5 21 300 M M 3 27 300
9 64 34 49 -7 16 0 0.00 M M 7.3 21 70 M M 2 29 60
10 69 43 56 0 9 0 0.00 M M 8.9 16 150 M M 0 23 130
11 75 42 59 3 6 0 0.00 M M 7.4 14 320 M M 0 19 310
12 74 38 56 -1 9 0 0.00 M M 6.4 21 310 M M 0 27 310
13 70 40 55 -2 10 0 0.00 M M 11.0 32 290 M M 2 45 290
14 70 39 55 -2 10 0 0.00 M M 5.4 14 270 M M 3 20 140
15 73 42 58 1 7 0 T M M 15.3 32 180 M M 6 47 180
16 64 36 50 -8 15 0 0.00 M M 6.4 22 310 M M 3 27 310
17 65 34 50 -8 15 0 0.00 M M 6.9 20 280 M M 1 25 310
18 68 38 53 -5 12 0 0.03 M M 11.7 28 130 M M M 3 45 120
19 71 48 60 2 5 0 0.00 M M 8.9 20 300 M M M 27 310
20 70 38 54 -5 11 0 0.00 0.0 0 5.0 16 300 M M M 22 290
21 75 40 58 -1 7 0 0.00 M M 9.9 24 300 M M 0 39 280
22 78 41 60 1 5 0 0.00 M M 4.8 10 280 M M 0 16 270
23 75 49 62 3 3 0 0.00 0.0 0 6.9 20 260 M M M 26 280
24 62 38 50 -10 15 0 0.25 M M 16.2 41 290 M M 5 13 53 300
25 58 38 48 -12 17 0 0.09 M M 12.0 30 290 M M 7 1 38 300
26 55 40 48 -12 17 0 0.15 M M 7.9 23 310 M M 8 1 31 310
================================================================================
SM 1775 1030 281 0 0.55 0.0 206.8 M 43
================================================================================
AV 68.3 39.6 8.0 FASTST M M 2 MAX(MPH)
MISC ----> 41 290 53 300
================================================================================
NOTES:
# LAST OF SEVERAL OCCURRENCES
COLUMN 17 PEAK WIND IN M.P.H.
PRELIMINARY LOCAL CLIMATOLOGICAL DATA (WS FORM: F-6) , PAGE 2
STATION: SAFFORD AZ AIRPORT
MONTH: MARCH
YEAR: 2024
LATITUDE: 32 50 N
LONGITUDE: 109 38 W
[TEMPERATURE DATA] [PRECIPITATION DATA] SYMBOLS USED IN COLUMN 16
AVERAGE MONTHLY: 53.9 TOTAL FOR MONTH: 0.55 1 = FOG OR MIST
DPTR FM NORMAL: -3.1 DPTR FM NORMAL: 0.14 2 = FOG REDUCING VISIBILITY
HIGHEST: 78 ON 22 GRTST 24HR 0.34 ON 24-25 TO 1/4 MILE OR LESS
LOWEST: 34 ON 17, 9 3 = THUNDER
SNOW, ICE PELLETS, HAIL 4 = ICE PELLETS
TOTAL MONTH: 0.0 INCH 5 = HAIL
GRTST 24HR 0.0 6 = FREEZING RAIN OR DRIZZLE
GRTST DEPTH: 0 7 = DUSTSTORM OR SANDSTORM:
VSBY 1/2 MILE OR LESS
8 = SMOKE OR HAZE
[NO. OF DAYS WITH] [WEATHER - DAYS WITH] 9 = BLOWING SNOW
X = TORNADO
MAX 32 OR BELOW: 0 0.01 INCH OR MORE: 5
MAX 90 OR ABOVE: 0 0.10 INCH OR MORE: 2
MIN 32 OR BELOW: 0 0.50 INCH OR MORE: 0
MIN 0 OR BELOW: 0 1.00 INCH OR MORE: 0
[HDD (BASE 65) ]
TOTAL THIS MO. 281 CLEAR (SCALE 0-3) 17
DPTR FM NORMAL 69 PTCLDY (SCALE 4-7) 5
TOTAL FM JUL 1 1988 CLOUDY (SCALE 8-10) 4
DPTR FM NORMAL -72
[CDD (BASE 65) ]
TOTAL THIS MO. 0
DPTR FM NORMAL 0 [PRESSURE DATA]
TOTAL FM JAN 1 0 HIGHEST SLP M ON M
DPTR FM NORMAL 0 LOWEST SLP 29.40 ON 24
[REMARKS]