708
CXUS54 KEWX 011344
CF6SAT
PRELIMINARY LOCAL CLIMATOLOGICAL DATA (WS FORM: F-6)
STATION: SAN ANTONIO
MONTH: SEPTEMBER
YEAR: 2020
LATITUDE: 29 31 N
LONGITUDE: 98 28 W
TEMPERATURE IN F: :PCPN: SNOW: WIND :SUNSHINE: SKY :PK WND
================================================================================
1 2 3 4 5 6A 6B 7 8 9 10 11 12 13 14 15 16 17 18
12Z AVG MX 2MIN
DY MAX MIN AVG DEP HDD CDD WTR SNW DPTH SPD SPD DIR MIN PSBL S-S WX SPD DR
================================================================================
1 100 78 89 5 0 24 T 0.0 0 13.4 25 150 M M 8 32 140
2 95 78 87 4 0 22 T 0.0 0 9.8 21 170 M M 8 28 160
3 99 75 87 4 0 22 0.18 0.0 0 9.7 29 340 M M 8 3 39 340
4 85 74 80 -3 0 15 T 0.0 0 6.4 18 90 M M 9 3 25 100
5 93 75 84 1 0 19 T 0.0 0 6.9 17 100 M M 8 23 110
6 95 74 85 3 0 20 0.00 0.0 0 4.7 17 210 M M 7 22 210
7 94 73 84 2 0 19 0.00 0.0 0 6.6 21 150 M M 5 26 140
8 94 73 84 2 0 19 0.52 0.0 0 11.5 30 160 M M 8 3 41 160
9 87 60 74 -8 0 9 1.14 0.0 0 11.6 23 180 M M 10 13 30 170
10 72 57 65 -16 0 0 0.60 0.0 0 10.1 20 330 M M 10 1 27 320
11 89 63 76 -5 0 11 0.00 0.0 0 7.3 14 350 M M 7 18 360
12 93 69 81 0 0 16 0.00 0.0 0 3.7 10 40 M M 4 16 90
13 95 75 85 5 0 20 0.00 0.0 0 8.2 17 20 M M 2 26 10
14 93 75 84 4 0 19 0.00 0.0 0 11.0 18 40 M M 4 25 10
15 92 75 84 4 0 19 0.00 0.0 0 8.1 14 50 M M 4 23 360
16 93 74 84 4 0 19 T 0.0 0 4.8 17 350 M M 6 22 350
17 90 73 82 3 0 17 0.06 0.0 0 8.9 26 20 M M 8 3 34 10
18 89 72 81 2 0 16 0.00 0.0 0 9.9 18 20 M M 4 27 360
19 86 67 77 -2 0 12 0.00 0.0 0 8.1 18 360 M M 2 26 360
20 87 62 75 -3 0 10 0.01 0.0 0 10.2 18 10 M M 3 25 10
21 75 68 72 -6 0 7 0.58 0.0 0 12.7 21 10 M M 10 1 30 40
22 82 69 76 -2 0 11 T 0.0 0 13.8 22 350 M M 9 31 360
23 83 67 75 -3 0 10 0.00 0.0 0 7.8 16 360 M M 6 22 350
24 86 62 74 -3 0 9 0.00 0.0 0 5.1 12 10 M M 2 16 340
25 88 62 75 -2 0 10 0.00 0.0 0 5.1 16 160 M M 3 21 170
26 91 70 81 4 0 16 T 0.0 0 8.6 18 150 M M 5 25 150
27 93 76 85 9 0 20 0.00 0.0 0 12.2 18 180 M M 6 25 180
28 80 65 73 -3 0 8 T 0.0 0 15.2 30 360 M M 8 45 30
29 84 53 69 -7 0 4 0.00 0.0 0 6.6 15 10 M M 1 22 30
30 87 51 69 -7 0 4 0.00 0.0 0 5.5 15 190 M M 0 22 200
================================================================================
SM 2670 2065 0 427 3.09 0.0 263.5 M 175
================================================================================
AV 89.0 68.8 8.8 FASTST M M 6 MAX(MPH)
MISC ----> # 30 160 # 45 30
================================================================================
NOTES:
# LAST OF SEVERAL OCCURRENCES
COLUMN 17 PEAK WIND IN M.P.H.
PRELIMINARY LOCAL CLIMATOLOGICAL DATA (WS FORM: F-6) , PAGE 2
STATION: SAN ANTONIO
MONTH: SEPTEMBER
YEAR: 2020
LATITUDE: 29 31 N
LONGITUDE: 98 28 W
[TEMPERATURE DATA] [PRECIPITATION DATA] SYMBOLS USED IN COLUMN 16
AVERAGE MONTHLY: 78.9 TOTAL FOR MONTH: 3.09 1 = FOG OR MIST
DPTR FM NORMAL: -0.8 DPTR FM NORMAL: 0.06 2 = FOG REDUCING VISIBILITY
HIGHEST: 100 ON 1 GRTST 24HR 1.14 ON 9- 9 TO 1/4 MILE OR LESS
LOWEST: 51 ON 30 3 = THUNDER
SNOW, ICE PELLETS, HAIL 4 = ICE PELLETS
TOTAL MONTH: 0.0 INCH 5 = HAIL
GRTST 24HR 0.0 6 = FREEZING RAIN OR DRIZZLE
GRTST DEPTH: 0 7 = DUSTSTORM OR SANDSTORM:
VSBY 1/2 MILE OR LESS
8 = SMOKE OR HAZE
[NO. OF DAYS WITH] [WEATHER - DAYS WITH] 9 = BLOWING SNOW
X = TORNADO
MAX 32 OR BELOW: 0 0.01 INCH OR MORE: 7
MAX 90 OR ABOVE: 15 0.10 INCH OR MORE: 5
MIN 32 OR BELOW: 0 0.50 INCH OR MORE: 4
MIN 0 OR BELOW: 0 1.00 INCH OR MORE: 1
[HDD (BASE 65) ]
TOTAL THIS MO. 0 CLEAR (SCALE 0-3) 7
DPTR FM NORMAL -2 PTCLDY (SCALE 4-7) 18
TOTAL FM JUL 1 0 CLOUDY (SCALE 8-10) 5
DPTR FM NORMAL -2
[CDD (BASE 65) ]
TOTAL THIS MO. 427
DPTR FM NORMAL -16 [PRESSURE DATA]
TOTAL FM JAN 1 3262 HIGHEST SLP 30.23 ON 29
DPTR FM NORMAL 428 LOWEST SLP 29.64 ON 27
[REMARKS]
#FINAL-09-20#