000
CXUS52 KCHS 010815
CF6SAV
PRELIMINARY LOCAL CLIMATOLOGICAL DATA (WS FORM: F-6)
STATION: SAVANNAH GA
MONTH: APRIL
YEAR: 2023
LATITUDE: 32 7 N
LONGITUDE: 81 12 W
TEMPERATURE IN F: :PCPN: SNOW: WIND :SUNSHINE: SKY :PK WND
================================================================================
1 2 3 4 5 6A 6B 7 8 9 10 11 12 13 14 15 16 17 18
12Z AVG MX 2MIN
DY MAX MIN AVG DEP HDD CDD WTR SNW DPTH SPD SPD DIR MIN PSBL S-S WX SPD DR
================================================================================
1 84 66 75 12 0 10 T 0.0 0 13.2 28 230 M M 6 36 240
2 81 56 69 5 0 4 0.00 0.0 0 6.1 16 250 M M 5 21 260
3 77 54 66 2 0 1 0.11 0.0 0 5.0 16 170 M M 7 1 20 150
4 84 61 73 9 0 8 0.00 0.0 0 2.9 14 170 M M 6 12 17 170
5 88 63 76 12 0 11 0.00 0.0 0 7.6 18 160 M M 5 12 23 160
6 86 68 77 13 0 12 0.00 0.0 0 7.5 17 140 M M 5 1 21 170
7 87 57 72 7 0 7 0.12 0.0 0 8.1 22 350 M M 6 13 28 10
8 58 48 53 -12 12 0 0.40 0.0 0 10.3 18 10 M M 10 1 24 360
9 63 47 55 -10 10 0 0.13 0.0 0 12.6 20 10 M M 9 18 29 10
10 71 48 60 -5 5 0 T 0.0 0 11.3 18 30 M M 7 24 30
11 76 50 63 -3 2 0 0.00 0.0 0 8.5 15 50 M M 3 19 60
12 79 47 63 -3 2 0 0.00 0.0 0 6.7 16 100 M M 4 1 26 120
13 75 59 67 1 0 2 0.57 0.0 0 8.8 24 100 M M 7 13 29 120
14 83 63 73 7 0 8 T 0.0 0 4.9 16 140 M M 5 13 20 220
15 85 62 74 8 0 9 0.00 0.0 0 6.3 14 170 M M 4 1 20 300
16 86 67 77 10 0 12 T 0.0 0 8.4 17 230 M M 7 22 210
17 76 54 65 -2 0 0 0.00 0.0 0 11.7 21 280 M M 5 29 270
18 79 47 63 -4 2 0 0.00 0.0 0 5.8 15 160 M M 1 18 150
19 87 52 70 2 0 5 0.00 0.0 0 5.0 14 170 M M 1 19 170
20 84 53 69 1 0 4 0.00 0.0 0 5.3 16 140 M M 1 23 160
21 81 57 69 1 0 4 0.00 0.0 0 7.9 18 140 M M 5 12 24 160
22 85 58 72 4 0 7 0.22 0.0 0 8.6 22 250 M M 4 3 27 240
23 78 49 64 -4 1 0 0.00 0.0 0 5.4 14 170 M M 2 19 170
24 78 56 67 -2 0 2 0.00 0.0 0 4.7 12 150 M M 7 13 150
25 77 60 69 0 0 4 0.02 0.0 0 9.0 20 120 M M 8 26 110
26 79 59 69 0 0 4 0.30 0.0 0 8.1 21 120 M M 6 3 23 120
27 78 63 71 1 0 6 0.69 0.0 0 9.7 25 130 M M 9 13 32 130
28 84 65 75 5 0 10 T 0.0 0 7.4 16 260 M M 7 22 260
29 85 67 76 6 0 11 0.44 0.0 0 6.7 24 190 M M 7 123 28 190
30 77 65 71 1 0 6 0.23 0.0 0 15.2 35 250 M M 6 1 49 260
================================================================================
SM 2391 1721 34 147 3.23 0.0 238.7 M 165
================================================================================
AV 79.7 57.4 8.0 FASTST M M 6 MAX(MPH)
MISC ----> 35 250 49 260
================================================================================
NOTES:
# LAST OF SEVERAL OCCURRENCES
COLUMN 17 PEAK WIND IN M.P.H.
PRELIMINARY LOCAL CLIMATOLOGICAL DATA (WS FORM: F-6) , PAGE 2
STATION: SAVANNAH GA
MONTH: APRIL
YEAR: 2023
LATITUDE: 32 7 N
LONGITUDE: 81 12 W
[TEMPERATURE DATA] [PRECIPITATION DATA] SYMBOLS USED IN COLUMN 16
AVERAGE MONTHLY: 68.5 TOTAL FOR MONTH: 3.23 1 = FOG OR MIST
DPTR FM NORMAL: 1.8 DPTR FM NORMAL: -0.16 2 = FOG REDUCING VISIBILITY
HIGHEST: 88 ON 5 GRTST 24HR 0.69 ON 27-27 TO 1/4 MILE OR LESS
LOWEST: 47 ON 18,12 3 = THUNDER
SNOW, ICE PELLETS, HAIL 4 = ICE PELLETS
TOTAL MONTH: 0.0 INCH 5 = HAIL
GRTST 24HR 0.0 6 = FREEZING RAIN OR DRIZZLE
GRTST DEPTH: 0 7 = DUSTSTORM OR SANDSTORM:
VSBY 1/2 MILE OR LESS
8 = SMOKE OR HAZE
[NO. OF DAYS WITH] [WEATHER - DAYS WITH] 9 = BLOWING SNOW
X = TORNADO
MAX 32 OR BELOW: 0 0.01 INCH OR MORE: 11
MAX 90 OR ABOVE: 0 0.10 INCH OR MORE: 10
MIN 32 OR BELOW: 0 0.50 INCH OR MORE: 2
MIN 0 OR BELOW: 0 1.00 INCH OR MORE: 0
[HDD (BASE 65) ]
TOTAL THIS MO. 34 CLEAR (SCALE 0-3) 4
DPTR FM NORMAL -29 PTCLDY (SCALE 4-7) 23
TOTAL FM JUL 1 1199 CLOUDY (SCALE 8-10) 3
DPTR FM NORMAL -471
[CDD (BASE 65) ]
TOTAL THIS MO. 147
DPTR FM NORMAL 33 [PRESSURE DATA]
TOTAL FM JAN 1 330 HIGHEST SLP 30.35 ON 10
DPTR FM NORMAL 156 LOWEST SLP 29.44 ON 30
[REMARKS]
#FINAL-04-23#