000
CXUS56 KLOX 011155
CF6SBA
PRELIMINARY LOCAL CLIMATOLOGICAL DATA (WS FORM: F-6)
STATION: SANTA BARBARA AIRPORT CA
MONTH: APRIL
YEAR: 2023
LATITUDE: 34 25 N
LONGITUDE: 119 50 W
TEMPERATURE IN F: :PCPN: SNOW: WIND :SUNSHINE: SKY :PK WND
================================================================================
1 2 3 4 5 6A 6B 7 8 9 10 11 12 13 14 15 16 17 18
12Z AVG MX 2MIN
DY MAX MIN AVG DEP HDD CDD WTR SNW DPTH SPD SPD DIR MIN PSBL S-S WX SPD DR
================================================================================
1 67 42 55 -2 10 0 0.00 M M 3.8 12 80 M M 0 14 80
2 68 46 57 0 8 0 0.00 M M 3.4 14 320 M M 0 8 16 320
3 63 48 56 -1 9 0 0.00 M M 15.7 29 310 M M 0 46 300
4 64 42 53 -4 12 0 0.00 M M 10.3 24 240 M M 0 33 230
5 64 42 53 -4 12 0 0.00 M M 5.7 16 260 M M 0 19 260
6 70 42 56 -1 9 0 0.00 M M 4.5 15 250 M M 0 18 260
7 66 51 59 2 6 0 0.00 M M 4.7 13 240 M M 0 15 270
8 65 48 57 0 8 0 T M M 5.2 16 260 M M 1 1 22 250
9 62 50 56 -1 9 0 0.00 M M 3.9 13 250 M M 6 128 16 260
10 64 52 58 0 7 0 0.00 M M 6.4 14 260 M M 7 128 17 230
11 60 53 57 -1 8 0 0.00 M M 4.0 9 140 M M 9 128 12 160
12 62 47 55 -3 10 0 0.00 M M 4.6 12 70 M M 8 18 15 70
13 63 44 54 -4 11 0 0.00 M M 5.4 16 130 M M 2 19 130
14 63 45 54 -4 11 0 0.00 M M 4.3 10 240 M M 4 14 140
15 65 46 56 -2 9 0 0.00 M M 4.7 13 240 M M 0 16 260
16 65 49 57 -1 8 0 0.00 M M 5.5 12 160 M M 4 18 15 140
17 62 47 55 -3 10 0 0.00 M M 5.3 13 120 M M 5 1 16 110
18 68 45 57 -1 8 0 0.00 M M 7.4 24 260 M M 1 32 260
19 68 47 58 0 7 0 0.00 M M 8.9 18 30 M M 0 24 10
20 76 46 61 3 4 0 0.00 M M 3.3 10 250 M M 0 18 13 260
21 81 48 65 7 0 0 0.00 M M 4.4 15 250 M M 0 18 250
22 77 52 65 7 0 0 0.00 M M 4.1 20 20 M M 0 24 20
23 67 52 60 2 5 0 0.00 M M 5.5 12 150 M M 0 18 15 160
24 64 52 58 -1 7 0 0.00 M M 5.3 10 140 M M 2 18 14 120
25 66 53 60 1 5 0 0.00 M M 5.9 14 270 M M 6 18 16 260
26 60 53 57 -2 8 0 0.00 M M 4.7 14 260 M M 9 12 17 270
27 62 52 57 -2 8 0 0.00 M M 5.8 13 260 M M 9 12 18 250
28 62 52 57 -2 8 0 0.00 M M 5.0 13 250 M M 9 18 16 250
29 63 53 58 -1 7 0 0.00 M M 5.9 16 80 M M 8 18 20 80
30 64 53 59 0 6 0 0.00 M M 4.6 12 120 M M 6 1 16 230
================================================================================
SM 1971 1452 230 0 T M 168.2 M 96
================================================================================
AV 65.7 48.4 5.6 FASTST M M 3 MAX(MPH)
MISC ----> 29 310 46 300
================================================================================
NOTES:
# LAST OF SEVERAL OCCURRENCES
COLUMN 17 PEAK WIND IN M.P.H.
PRELIMINARY LOCAL CLIMATOLOGICAL DATA (WS FORM: F-6) , PAGE 2
STATION: SANTA BARBARA AIRPORT CA
MONTH: APRIL
YEAR: 2023
LATITUDE: 34 25 N
LONGITUDE: 119 50 W
[TEMPERATURE DATA] [PRECIPITATION DATA] SYMBOLS USED IN COLUMN 16
AVERAGE MONTHLY: 57.1 TOTAL FOR MONTH: T 1 = FOG OR MIST
DPTR FM NORMAL: -1.0 DPTR FM NORMAL: -0.91 2 = FOG REDUCING VISIBILITY
HIGHEST: 81 ON 21 GRTST 24HR T ON 8- 8 TO 1/4 MILE OR LESS
LOWEST: 42 ON 6, 5 3 = THUNDER
SNOW, ICE PELLETS, HAIL 4 = ICE PELLETS
TOTAL MONTH: M 5 = HAIL
GRTST 24HR M ON M 6 = FREEZING RAIN OR DRIZZLE
GRTST DEPTH: M ON M 7 = DUSTSTORM OR SANDSTORM:
VSBY 1/2 MILE OR LESS
8 = SMOKE OR HAZE
[NO. OF DAYS WITH] [WEATHER - DAYS WITH] 9 = BLOWING SNOW
X = TORNADO
MAX 32 OR BELOW: 0 0.01 INCH OR MORE: 0
MAX 90 OR ABOVE: 0 0.10 INCH OR MORE: 0
MIN 32 OR BELOW: 0 0.50 INCH OR MORE: 0
MIN 0 OR BELOW: 0 1.00 INCH OR MORE: 0
[HDD (BASE 65) ]
TOTAL THIS MO. 230 CLEAR (SCALE 0-3) 17
DPTR FM NORMAL 13 PTCLDY (SCALE 4-7) 9
TOTAL FM JUL 1 2059 CLOUDY (SCALE 8-10) 4
DPTR FM NORMAL 14
[CDD (BASE 65) ]
TOTAL THIS MO. 0
DPTR FM NORMAL -6 [PRESSURE DATA]
TOTAL FM JAN 1 0 HIGHEST SLP 30.17 ON 20
DPTR FM NORMAL -8 LOWEST SLP 29.75 ON 23
[REMARKS]
#FINAL-04-23#