000
CXUS56 KLOX 011255
CF6SBP
PRELIMINARY LOCAL CLIMATOLOGICAL DATA (WS FORM: F-6)
STATION: SAN LUIS OBISPO AIRPORT CA
MONTH: FEBRUARY
YEAR: 2022
LATITUDE: 35 13 N
LONGITUDE: 120 38 W
TEMPERATURE IN F: :PCPN: SNOW: WIND :SUNSHINE: SKY :PK WND
================================================================================
1 2 3 4 5 6A 6B 7 8 9 10 11 12 13 14 15 16 17 18
12Z AVG MX 2MIN
DY MAX MIN AVG DEP HDD CDD WTR SNW DPTH SPD SPD DIR MIN PSBL S-S WX SPD DR
================================================================================
1 65 47 56 3 9 0 0.00 M M 9.2 20 40 M M 0 27 330
2 66 35 51 -2 14 0 0.00 M M 6.7 21 320 M M 0 26 360
3 68 37 53 0 12 0 0.00 M M 4.7 18 310 M M 1 12 22 300
4 70 36 53 0 12 0 0.00 M M 5.6 25 310 M M 1 12 29 310
5 76 41 59 6 6 0 0.00 M M 4.2 14 10 M M 0 18 50
6 76 36 56 3 9 0 0.00 M M 4.4 18 320 M M 0 22 320
7 75 36 56 3 9 0 0.00 M M 2.9 14 300 M M 0 16 300
8 83 34 59 6 6 0 0.00 M M 2.6 16 360 M M 0 23 350
9 86 46 66 12 0 1 0.00 M M 5.6 17 330 M M 0 23 320
10 86 43 65 11 0 0 0.00 M M 3.0 15 210 M M 0 17 210
11 86 41 64 10 1 0 0.00 M M 3.0 20 310 M M 0 23 310
12 83 44 64 10 1 0 0.00 M M 3.7 13 300 M M 0 15 300
13 80 42 61 7 4 0 0.00 M M 2.7 13 300 M M 1 12 15 300
14 62 48 55 1 10 0 0.00 M M 7.2 20 310 M M 7 12 23 300
15 59 45 52 -2 13 0 0.00 M M 8.7 24 300 M M 5 30 300
16 67 34 51 -3 14 0 0.00 M M 6.7 21 310 M M 0 23 310
17 70 36 53 -1 12 0 0.00 M M 5.5 18 310 M M 0 24 300
18 70 36 53 -1 12 0 0.00 M M 3.2 13 310 M M 0 14 310
19 67 35 51 -3 14 0 0.00 M M 3.6 17 310 M M 4 12 21 300
20 63 38 51 -3 14 0 0.00 M M 5.5 15 310 M M 6 12 18 300
21 62 43 53 -1 12 0 0.00 M M 8.4 23 300 M M 4 29 300
22 55 39 47 -7 18 0 0.03 M M 7.4 25 300 M M 6 1 31 300
23 57 32 45 -9 20 0 0.00 M M 6.4 22 300 M M 2 32 360
24 61 29 45 -9 20 0 0.00 M M 7.6 24 320 M M 0 29 310
25 67 36 52 -2 13 0 0.00 M M 6.3 28 310 M M 0 32 290
26 68 35 52 -2 13 0 0.00 M M 4.8 21 300 M M 0 24 300
27 76 38 57 3 8 0 0.00 M M 4.5 18 30 M M 0 26 20
28 83 57 70 16 0 5 0.00 M M 9.0 24 30 M M 0 8 35 20
================================================================================
SM 1987 1099 276 6 0.03 M 153.1 M 37
================================================================================
AV 71.0 39.3 5.5 FASTST M M 1 MAX(MPH)
MISC ----> 28 310 35 20
================================================================================
NOTES:
# LAST OF SEVERAL OCCURRENCES
COLUMN 17 PEAK WIND IN M.P.H.
PRELIMINARY LOCAL CLIMATOLOGICAL DATA (WS FORM: F-6) , PAGE 2
STATION: SAN LUIS OBISPO AIRPORT CA
MONTH: FEBRUARY
YEAR: 2022
LATITUDE: 35 13 N
LONGITUDE: 120 38 W
[TEMPERATURE DATA] [PRECIPITATION DATA] SYMBOLS USED IN COLUMN 16
AVERAGE MONTHLY: 55.1 TOTAL FOR MONTH: 0.03 1 = FOG OR MIST
DPTR FM NORMAL: 1.3 DPTR FM NORMAL: -3.51 2 = FOG REDUCING VISIBILITY
HIGHEST: 86 ON 11,10 GRTST 24HR 0.03 ON 22-22 TO 1/4 MILE OR LESS
LOWEST: 29 ON 24 3 = THUNDER
SNOW, ICE PELLETS, HAIL 4 = ICE PELLETS
TOTAL MONTH: M 5 = HAIL
GRTST 24HR M ON M 6 = FREEZING RAIN OR DRIZZLE
GRTST DEPTH: M ON M 7 = DUSTSTORM OR SANDSTORM:
VSBY 1/2 MILE OR LESS
8 = SMOKE OR HAZE
[NO. OF DAYS WITH] [WEATHER - DAYS WITH] 9 = BLOWING SNOW
X = TORNADO
MAX 32 OR BELOW: 0 0.01 INCH OR MORE: 1
MAX 90 OR ABOVE: 0 0.10 INCH OR MORE: 0
MIN 32 OR BELOW: 2 0.50 INCH OR MORE: 0
MIN 0 OR BELOW: 0 1.00 INCH OR MORE: 0
[HDD (BASE 65) ]
TOTAL THIS MO. 276 CLEAR (SCALE 0-3) 22
DPTR FM NORMAL -40 PTCLDY (SCALE 4-7) 6
TOTAL FM JUL 1 1142 CLOUDY (SCALE 8-10) 0
DPTR FM NORMAL -344
[CDD (BASE 65) ]
TOTAL THIS MO. 6
DPTR FM NORMAL 4 [PRESSURE DATA]
TOTAL FM JAN 1 6 HIGHEST SLP 30.41 ON 4
DPTR FM NORMAL 6 LOWEST SLP 29.84 ON 15
[REMARKS]
#FINAL-02-22#