000
CXUS51 KAKQ 010810
CF6SBY
PRELIMINARY LOCAL CLIMATOLOGICAL DATA (WS FORM: F-6)
STATION: SALISBURY MD
MONTH: DECEMBER
YEAR: 2022
LATITUDE: 38 20 N
LONGITUDE: 75 30 W
TEMPERATURE IN F: :PCPN: SNOW: WIND :SUNSHINE: SKY :PK WND
================================================================================
1 2 3 4 5 6A 6B 7 8 9 10 11 12 13 14 15 16 17 18
12Z AVG MX 2MIN
DY MAX MIN AVG DEP HDD CDD WTR SNW DPTH SPD SPD DIR MIN PSBL S-S WX SPD DR
================================================================================
1 45 26 36 -8 29 0 0.00 0.0 0 8.1 23 320 M M 0 32 310
2 52 23 38 -6 27 0 0.00 0.0 0 3.7 13 180 M M 0 18 160
3 61 47 54 11 11 0 0.43 0.0 0 12.7 25 210 M M 8 1 34 210
4 48 26 37 -6 28 0 0.00 0.0 0 4.2 15 340 M M 0 21 350
5 52 24 38 -5 27 0 0.00 0.0 0 2.3 13 100 M M 0 15 100
6 63 36 50 7 15 0 0.19 0.0 0 6.9 14 160 M M 10 1 20 160
7 63 59 61 19 4 0 0.03 0.0 0 8.0 16 200 M M 10 1 20 220
8 59 46 53 11 12 0 0.00 0.0 0 8.0 16 360 M M 3 1 22 360
9 50 29 40 -2 25 0 0.00 0.0 0 5.3 14 20 M M 1 20 20
10 52 28 40 -2 25 0 0.00 0.0 0 5.6 13 60 M M 4 17 20
11 52 40 46 4 19 0 T 0.0 0 4.9 15 320 M M 10 20 320
12 45 36 41 0 24 0 0.00 0.0 0 8.4 17 360 M M 7 22 360
13 44 24 34 -7 31 0 0.00 0.0 0 5.9 13 330 M M 2 16 320
14 43 22 33 -8 32 0 0.00 0.0 0 3.4 13 330 M M 0 16 340
15 57 34 46 5 19 0 2.24 0.0 0 10.9 32 110 M M 10 1 39 120
16 56 40 48 8 17 0 0.00 0.0 0 12.2 22 280 M M 7 1 31 270
17 49 29 39 -1 26 0 0.00 0.0 0 5.2 20 260 M M 2 1 23 250
18 45 30 38 -2 27 0 0.00 0.0 0 6.0 22 320 M M 5 28 320
19 42 27 35 -5 30 0 0.00 0.0 0 6.7 17 330 M M 0 23 320
20 42 25 34 -6 31 0 0.00 0.0 0 5.3 16 320 M M 0 20 320
21 46 23 35 -5 30 0 0.00 0.0 0 2.1 9 60 M M 0 11 60
22 60 29 45 6 20 0 0.83 0.0 0 9.2 23 140 M M 8 1 33 150
23 60 18 39 0 26 0 0.09 0.0 0 19.4 33 270 M M 8 1 46 270
24 21 14 18 -21 47 0 T T 0 11.3 23 290 M M 2 31 260
25 34 12 23 -16 42 0 0.00 0.0 0 3.5 13 260 M M 0 19 260
26 35 13 24 -15 41 0 0.00 0.0 0 2.3 9 210 M M 0 12 330
27 45 23 34 -4 31 0 0.00 0.0 0 0.8 9 330 M M 3 12 330
28 52 21 37 -1 28 0 0.00 0.0 0 3.6 12 250 M M 0 15 250
29 58 25 42 4 23 0 0.00 0.0 0 4.7 17 240 M M 0 23 250
30 67 28 48 10 17 0 0.00 0.0 0 5.7 16 210 M M 0 1 25 220
31 63 53 58 20 7 0 0.99 0.0 0 6.2 14 260 M M 10 1 18 270
================================================================================
SM 1561 910 771 0 4.80 T 202.5 M 110
================================================================================
AV 50.4 29.4 6.5 FASTST M M 4 MAX(MPH)
MISC ----> 33 270 46 270
================================================================================
NOTES:
# LAST OF SEVERAL OCCURRENCES
COLUMN 17 PEAK WIND IN M.P.H.
PRELIMINARY LOCAL CLIMATOLOGICAL DATA (WS FORM: F-6) , PAGE 2
STATION: SALISBURY MD
MONTH: DECEMBER
YEAR: 2022
LATITUDE: 38 20 N
LONGITUDE: 75 30 W
[TEMPERATURE DATA] [PRECIPITATION DATA] SYMBOLS USED IN COLUMN 16
AVERAGE MONTHLY: 39.9 TOTAL FOR MONTH: 4.80 1 = FOG OR MIST
DPTR FM NORMAL: -0.7 DPTR FM NORMAL: 1.21 2 = FOG REDUCING VISIBILITY
HIGHEST: 67 ON 30 GRTST 24HR 2.24 ON 15-15 TO 1/4 MILE OR LESS
LOWEST: 12 ON 25 3 = THUNDER
SNOW, ICE PELLETS, HAIL 4 = ICE PELLETS
TOTAL MONTH: T 5 = HAIL
GRTST 24HR T ON 24-24 6 = FREEZING RAIN OR DRIZZLE
GRTST DEPTH: 0 7 = DUSTSTORM OR SANDSTORM:
VSBY 1/2 MILE OR LESS
8 = SMOKE OR HAZE
[NO. OF DAYS WITH] [WEATHER - DAYS WITH] 9 = BLOWING SNOW
X = TORNADO
MAX 32 OR BELOW: 1 0.01 INCH OR MORE: 7
MAX 90 OR ABOVE: 0 0.10 INCH OR MORE: 5
MIN 32 OR BELOW: 22 0.50 INCH OR MORE: 3
MIN 0 OR BELOW: 0 1.00 INCH OR MORE: 1
[HDD (BASE 65) ]
TOTAL THIS MO. 771 CLEAR (SCALE 0-3) 18
DPTR FM NORMAL 14 PTCLDY (SCALE 4-7) 7
TOTAL FM JUL 1 1465 CLOUDY (SCALE 8-10) 6
DPTR FM NORMAL -62
[CDD (BASE 65) ]
TOTAL THIS MO. 0
DPTR FM NORMAL 0 [PRESSURE DATA]
TOTAL FM JAN 1 1490 HIGHEST SLP 30.60 ON 2
DPTR FM NORMAL 190 LOWEST SLP 29.22 ON 23
[REMARKS]
#FINAL-12-22#