000
CXUS53 KLMK 010710
CF6SDF
PRELIMINARY LOCAL CLIMATOLOGICAL DATA (WS FORM: F-6)
STATION: LOUISVILLE KY
MONTH: APRIL
YEAR: 2021
LATITUDE: 38 10 N
LONGITUDE: 85 44 W
TEMPERATURE IN F: :PCPN: SNOW: WIND :SUNSHINE: SKY :PK WND
================================================================================
1 2 3 4 5 6A 6B 7 8 9 10 11 12 13 14 15 16 17 18
12Z AVG MX 2MIN
DY MAX MIN AVG DEP HDD CDD WTR SNW DPTH SPD SPD DIR MIN PSBL S-S WX SPD DR
================================================================================
1 47 32 40 -13 25 0 0.00 0.0 0 12.1 22 320 M M 3 29 320
2 51 28 40 -14 25 0 0.00 0.0 0 5.1 10 70 M M 0 16 20
3 66 33 50 -4 15 0 0.00 0.0 0 6.9 15 190 M M 2 22 170
4 77 43 60 6 5 0 0.00 0.0 0 6.1 14 280 M M 1 20 270
5 79 49 64 9 1 0 0.00 0.0 0 6.5 18 260 M M 4 25 260
6 81 53 67 12 0 2 0.00 0.0 0 6.7 18 260 M M 5 23 260
7 83 59 71 16 0 6 0.37 0.0 0 8.2 25 250 M M 6 13 32 240
8 74 61 68 12 0 3 0.05 0.0 0 13.1 26 170 M M 9 37 170
9 84 56 70 14 0 5 0.00 0.0 0 11.6 23 210 M M 5 35 240
10 73 59 66 10 0 1 0.90 0.0 0 10.9 21 130 M M 8 1 28 130
11 59 50 55 -2 10 0 0.11 0.0 0 10.0 22 250 M M 8 38 190
12 72 47 60 3 5 0 0.00 0.0 0 9.2 23 280 M M 3 35 280
13 70 53 62 5 3 0 T 0.0 0 5.7 12 320 M M 9 16 330
14 60 50 55 -3 10 0 0.14 0.0 0 5.5 14 360 M M 8 1 24 20
15 60 43 52 -6 13 0 0.00 0.0 0 8.3 17 330 M M 4 8 25 320
16 66 41 54 -4 11 0 0.00 0.0 0 1.8 9 70 M M 4 12 80
17 59 49 54 -5 11 0 T 0.0 0 3.1 13 350 M M 8 16 360
18 67 41 54 -5 11 0 T 0.0 0 4.3 16 310 M M 6 1 22 310
19 70 47 59 0 6 0 0.00 0.0 0 7.2 22 250 M M 3 28 250
20 72 33 53 -7 12 0 0.27 0.4 0 10.1 25 350 M M 6 14 32 350
21 50 33 42 -18 23 0 0.14 1.4 1 7.0 20 320 M M 6 30 300
22 58 37 48 -12 17 0 0.00 0.0 0 6.1 18 250 M M 4 27 260
23 63 39 51 -9 14 0 0.00 0.0 0 7.2 18 240 M M 9 27 240
24 55 52 54 -7 11 0 0.35 0.0 0 7.0 15 40 M M 10 1 22 50
25 68 48 58 -3 7 0 0.00 0.0 0 4.6 14 20 M M 6 18 17 20
26 79 46 63 2 2 0 0.00 0.0 0 6.5 20 170 M M 4 26 190
27 84 65 75 13 0 10 0.00 0.0 0 12.5 24 230 M M 7 35 240
28 80 68 74 12 0 9 1.14 0.0 0 8.7 22 190 M M 10 13 39 190
29 72 58 65 3 0 0 0.53 0.0 0 10.3 24 170 M M 9 1 32 170
30 76 52 64 1 1 0 0.00 0.0 0 10.6 30 330 M M 1 42 320
================================================================================
SM 2055 1425 238 36 4.00 1.8 232.9 M 168
================================================================================
AV 68.5 47.5 7.8 FASTST M M 6 MAX(MPH)
MISC ----> 30 330 42 320
================================================================================
NOTES:
# LAST OF SEVERAL OCCURRENCES
COLUMN 17 PEAK WIND IN M.P.H.
PRELIMINARY LOCAL CLIMATOLOGICAL DATA (WS FORM: F-6) , PAGE 2
STATION: LOUISVILLE KY
MONTH: APRIL
YEAR: 2021
LATITUDE: 38 10 N
LONGITUDE: 85 44 W
[TEMPERATURE DATA] [PRECIPITATION DATA] SYMBOLS USED IN COLUMN 16
AVERAGE MONTHLY: 58.0 TOTAL FOR MONTH: 4.00 1 = FOG OR MIST
DPTR FM NORMAL: 0.0 DPTR FM NORMAL: -0.01 2 = FOG REDUCING VISIBILITY
HIGHEST: 84 ON 27, 9 GRTST 24HR 1.66 ON 28-29 TO 1/4 MILE OR LESS
LOWEST: 28 ON 2 3 = THUNDER
SNOW, ICE PELLETS, HAIL 4 = ICE PELLETS
TOTAL MONTH: 1.8 INCHES 5 = HAIL
GRTST 24HR 1.4 ON 21-21 6 = FREEZING RAIN OR DRIZZLE
GRTST DEPTH: 1 ON 21 7 = DUSTSTORM OR SANDSTORM:
VSBY 1/2 MILE OR LESS
8 = SMOKE OR HAZE
[NO. OF DAYS WITH] [WEATHER - DAYS WITH] 9 = BLOWING SNOW
X = TORNADO
MAX 32 OR BELOW: 0 0.01 INCH OR MORE: 10
MAX 90 OR ABOVE: 0 0.10 INCH OR MORE: 9
MIN 32 OR BELOW: 2 0.50 INCH OR MORE: 3
MIN 0 OR BELOW: 0 1.00 INCH OR MORE: 1
[HDD (BASE 65) ]
TOTAL THIS MO. 238 CLEAR (SCALE 0-3) 7
DPTR FM NORMAL -8 PTCLDY (SCALE 4-7) 14
TOTAL FM JUL 1 3724 CLOUDY (SCALE 8-10) 9
DPTR FM NORMAL -300
[CDD (BASE 65) ]
TOTAL THIS MO. 36
DPTR FM NORMAL -1 [PRESSURE DATA]
TOTAL FM JAN 1 40 HIGHEST SLP M ON M
DPTR FM NORMAL -3 LOWEST SLP 29.45 ON 10
[REMARKS]
#FINAL-04-21#