000
CXUS56 KSGX 011045
CF6SDM
PRELIMINARY LOCAL CLIMATOLOGICAL DATA (WS FORM: F-6)
STATION: SAN DIEGO/BROWN
MONTH: OCTOBER
YEAR: 2023
LATITUDE: 32 34 N
LONGITUDE: 116 59 W
TEMPERATURE IN F: :PCPN: SNOW: WIND :SUNSHINE: SKY :PK WND
================================================================================
1 2 3 4 5 6A 6B 7 8 9 10 11 12 13 14 15 16 17 18
12Z AVG MX 2MIN
DY MAX MIN AVG DEP HDD CDD WTR SNW DPTH SPD SPD DIR MIN PSBL S-S WX SPD DR
================================================================================
1 70 58 64 -4 1 0 0.24 M M 4.0 14 270 M M 7 1 19 270
2 73 52 63 -5 2 0 T M M 4.6 18 270 M M 1 22 270
3 76 52 64 -4 1 0 0.00 M M 4.6 13 280 M M 0 18 17 260
4 85 54 70 2 0 5 0.00 M M 4.1 12 260 M M 0 18 15 240
5 91 56 74 6 0 9 0.00 M M 4.5 14 270 M M 0 18 26 270
6 86 54 70 3 0 5 0.00 M M 3.5 10 280 M M 0 18 14 270
7 88 55 72 5 0 7 0.00 M M 2.7 10 270 M M 0 128 13 270
8 84 56 70 3 0 5 0.00 M M 2.8 13 270 M M 1 128 22 90
9 79 60 70 3 0 5 0.00 M M 3.0 14 270 M M 5 128 20 280
10 74 61 68 1 0 3 0.02 M M 4.4 13 270 M M 6 18 16 270
11 74 59 67 0 0 2 0.00 M M 5.3 14 250 M M 8 18 18 250
12 75 55 65 -1 0 0 0.00 M M 3.7 13 270 M M 3 18 16 250
13 74 51 63 -3 2 0 0.00 M M 3.5 12 270 M M 2 1 19 260
14 79 58 69 3 0 4 0.00 M M 3.5 14 280 M M 3 128 17 270
15 84 54 69 3 0 4 0.00 M M 4.3 10 270 M M 0 18 14 270
16 79 54 67 1 0 2 0.00 M M 3.5 12 280 M M 1 128 15 270
17 78 58 68 2 0 3 0.00 M M 3.4 12 120 M M 4 128 15 310
18 77 57 67 1 0 2 0.00 M M 2.4 9 280 M M 4 128 13 270
19 84 57 71 5 0 6 0.00 M M 3.5 12 260 M M 0 18 14 260
20 89 58 74 8 0 9 0.00 M M 3.0 13 270 M M 0 18 16 270
21 83 56 70 5 0 5 0.00 M M 4.2 12 270 M M 1 18 17 280
22 74 60 67 2 0 2 T M M 5.2 13 270 M M 7 1 17 280
23 70 54 62 -3 3 0 0.01 M M 5.9 13 280 M M 6 1 18 280
24 73 52 63 -2 2 0 0.00 M M 5.7 13 280 M M 4 18 17 250
25 67 60 64 -1 1 0 0.00 M M 5.3 12 180 M M 10 13 180
26 72 58 65 0 0 0 0.00 M M 4.2 15 280 M M 7 18 20 280
27 71 50 61 -3 4 0 0.00 M M 3.5 13 270 M M 3 18 16 260
28 71 47 59 -5 6 0 0.00 M M 4.5 12 270 M M 0 1 16 280
29 82 46 64 0 1 0 0.00 M M 5.3 18 130 M M 0 18 25 120
30 84 43 64 0 1 0 0.00 M M 6.3 18 120 M M 0 27 90
31 83 48 66 2 0 1 0.00 M M 4.2 12 290 M M 0 8 14 290
================================================================================
SM 2429 1693 24 79 0.27 M 128.6 M 83
================================================================================
AV 78.4 54.6 4.1 FASTST M M 3 MAX(MPH)
MISC ----> # 18 270 27 90
================================================================================
NOTES:
# LAST OF SEVERAL OCCURRENCES
COLUMN 17 PEAK WIND IN M.P.H.
PRELIMINARY LOCAL CLIMATOLOGICAL DATA (WS FORM: F-6) , PAGE 2
STATION: SAN DIEGO/BROWN
MONTH: OCTOBER
YEAR: 2023
LATITUDE: 32 34 N
LONGITUDE: 116 59 W
[TEMPERATURE DATA] [PRECIPITATION DATA] SYMBOLS USED IN COLUMN 16
AVERAGE MONTHLY: 66.5 TOTAL FOR MONTH: 0.27 1 = FOG OR MIST
DPTR FM NORMAL: 0.5 DPTR FM NORMAL: -0.17 2 = FOG REDUCING VISIBILITY
HIGHEST: 91 ON 5 GRTST 24HR 0.26 ON 30- 1 TO 1/4 MILE OR LESS
LOWEST: 43 ON 30 3 = THUNDER
SNOW, ICE PELLETS, HAIL 4 = ICE PELLETS
TOTAL MONTH: M 5 = HAIL
GRTST 24HR M ON M 6 = FREEZING RAIN OR DRIZZLE
GRTST DEPTH: M ON M 7 = DUSTSTORM OR SANDSTORM:
VSBY 1/2 MILE OR LESS
8 = SMOKE OR HAZE
[NO. OF DAYS WITH] [WEATHER - DAYS WITH] 9 = BLOWING SNOW
X = TORNADO
MAX 32 OR BELOW: 0 0.01 INCH OR MORE: 3
MAX 90 OR ABOVE: 1 0.10 INCH OR MORE: 1
MIN 32 OR BELOW: 0 0.50 INCH OR MORE: 0
MIN 0 OR BELOW: 0 1.00 INCH OR MORE: 0
[HDD (BASE 65) ]
TOTAL THIS MO. 24 CLEAR (SCALE 0-3) 19
DPTR FM NORMAL -22 PTCLDY (SCALE 4-7) 11
TOTAL FM JUL 1 25 CLOUDY (SCALE 8-10) 1
DPTR FM NORMAL -31
[CDD (BASE 65) ]
TOTAL THIS MO. 79
DPTR FM NORMAL 2 [PRESSURE DATA]
TOTAL FM JAN 1 697 HIGHEST SLP 30.06 ON 31
DPTR FM NORMAL -12 LOWEST SLP 29.65 ON 11
[REMARKS]
#FINAL-10-23#