000
CXUS55 KSEW 011030
CF6SEW
PRELIMINARY LOCAL CLIMATOLOGICAL DATA (WS FORM: F-6)
STATION: SEATTLE WA WFO
MONTH: NOVEMBER
YEAR: 2021
LATITUDE: 47 41 N
LONGITUDE: 122 15 W
TEMPERATURE IN F: :PCPN: SNOW: WIND :SUNSHINE: SKY :PK WND
================================================================================
1 2 3 4 5 6A 6B 7 8 9 10 11 12 13 14 15 16 17 18
12Z AVG MX 2MIN
DY MAX MIN AVG DEP HDD CDD WTR SNW DPTH SPD SPD DIR MIN PSBL S-S WX SPD DR
================================================================================
1 55 39 47 -2 18 0 0.09 0.0 0 M M M M M M M M
2 52 43 48 -1 17 0 0.15 0.0 0 M M M M M M M M
3 60 45 53 4 12 0 0.44 0.0 0 M M M M M M M M
4 59 49 54 5 11 0 0.54 0.0 0 M M M M M M M M
5 55 42 49 1 16 0 0.10 0.0 0 M M M M M M M M
6 50 42 46 -2 19 0 0.44 0.0 0 M M M M M M M M
7 48 41 45 -3 20 0 0.22 0.0 0 M M M M M M M M
8 58 42 50 2 15 0 0.00 0.0 0 M M M M M M M M
9 58 43 51 3 14 0 0.55 0.0 0 M M M M M M M M
10 54 43 49 1 16 0 0.06 0.0 0 M M M M M M M M
11 55 46 51 4 14 0 0.76 0.0 0 M M M M M M M M
12 59 46 53 6 12 0 0.70 0.0 0 M M M M M M M M
13 54 45 50 3 15 0 0.42 0.0 0 M M M M M M M M
14 61 54 58 11 7 0 0.71 0.0 0 M M M M M M M M
15 62 41 52 6 13 0 0.25 0.0 0 M M M M M M M M
16 50 37 44 -2 21 0 T 0.0 0 M M M M M M M M
17 51 33 42 -4 23 0 0.00 0.0 0 M M M M M M M M
18 49 42 46 0 19 0 0.25 0.0 0 M M M M M M 1 M M
19 48 42 45 -1 20 0 0.11 0.0 0 M M M M M M M M
20 50 39 45 -1 20 0 T 0.0 0 M M M M M M M M
21 49 36 43 -2 22 0 0.00 0.0 0 M M M M M M M M
22 47 36 42 -3 23 0 0.03 0.0 0 M M M M M M M M
23 49 40 45 0 20 0 0.57 0.0 0 M M M M M M M M
24 47 39 43 -2 22 0 0.09 0.0 0 M M M M M M M M
25 48 43 46 2 19 0 0.61 0.0 0 M M M M M M M M
26 51 45 48 4 17 0 0.10 0.0 0 M M M M M M M M
27 58 47 53 9 12 0 0.27 0.0 0 M M M M M M M M
28 60 54 57 13 8 0 0.19 0.0 0 M M M M M M M M
29 58 52 55 11 10 0 0.00 0.0 0 M M M M M M M M
30 55 52 54 10 11 0 0.07 0.0 0 M M M M M M M M
================================================================================
SM 1610 1298 486 0 7.72 0.0 M M M
================================================================================
AV 53.7 43.3 M FASTST M M M MAX(MPH)
MISC ----> M M M M
================================================================================
NOTES:
# LAST OF SEVERAL OCCURRENCES
COLUMN 17 PEAK WIND IN M.P.H.
PRELIMINARY LOCAL CLIMATOLOGICAL DATA (WS FORM: F-6) , PAGE 2
STATION: SEATTLE WA WFO
MONTH: NOVEMBER
YEAR: 2021
LATITUDE: 47 41 N
LONGITUDE: 122 15 W
[TEMPERATURE DATA] [PRECIPITATION DATA] SYMBOLS USED IN COLUMN 16
AVERAGE MONTHLY: 48.5 TOTAL FOR MONTH: 7.72 1 = FOG OR MIST
DPTR FM NORMAL: 2.1 DPTR FM NORMAL: 1.87 2 = FOG REDUCING VISIBILITY
HIGHEST: 62 ON 15 GRTST 24HR 0.76 ON 11-11 TO 1/4 MILE OR LESS
LOWEST: 33 ON 17 3 = THUNDER
SNOW, ICE PELLETS, HAIL 4 = ICE PELLETS
TOTAL MONTH: 0.0 INCH 5 = HAIL
GRTST 24HR 0.0 6 = FREEZING RAIN OR DRIZZLE
GRTST DEPTH: 0 7 = DUSTSTORM OR SANDSTORM:
VSBY 1/2 MILE OR LESS
8 = SMOKE OR HAZE
[NO. OF DAYS WITH] [WEATHER - DAYS WITH] 9 = BLOWING SNOW
X = TORNADO
MAX 32 OR BELOW: 0 0.01 INCH OR MORE: 24
MAX 90 OR ABOVE: 0 0.10 INCH OR MORE: 19
MIN 32 OR BELOW: 0 0.50 INCH OR MORE: 7
MIN 0 OR BELOW: 0 1.00 INCH OR MORE: 0
[HDD (BASE 65) ]
TOTAL THIS MO. 486 CLEAR (SCALE 0-3) 0
DPTR FM NORMAL -72 PTCLDY (SCALE 4-7) 0
TOTAL FM JUL 1 960 CLOUDY (SCALE 8-10) 30
DPTR FM NORMAL -112
[CDD (BASE 65) ]
TOTAL THIS MO. 0
DPTR FM NORMAL 0 [PRESSURE DATA]
TOTAL FM JAN 1 407 HIGHEST SLP M ON M
DPTR FM NORMAL 197 LOWEST SLP M ON M
[REMARKS]
#FINAL-11-21#