000
CXUS52 KMLB 010624
CF6SFB
PRELIMINARY LOCAL CLIMATOLOGICAL DATA (WS FORM: F-6)
STATION: SANFORD
MONTH: JUNE
YEAR: 2021
LATITUDE: 28 46 N
LONGITUDE: 81 15 W
TEMPERATURE IN F: :PCPN: SNOW: WIND :SUNSHINE: SKY :PK WND
================================================================================
1 2 3 4 5 6A 6B 7 8 9 10 11 12 13 14 15 16 17 18
12Z AVG MX 2MIN
DY MAX MIN AVG DEP HDD CDD WTR SNW DPTH SPD SPD DIR MIN PSBL S-S WX SPD DR
================================================================================
1 91 67 79 -1 0 14 0.00 0.0 0 7.1 18 60 M M 1 22 70
2 90 71 81 1 0 16 T 0.0 0 7.7 23 120 M M 4 27 120
3 92 73 83 2 0 18 T 0.0 0 9.0 26 140 M M 3 3 32 140
4 89 74 82 1 0 17 0.67 0.0 0 5.6 22 110 M M 5 138 25 110
5 91 75 83 2 0 18 0.05 0.0 0 7.7 20 190 M M 4 3 25 210
6 94 74 84 3 0 19 0.00 0.0 0 10.2 23 110 M M 1 29 100
7 91 76 84 3 0 19 0.00 0.0 0 10.0 21 120 M M 0 26 120
8 93 74 84 3 0 19 0.00 0.0 0 9.5 20 120 M M 1 23 120
9 93 73 83 2 0 18 0.00 0.0 0 6.7 17 110 M M 1 20 100
10 95 75 85 4 0 20 0.00 0.0 0 6.3 16 110 M M 2 19 110
11 96 76 86 4 0 21 0.00 0.0 0 7.3 17 280 M M 4 22 290
12 96 76 86 4 0 21 T 0.0 0 10.3 20 270 M M 2 3 23 270
13 93 73 83 1 0 18 1.06 0.0 0 9.0 28 270 M M 3 123 34 260
14 86 73 80 -2 0 15 0.15 0.0 0 6.3 18 320 M M 4 13 23 320
15 86 72 79 -3 0 14 0.25 0.0 0 10.4 26 260 M M 4 38 32 260
16 91 74 83 1 0 18 0.12 0.0 0 9.4 25 210 M M 2 138 33 220
17 89 73 81 -1 0 16 0.00 0.0 0 7.3 15 250 M M 2 21 260
18 92 75 84 2 0 19 0.00 0.0 0 4.9 10 170 M M 1 15 130
19 92 77 85 3 0 20 0.00 0.0 0 7.4 17 130 M M 1 20 130
20 92 79 86 4 0 21 T 0.0 0 8.5 18 250 M M 2 23 260
21 92 74 83 1 0 18 0.10 0.0 0 6.4 33 220 M M 2 13 41 230
22 93 73 83 1 0 18 0.97 0.0 0 8.3 33 320 M M 3 13 47 320
23 91 73 82 0 0 17 0.02 0.0 0 5.5 18 80 M M 4 3 22 80
24 87 72 80 -3 0 15 0.02 0.0 0 5.4 16 350 M M 4 3 20 350
25 87 72 80 -3 0 15 1.05 0.0 0 5.6 18 40 M M 4 13 22 30
26 85 72 79 -4 0 14 1.43 0.0 0 6.4 24 80 M M 2 1238 29 140
27 89 71 80 -3 0 15 0.05 0.0 0 7.6 21 70 M M 2 8 28 70
28 92 73 83 0 0 18 0.00 0.0 0 6.9 18 100 M M 1 22 110
29 86 75 81 -2 0 16 0.04 0.0 M 5.6 21 90 M M 2 3 25 110
30 85 73 79 -4 0 14 0.90 0.0 0 4.9 24 120 M M 3 13 27 120
================================================================================
SM 2719 2208 0 521 6.88 0.0 223.2 M 74
================================================================================
AV 90.6 73.6 7.4 FASTST M M 2 MAX(MPH)
MISC ----> # 33 220 47 320
================================================================================
NOTES:
# LAST OF SEVERAL OCCURRENCES
COLUMN 17 PEAK WIND IN M.P.H.
PRELIMINARY LOCAL CLIMATOLOGICAL DATA (WS FORM: F-6) , PAGE 2
STATION: SANFORD
MONTH: JUNE
YEAR: 2021
LATITUDE: 28 46 N
LONGITUDE: 81 15 W
[TEMPERATURE DATA] [PRECIPITATION DATA] SYMBOLS USED IN COLUMN 16
AVERAGE MONTHLY: 82.1 TOTAL FOR MONTH: 6.88 1 = FOG OR MIST
DPTR FM NORMAL: 0.2 DPTR FM NORMAL: -1.31 2 = FOG REDUCING VISIBILITY
HIGHEST: 96 ON 12,11 GRTST 24HR 2.43 ON 25-26 TO 1/4 MILE OR LESS
LOWEST: 67 ON 1 3 = THUNDER
SNOW, ICE PELLETS, HAIL 4 = ICE PELLETS
TOTAL MONTH: 0.0 INCH 5 = HAIL
GRTST 24HR 0.0 6 = FREEZING RAIN OR DRIZZLE
GRTST DEPTH: 0 7 = DUSTSTORM OR SANDSTORM:
VSBY 1/2 MILE OR LESS
8 = SMOKE OR HAZE
[NO. OF DAYS WITH] [WEATHER - DAYS WITH] 9 = BLOWING SNOW
X = TORNADO
MAX 32 OR BELOW: 0 0.01 INCH OR MORE: 15
MAX 90 OR ABOVE: 20 0.10 INCH OR MORE: 10
MIN 32 OR BELOW: 0 0.50 INCH OR MORE: 6
MIN 0 OR BELOW: 0 1.00 INCH OR MORE: 3
[HDD (BASE 65) ]
TOTAL THIS MO. 0 CLEAR (SCALE 0-3) 21
DPTR FM NORMAL 0 PTCLDY (SCALE 4-7) 9
TOTAL FM JUL 1 480 CLOUDY (SCALE 8-10) 0
DPTR FM NORMAL -77
[CDD (BASE 65) ]
TOTAL THIS MO. 521
DPTR FM NORMAL 15 [PRESSURE DATA]
TOTAL FM JAN 1 1496 HIGHEST SLP M ON M
DPTR FM NORMAL 132 LOWEST SLP 29.79 ON 12
[REMARKS]
#FINAL-06-21#