000
CXUS56 KMTR 142207
CF6SFO
PRELIMINARY LOCAL CLIMATOLOGICAL DATA (WS FORM: F-6)
STATION: SAN FRANCISCO AIRPORT
MONTH: JULY
YEAR: 2020
LATITUDE: 37 37 N
LONGITUDE: 122 23 W
TEMPERATURE IN F: :PCPN: SNOW: WIND :SUNSHINE: SKY :PK WND
================================================================================
1 2 3 4 5 6A 6B 7 8 9 10 11 12 13 14 15 16 17 18
12Z AVG MX 2MIN
DY MAX MIN AVG DEP HDD CDD WTR SNW DPTH SPD SPD DIR MIN PSBL S-S WX SPD DR
================================================================================
1 77 55 66 3 0 1 0.00 M M 7.7 18 320 M M 2 8 25 320
2 70 55 63 0 2 0 0.00 M M 7.1 18 220 M M 2 21 220
3 68 55 62 -1 3 0 0.00 M M 11.1 24 300 M M 2 8 29 310
4 79 53 66 3 0 1 0.00 M M 13.3 29 290 M M 0 8 33 290
5 72 55 64 0 1 0 0.00 M M 20.0 35 290 M M 0 8 41 290
6 67 55 61 -3 4 0 0.00 M M 25.0 41 270 M M 1 8 47 270
7 71 52 62 -2 3 0 0.00 M M 17.9 30 270 M M 2 18 36 280
8 73 53 63 -1 2 0 0.00 M M 12.6 25 290 M M 1 18 30 290
9 74 53 64 0 1 0 0.00 M M 14.2 32 290 M M 1 18 37 290
10 73 52 63 -1 2 0 0.00 M M 15.8 23 310 M M 6 26 310
11 76 53 65 1 0 0 0.00 M M 14.4 30 300 M M 1 8 34 300
12 76 54 65 1 0 0 0.00 M M 15.0 28 290 M M 1 18 33 290
13 73 55 64 0 1 0 0.00 M M 12.7 22 290 M M 2 18 26 280
14 75 55 65 1 0 0 0.00 M M 6.8 17 320 M M 2 8 22 340
15 73 58 66 2 0 1 0.00 M M 8.2 20 330 M M 6 22 330
16 74 56 65 1 0 0 0.00 M M 11.5 26 300 M M 4 30 300
17 76 58 67 3 0 2 0.00 M M 6.6 15 250 M M 3 19 240
18 75 58 67 3 0 2 0.00 M M 10.2 22 300 M M 4 25 300
19 74 58 66 2 0 1 0.00 M M 11.5 24 310 M M 4 28 310
20 69 55 62 -2 3 0 0.00 M M 14.5 26 290 M M 5 32 290
21 71 55 63 -1 2 0 0.00 M M 11.0 29 290 M M 7 33 300
22 74 58 66 2 0 1 0.00 M M 8.4 20 220 M M 5 24 220
23 73 56 65 1 0 0 0.00 M M 11.1 24 300 M M 4 27 310
24 68 55 62 -2 3 0 0.00 M M 13.2 25 280 M M 5 18 30 290
25 74 56 65 1 0 0 0.00 M M 7.1 15 310 M M 3 18 320
26 71 58 65 1 0 0 0.00 M M 12.0 25 310 M M 4 8 30 310
27 71 55 63 -1 2 0 0.00 M M 14.8 25 300 M M 4 29 300
28 69 55 62 -2 3 0 0.00 M M 14.9 24 310 M M 3 8 31 300
29 70 55 63 -1 2 0 0.00 M M 15.2 29 290 M M 4 8 32 290
30 68 55 62 -2 3 0 0.00 M M 15.0 30 300 M M 5 34 290
31 68 55 62 -2 3 0 0.00 M M 12.2 25 290 M M 6 18 29 300
================================================================================
SM 2242 1711 40 9 0.00 M 391.0 M 99
================================================================================
AV 72.3 55.2 12.6 FASTST M M 3 MAX(MPH)
MISC ----> 41 270 47 270
================================================================================
NOTES:
# LAST OF SEVERAL OCCURRENCES
COLUMN 17 PEAK WIND IN M.P.H.
PRELIMINARY LOCAL CLIMATOLOGICAL DATA (WS FORM: F-6) , PAGE 2
STATION: SAN FRANCISCO AIRPORT
MONTH: JULY
YEAR: 2020
LATITUDE: 37 37 N
LONGITUDE: 122 23 W
[TEMPERATURE DATA] [PRECIPITATION DATA] SYMBOLS USED IN COLUMN 16
AVERAGE MONTHLY: 63.8 TOTAL FOR MONTH: 0.00 1 = FOG OR MIST
DPTR FM NORMAL: 0.1 DPTR FM NORMAL: 0.00 2 = FOG REDUCING VISIBILITY
HIGHEST: 79 ON 4 GRTST 24HR 0.03 ON 22-22 TO 1/4 MILE OR LESS
LOWEST: 52 ON 10, 7 3 = THUNDER
SNOW, ICE PELLETS, HAIL 4 = ICE PELLETS
TOTAL MONTH: M 5 = HAIL
GRTST 24HR M ON M 6 = FREEZING RAIN OR DRIZZLE
GRTST DEPTH: M ON M 7 = DUSTSTORM OR SANDSTORM:
VSBY 1/2 MILE OR LESS
8 = SMOKE OR HAZE
[NO. OF DAYS WITH] [WEATHER - DAYS WITH] 9 = BLOWING SNOW
X = TORNADO
MAX 32 OR BELOW: 0 0.01 INCH OR MORE: 0
MAX 90 OR ABOVE: 0 0.10 INCH OR MORE: 0
MIN 32 OR BELOW: 0 0.50 INCH OR MORE: 0
MIN 0 OR BELOW: 0 1.00 INCH OR MORE: 0
[HDD (BASE 65) ]
TOTAL THIS MO. 40 CLEAR (SCALE 0-3) 13
DPTR FM NORMAL -25 PTCLDY (SCALE 4-7) 18
TOTAL FM JUL 1 40 CLOUDY (SCALE 8-10) 0
DPTR FM NORMAL -22
[CDD (BASE 65) ]
TOTAL THIS MO. 9
DPTR FM NORMAL -15 [PRESSURE DATA]
TOTAL FM JAN 1 70 HIGHEST SLP 30.07 ON 31
DPTR FM NORMAL 6 LOWEST SLP 29.79 ON 1
[REMARKS]
#FINAL-07-20#