000
CXUS53 KSGF 010810
CF6SGF
PRELIMINARY LOCAL CLIMATOLOGICAL DATA (WS FORM: F-6)
STATION: SPRINGFIELD MO
MONTH: NOVEMBER
YEAR: 2023
LATITUDE: 37 13 N
LONGITUDE: 93 23 W
TEMPERATURE IN F: :PCPN: SNOW: WIND :SUNSHINE: SKY :PK WND
================================================================================
1 2 3 4 5 6A 6B 7 8 9 10 11 12 13 14 15 16 17 18
12Z AVG MX 2MIN
DY MAX MIN AVG DEP HDD CDD WTR SNW DPTH SPD SPD DIR MIN PSBL S-S WX SPD DR
================================================================================
1 49 18 34 -18 31 0 0.00 0.0 0 7.5 15 200 M M 0 20 190
2 65 31 48 -4 17 0 0.00 0.0 0 12.0 21 190 M M 0 27 190
3 70 39 55 3 10 0 0.00 0.0 0 12.5 24 200 M M 0 32 220
4 70 49 60 9 5 0 0.40 0.0 0 5.5 15 30 M M 3 13 18 30
5 71 47 59 8 6 0 0.00 0.0 0 9.1 17 150 M M 5 22 180
6 78 57 68 18 0 3 0.00 0.0 0 8.9 20 220 M M 1 27 230
7 80 56 68 18 0 3 0.00 0.0 0 11.0 20 160 M M 1 1 26 170
8 83 54 69 19 0 4 0.00 0.0 0 14.8 25 220 M M 1 34 220
9 54 44 49 0 16 0 0.00 0.0 0 8.6 17 20 M M 2 23 20
10 62 33 48 -1 17 0 0.00 0.0 0 5.1 13 20 M M 0 17 350
11 58 32 45 -3 20 0 0.00 0.0 0 6.9 18 140 M M 2 23 150
12 65 37 51 3 14 0 0.00 0.0 0 5.6 12 170 M M 0 16 170
13 71 37 54 6 11 0 0.00 0.0 0 4.3 17 40 M M 0 24 80
14 67 41 54 7 11 0 0.00 0.0 0 8.4 17 160 M M 0 21 160
15 69 42 56 9 9 0 0.00 0.0 0 6.7 12 150 M M 0 15 170
16 66 45 56 10 9 0 0.00 0.0 0 12.7 25 190 M M 7 33 210
17 61 40 51 5 14 0 0.00 0.0 0 6.3 14 350 M M 6 17 350
18 62 32 47 1 18 0 0.00 0.0 0 1.9 8 320 M M 0 11 310
19 54 39 47 2 18 0 0.05 0.0 0 9.9 17 130 M M 5 8 23 130
20 50 45 48 3 17 0 0.09 0.0 0 10.6 23 130 M M 10 1 30 130
21 46 39 43 -2 22 0 0.03 0.0 0 13.2 25 330 M M 10 18 33 330
22 47 26 37 -7 28 0 0.00 0.0 0 6.0 13 280 M M 1 19 270
23 64 31 48 4 17 0 0.00 0.0 0 6.7 14 50 M M 0 19 50
24 45 32 39 -5 26 0 0.00 0.0 0 10.4 17 30 M M 0 24 30
25 49 28 39 -4 26 0 0.01 0.0 0 5.5 14 160 M M 1 18 160
26 41 29 35 -8 30 0 0.09 T 0 12.5 24 290 M M 7 1 35 290
27 47 22 35 -7 30 0 0.00 0.0 0 7.4 17 280 M M 0 26 270
28 47 23 35 -7 30 0 0.00 0.0 0 7.5 16 160 M M 0 22 160
29 63 36 50 8 15 0 0.00 0.0 0 10.3 17 220 M M 0 25 220
30 50 44 47 5 18 0 0.61 0.0 0 12.9 24 140 M M 8 18 32 150
================================================================================
SM 1804 1128 485 10 1.28 T 260.7 M 70
================================================================================
AV 60.1 37.6 8.7 FASTST M M 2 MAX(MPH)
MISC ----> # 25 220 35 290
================================================================================
NOTES:
# LAST OF SEVERAL OCCURRENCES
COLUMN 17 PEAK WIND IN M.P.H.
PRELIMINARY LOCAL CLIMATOLOGICAL DATA (WS FORM: F-6) , PAGE 2
STATION: SPRINGFIELD MO
MONTH: NOVEMBER
YEAR: 2023
LATITUDE: 37 13 N
LONGITUDE: 93 23 W
[TEMPERATURE DATA] [PRECIPITATION DATA] SYMBOLS USED IN COLUMN 16
AVERAGE MONTHLY: 48.9 TOTAL FOR MONTH: 1.28 1 = FOG OR MIST
DPTR FM NORMAL: 2.2 DPTR FM NORMAL: -2.28 2 = FOG REDUCING VISIBILITY
HIGHEST: 83 ON 8 GRTST 24HR 0.61 ON 30-30 TO 1/4 MILE OR LESS
LOWEST: 18 ON 1 3 = THUNDER
SNOW, ICE PELLETS, HAIL 4 = ICE PELLETS
TOTAL MONTH: T 5 = HAIL
GRTST 24HR T ON 26-26 6 = FREEZING RAIN OR DRIZZLE
GRTST DEPTH: 0 7 = DUSTSTORM OR SANDSTORM:
VSBY 1/2 MILE OR LESS
8 = SMOKE OR HAZE
[NO. OF DAYS WITH] [WEATHER - DAYS WITH] 9 = BLOWING SNOW
X = TORNADO
MAX 32 OR BELOW: 0 0.01 INCH OR MORE: 7
MAX 90 OR ABOVE: 0 0.10 INCH OR MORE: 2
MIN 32 OR BELOW: 11 0.50 INCH OR MORE: 1
MIN 0 OR BELOW: 0 1.00 INCH OR MORE: 0
[HDD (BASE 65) ]
TOTAL THIS MO. 485 CLEAR (SCALE 0-3) 22
DPTR FM NORMAL -65 PTCLDY (SCALE 4-7) 6
TOTAL FM JUL 1 719 CLOUDY (SCALE 8-10) 2
DPTR FM NORMAL -108
[CDD (BASE 65) ]
TOTAL THIS MO. 10
DPTR FM NORMAL 7 [PRESSURE DATA]
TOTAL FM JAN 1 1647 HIGHEST SLP M ON M
DPTR FM NORMAL 107 LOWEST SLP 29.62 ON 8
[REMARKS]
#FINAL-11-23#