000
CXUS54 KHGX 011515
CF6SGR
PRELIMINARY LOCAL CLIMATOLOGICAL DATA (WS FORM: F-6)
STATION: SUGAR LAND/HULL FLD
MONTH: MAY
YEAR: 2020
LATITUDE: 29 37 N
LONGITUDE: 95 39 W
TEMPERATURE IN F: :PCPN: SNOW: WIND :SUNSHINE: SKY :PK WND
================================================================================
1 2 3 4 5 6A 6B 7 8 9 10 11 12 13 14 15 16 17 18
12Z AVG MX 2MIN
DY MAX MIN AVG DEP HDD CDD WTR SNW DPTH SPD SPD DIR MIN PSBL S-S WX SPD DR
================================================================================
1 85 58 72 -1 0 7 0.00 0.0 0 8.7 18 140 M M 0 25 170
2 87 64 76 3 0 11 0.00 0.0 0 10.3 18 160 M M 1 22 170
3 88 68 78 5 0 13 0.00 0.0 0 8.7 17 160 M M 4 23 200
4 91 69 80 6 0 15 0.00 0.0 0 9.8 20 160 M M 4 1 24 180
5 94 74 84 10 0 19 T 0.0 0 6.7 22 10 M M 6 3 27 10
6 87 62 75 1 0 10 T 0.0 0 10.0 21 20 M M 3 29 80
7 87 57 72 -2 0 7 0.00 0.0 0 11.4 24 160 M M 4 29 170
8 92 71 82 7 0 17 T 0.0 0 16.3 29 20 M M 9 37 30
9 75 60 68 -7 0 3 0.00 0.0 0 11.0 22 50 M M 5 27 60
10 84 57 71 -4 0 6 0.00 0.0 0 5.8 14 40 M M 1 18 60
11 85 60 73 -2 0 8 0.00 0.0 0 9.6 20 140 M M 2 24 150
12 86 70 78 2 0 13 0.24 0.0 0 12.5 24 140 M M 3 30 150
13 87 69 78 2 0 13 0.91 0.0 0 9.9 28 150 M M 6 12 33 150
14 90 73 82 6 0 17 0.00 0.0 0 8.7 21 200 M M 5 26 200
15 91 69 80 4 0 15 1.64 0.0 0 7.0 28 130 M M 7 13 38 130
16 81 67 74 -2 0 9 0.60 0.0 0 8.1 21 280 M M 6 13 32 270
17 88 65 77 0 0 12 T 0.0 0 6.9 17 310 M M 0 24 320
18 92 64 78 1 0 13 0.00 0.0 0 5.1 12 210 M M 0 15 200
19 93 67 80 3 0 15 0.00 0.0 0 9.0 18 190 M M 1 1 24 190
20 93 76 85 8 0 20 0.00 0.0 0 8.9 18 180 M M 6 24 160
21 89 73 81 3 0 16 T 0.0 0 10.1 20 160 M M 4 18 24 150
22 92 76 84 6 0 19 0.00 0.0 0 11.4 22 180 M M 5 27 170
23 91 78 85 7 0 20 T 0.0 0 12.5 21 150 M M 6 26 150
24 88 67 78 0 0 13 0.63 0.0 0 12.5 28 160 M M 5 138 34 170
25 84 68 76 -2 0 11 0.12 0.0 0 7.3 18 270 M M 6 3 22 270
26 87 68 78 0 0 13 0.20 0.0 0 5.5 22 330 M M 3 13 30 320
27 90 65 78 -1 0 13 0.51 0.0 0 6.4 43 350 M M 2 13 54 360
28 91 65 78 -1 0 13 0.18 0.0 0 4.8 21 210 M M 3 13 27 210
29 88 69 79 0 0 14 0.00 0.0 0 6.9 20 20 M M 2 1 23 20
30 89 71 80 1 0 15 0.00 0.0 0 6.2 13 100 M M 3 16 90
31 84 73 79 0 0 14 0.26 0.0 0 5.8 14 70 M M 2 13 19 140
================================================================================
SM 2729 2093 0 404 5.29 0.0 273.8 M 114
================================================================================
AV 88.0 67.5 8.8 FASTST M M 4 MAX(MPH)
MISC ----> # 43 350 # 54 360
================================================================================
NOTES:
# LAST OF SEVERAL OCCURRENCES
COLUMN 17 PEAK WIND IN M.P.H.
PRELIMINARY LOCAL CLIMATOLOGICAL DATA (WS FORM: F-6) , PAGE 2
STATION: SUGAR LAND/HULL FLD
MONTH: MAY
YEAR: 2020
LATITUDE: 29 37 N
LONGITUDE: 95 39 W
[TEMPERATURE DATA] [PRECIPITATION DATA] SYMBOLS USED IN COLUMN 16
AVERAGE MONTHLY: 77.8 TOTAL FOR MONTH: 5.29 1 = FOG OR MIST
DPTR FM NORMAL: 1.4 DPTR FM NORMAL: 0.66 2 = FOG REDUCING VISIBILITY
HIGHEST: 94 ON 5 GRTST 24HR 1.64 ON 15-15 TO 1/4 MILE OR LESS
LOWEST: 57 ON 10, 7 3 = THUNDER
SNOW, ICE PELLETS, HAIL 4 = ICE PELLETS
TOTAL MONTH: 0.0 INCH 5 = HAIL
GRTST 24HR 0.0 6 = FREEZING RAIN OR DRIZZLE
GRTST DEPTH: 0 7 = DUSTSTORM OR SANDSTORM:
VSBY 1/2 MILE OR LESS
8 = SMOKE OR HAZE
[NO. OF DAYS WITH] [WEATHER - DAYS WITH] 9 = BLOWING SNOW
X = TORNADO
MAX 32 OR BELOW: 0 0.01 INCH OR MORE: 10
MAX 90 OR ABOVE: 12 0.10 INCH OR MORE: 10
MIN 32 OR BELOW: 0 0.50 INCH OR MORE: 5
MIN 0 OR BELOW: 0 1.00 INCH OR MORE: 1
[HDD (BASE 65) ]
TOTAL THIS MO. 0 CLEAR (SCALE 0-3) 13
DPTR FM NORMAL -1 PTCLDY (SCALE 4-7) 17
TOTAL FM JUL 1 1012 CLOUDY (SCALE 8-10) 1
DPTR FM NORMAL -408
[CDD (BASE 65) ]
TOTAL THIS MO. 404
DPTR FM NORMAL 51 [PRESSURE DATA]
TOTAL FM JAN 1 894 HIGHEST SLP 30.23 ON 10
DPTR FM NORMAL 300 LOWEST SLP 29.58 ON 16
[REMARKS]
#FINAL-05-20#