000
CXUS54 KSHV 011300
CF6SHV
PRELIMINARY LOCAL CLIMATOLOGICAL DATA (WS FORM: F-6)
STATION: SHREVEPORT
MONTH: JUNE
YEAR: 2021
LATITUDE: 32 28 N
LONGITUDE: 93 49 W
TEMPERATURE IN F: :PCPN: SNOW: WIND :SUNSHINE: SKY :PK WND
================================================================================
1 2 3 4 5 6A 6B 7 8 9 10 11 12 13 14 15 16 17 18
12Z AVG MX 2MIN
DY MAX MIN AVG DEP HDD CDD WTR SNW DPTH SPD SPD DIR MIN PSBL S-S WX SPD DR
================================================================================
1 84 69 77 -1 0 12 0.46 0.0 0 5.5 24 180 M M 9 138 32 180
2 82 64 73 -6 0 8 0.00 0.0 0 3.8 14 300 M M 6 19 260
3 84 66 75 -4 0 10 0.00 0.0 0 3.4 10 360 M M 9 12 340
4 78 67 73 -6 0 8 1.39 0.0 0 3.9 14 190 M M 10 13 17 140
5 82 71 77 -2 0 12 0.59 0.0 0 5.0 13 140 M M 9 13 16 130
6 86 67 77 -2 0 12 0.05 0.0 0 5.5 16 260 M M 7 13 18 250
7 91 69 80 0 0 15 0.34 0.0 0 9.1 30 270 M M 7 138 41 280
8 88 69 79 -1 0 14 T 0.0 0 8.0 25 170 M M 8 13 33 180
9 95 77 86 6 0 21 0.00 0.0 0 8.3 15 210 M M 7 1 27 110
10 93 77 85 5 0 20 0.00 0.0 0 7.1 16 210 M M 6 21 220
11 92 76 84 4 0 19 0.00 0.0 0 7.2 15 180 M M 6 20 210
12 92 73 83 3 0 18 0.00 0.0 0 6.9 20 280 M M 5 24 290
13 98 71 85 4 0 20 0.01 0.0 0 5.3 14 120 M M 5 3 20 130
14 97 76 87 6 0 22 0.00 0.0 0 5.6 13 360 M M 7 18 30
15 96 76 86 5 0 21 0.00 0.0 0 5.4 13 360 M M 1 17 10
16 96 73 85 4 0 20 0.00 0.0 0 2.4 12 70 M M 2 18 14 70
17 92 74 83 2 0 18 0.00 0.0 0 4.0 12 140 M M 4 18 160
18 93 68 81 0 0 16 0.00 0.0 0 4.6 13 140 M M 1 17 150
19 96 72 84 2 0 19 0.00 0.0 0 3.2 9 160 M M 2 11 340
20 95 76 86 4 0 21 0.00 0.0 0 9.8 20 180 M M 3 23 190
21 94 75 85 3 0 20 0.41 0.0 0 7.6 30 340 M M 6 138 37 330
22 87 71 79 -3 0 14 T 0.0 0 8.6 18 30 M M 5 23 20
23 92 72 82 0 0 17 0.00 0.0 0 6.7 13 160 M M 6 17 160
24 95 78 87 5 0 22 0.00 0.0 0 7.8 18 160 M M 2 22 160
25 95 78 87 5 0 22 0.00 0.0 0 8.4 20 160 M M 4 25 160
26 94 77 86 4 0 21 0.02 0.0 0 8.7 20 160 M M 5 3 27 160
27 94 74 84 2 0 19 T 0.0 0 7.8 29 140 M M 5 37 130
28 90 73 82 0 0 17 0.58 0.0 0 7.8 31 190 M M 9 138 38 190
29 92 72 82 -1 0 17 0.00 0.0 0 4.7 13 130 M M 5 12 17 120
30 93 73 83 0 0 18 0.00 0.0 0 2.8 8 150 M M 4 11 130
================================================================================
SM 2736 2174 0 513 3.85 0.0 184.9 M 165
================================================================================
AV 91.2 72.5 6.2 FASTST M M 6 MAX(MPH)
MISC ----> 31 190 41 280
================================================================================
NOTES:
# LAST OF SEVERAL OCCURRENCES
COLUMN 17 PEAK WIND IN M.P.H.
PRELIMINARY LOCAL CLIMATOLOGICAL DATA (WS FORM: F-6) , PAGE 2
STATION: SHREVEPORT
MONTH: JUNE
YEAR: 2021
LATITUDE: 32 28 N
LONGITUDE: 93 49 W
[TEMPERATURE DATA] [PRECIPITATION DATA] SYMBOLS USED IN COLUMN 16
AVERAGE MONTHLY: 81.8 TOTAL FOR MONTH: 3.85 1 = FOG OR MIST
DPTR FM NORMAL: 0.9 DPTR FM NORMAL: -0.93 2 = FOG REDUCING VISIBILITY
HIGHEST: 98 ON 13 GRTST 24HR 1.53 ON 4- 5 TO 1/4 MILE OR LESS
LOWEST: 64 ON 2 3 = THUNDER
SNOW, ICE PELLETS, HAIL 4 = ICE PELLETS
TOTAL MONTH: 0.0 INCH 5 = HAIL
GRTST 24HR 0.0 6 = FREEZING RAIN OR DRIZZLE
GRTST DEPTH: 0 7 = DUSTSTORM OR SANDSTORM:
VSBY 1/2 MILE OR LESS
8 = SMOKE OR HAZE
[NO. OF DAYS WITH] [WEATHER - DAYS WITH] 9 = BLOWING SNOW
X = TORNADO
MAX 32 OR BELOW: 0 0.01 INCH OR MORE: 9
MAX 90 OR ABOVE: 22 0.10 INCH OR MORE: 6
MIN 32 OR BELOW: 0 0.50 INCH OR MORE: 3
MIN 0 OR BELOW: 0 1.00 INCH OR MORE: 1
[HDD (BASE 65) ]
TOTAL THIS MO. 0 CLEAR (SCALE 0-3) 6
DPTR FM NORMAL 0 PTCLDY (SCALE 4-7) 19
TOTAL FM JUL 1 1997 CLOUDY (SCALE 8-10) 5
DPTR FM NORMAL -70
[CDD (BASE 65) ]
TOTAL THIS MO. 513
DPTR FM NORMAL 38 [PRESSURE DATA]
TOTAL FM JAN 1 924 HIGHEST SLP 30.11 ON 30
DPTR FM NORMAL 1 LOWEST SLP 29.75 ON 20
[REMARKS]
#FINAL-06-21#