000
CXUS56 KMFR 011710
CF6SIY
PRELIMINARY LOCAL CLIMATOLOGICAL DATA (WS FORM: F-6)
STATION: MONTAGUE CA
MONTH: DECEMBER
YEAR: 2020
LATITUDE: 41 46 N
LONGITUDE: 122 28 W
TEMPERATURE IN F: :PCPN: SNOW: WIND :SUNSHINE: SKY :PK WND
================================================================================
1 2 3 4 5 6A 6B 7 8 9 10 11 12 13 14 15 16 17 18
12Z AVG MX 2MIN
DY MAX MIN AVG DEP HDD CDD WTR SNW DPTH SPD SPD DIR MIN PSBL S-S WX SPD DR
================================================================================
1 49 21 35 -1 30 0 0.00 M M 3.1 9 50 M M 0 10 40
2 49 19 34 -2 31 0 0.00 M M 1.4 6 200 M M 0 1 8 220
3 53 24 39 3 26 0 0.00 M M 1.2 7 120 M M 1 7 120
4 50 21 36 1 29 0 0.00 M M 1.8 8 30 M M 0 9 30
5 48 19 34 -1 31 0 T M M 3.7 20 300 M M 2 23 300
6 52 26 39 4 26 0 T M M 3.5 17 340 M M 1 12 20 340
7 52 21 37 2 28 0 0.00 M M 3.2 10 10 M M 0 12 10
8 52 23 38 3 27 0 0.00 M M 2.6 9 180 M M 0 8 10 180
9 50 23 37 2 28 0 0.00 M M 3.4 12 50 M M 2 18 12 50
10 45 20 33 -2 32 0 0.01 M M 3.9 15 280 M M 5 128 18 280
11 38 18 28 -7 37 0 0.01 M M 3.5 17 360 M M 6 1 20 360
12 40 30 35 0 30 0 0.01 M M 2.4 10 10 M M 7 1 12 10
13 41 32 37 2 28 0 0.19 M M 5.6 14 10 M M 10 1 15 10
14 45 30 38 3 27 0 0.00 M M 1.6 7 40 M M 5 8 190
15 45 29 37 2 28 0 0.08 M M 2.0 8 110 M M 7 1 8 110
16 44 27 36 1 29 0 0.74 M M 3.0 15 200 M M 9 12 18 200
17 45 32 39 4 26 0 0.07 M M 5.1 22 340 M M 8 1 25 340
18 43 26 35 0 30 0 0.00 M M 2.2 8 240 M M 2 12 8 230
19 43 28 36 1 29 0 0.00 M M 3.6 9 230 M M 4 12 10 20
20 53 30 42 7 23 0 0.00 M M 2.0 8 220 M M 5 12 9 210
21 43 31 37 2 28 0 0.09 M M 3.9 20 290 M M 9 12 24 300
22 44 26 35 0 30 0 T M M 4.9 13 10 M M 2 15 20
23 40 19 30 -5 35 0 0.00 M M 1.6 6 210 M M 0 8 40
24 44 18 31 -4 34 0 0.00 M M 3.3 15 30 M M 1 17 20
25 48 35 42 7 23 0 0.03 M M 20.7 43 170 M M 7 50 180
26 47 31 39 4 26 0 0.30 M M 3.7 14 110 M M 6 1 15 110
27 37 25 31 -4 34 0 0.00 M M 1.3 8 240 M M 3 12 9 190
28 44 22 33 -2 32 0 0.00 M M 2.2 9 190 M M 3 128 11 180
29 38 18 28 -7 37 0 0.00 M M 1.6 8 70 M M 1 10 70
30 43 29 36 1 29 0 0.19 M M 4.8 20 200 M M 8 1 23 190
31 40 32 36 1 29 0 0.00 M M 1.7 7 260 M M 10 12 7 160
================================================================================
SM 1405 785 912 0 1.72 M 108.5 M 124
================================================================================
AV 45.3 25.3 3.5 FASTST M M 4 MAX(MPH)
MISC ----> 43 170 50 180
================================================================================
NOTES:
# LAST OF SEVERAL OCCURRENCES
COLUMN 17 PEAK WIND IN M.P.H.
PRELIMINARY LOCAL CLIMATOLOGICAL DATA (WS FORM: F-6) , PAGE 2
STATION: MONTAGUE CA
MONTH: DECEMBER
YEAR: 2020
LATITUDE: 41 46 N
LONGITUDE: 122 28 W
[TEMPERATURE DATA] [PRECIPITATION DATA] SYMBOLS USED IN COLUMN 16
AVERAGE MONTHLY: 35.3 TOTAL FOR MONTH: 1.72 1 = FOG OR MIST
DPTR FM NORMAL: 0.2 DPTR FM NORMAL: -0.94 2 = FOG REDUCING VISIBILITY
HIGHEST: 53 ON 20, 3 GRTST 24HR 0.81 ON 16-17 TO 1/4 MILE OR LESS
LOWEST: 18 ON 29,24 3 = THUNDER
SNOW, ICE PELLETS, HAIL 4 = ICE PELLETS
TOTAL MONTH: M 5 = HAIL
GRTST 24HR M ON M 6 = FREEZING RAIN OR DRIZZLE
GRTST DEPTH: M ON M 7 = DUSTSTORM OR SANDSTORM:
VSBY 1/2 MILE OR LESS
8 = SMOKE OR HAZE
[NO. OF DAYS WITH] [WEATHER - DAYS WITH] 9 = BLOWING SNOW
X = TORNADO
MAX 32 OR BELOW: 0 0.01 INCH OR MORE: 11
MAX 90 OR ABOVE: 0 0.10 INCH OR MORE: 4
MIN 32 OR BELOW: 30 0.50 INCH OR MORE: 1
MIN 0 OR BELOW: 0 1.00 INCH OR MORE: 0
[HDD (BASE 65) ]
TOTAL THIS MO. 912 CLEAR (SCALE 0-3) 16
DPTR FM NORMAL -15 PTCLDY (SCALE 4-7) 11
TOTAL FM JUL 1 1909 CLOUDY (SCALE 8-10) 4
DPTR FM NORMAL -325
[CDD (BASE 65) ]
TOTAL THIS MO. 0
DPTR FM NORMAL 0 [PRESSURE DATA]
TOTAL FM JAN 1 980 HIGHEST SLP 30.63 ON 7
DPTR FM NORMAL 436 LOWEST SLP 29.87 ON 25
[REMARKS]
#FINAL-12-20#