788
CXUS56 KFGZ 010900
CF6SJN
PRELIMINARY LOCAL CLIMATOLOGICAL DATA (WS FORM: F-6)
STATION: SAINT JOHNS AZ AIRPORT
MONTH: JUNE
YEAR: 2020
LATITUDE: 34 31 N
LONGITUDE: 109 23 W
TEMPERATURE IN F: :PCPN: SNOW: WIND :SUNSHINE: SKY :PK WND
================================================================================
1 2 3 4 5 6A 6B 7 8 9 10 11 12 13 14 15 16 17 18
12Z AVG MX 2MIN
DY MAX MIN AVG DEP HDD CDD WTR SNW DPTH SPD SPD DIR MIN PSBL S-S WX SPD DR
================================================================================
1 91 55 73 6 0 8 T M M 8.6 37 60 M M 3 3 48 60
2 91 56 74 7 0 9 0.00 M M 8.6 29 200 M M 2 37 210
3 93 54 74 6 0 9 T M M 6.1 17 230 M M 1 3 25 170
4 96 59 78 10 0 13 0.00 M M 9.3 25 250 M M 0 32 250
5 97 58 78 10 0 13 T M M 7.4 36 170 M M 1 3 49 160
6 87 54 71 2 0 6 0.00 M M 16.6 31 250 M M 1 41 250
7 83 44 64 -5 1 0 0.00 M M 12.5 31 240 M M 0 40 240
8 79 43 61 -8 4 0 0.00 M M 17.9 40 270 M M 0 53 270
9 75 32 54 -16 11 0 0.00 M M 6.2 16 320 M M 0 23 320
10 87 38 63 -7 2 0 0.00 M M 5.6 15 320 M M 0 19 300
11 91 45 68 -2 0 3 T M M 7.1 37 280 M M 0 8 50 290
12 93 64 79 8 0 14 T M M 9.8 32 180 M M 1 51 180
13 92 67 80 9 0 15 0.00 M M 16.5 36 190 M M 1 43 200
14 90 61 76 5 0 11 0.00 M M 11.6 29 250 M M 0 37 250
15 93 50 72 1 0 7 0.00 M M 9.5 30 120 M M 0 3 39 120
16 90 56 73 1 0 8 0.00 M M 11.2 28 250 M M 0 38 230
17 90 47 69 -3 0 4 0.00 M M 12.0 30 260 M M 0 38 230
18 89 51 70 -2 0 5 0.00 M M 9.8 28 250 M M 0 36 260
19 89 51 70 -3 0 5 0.00 M M 9.0 22 270 M M 0 28 280
20 92 52 72 -1 0 7 0.00 M M 8.6 21 220 M M 0 27 310
21 94 57 76 3 0 11 0.00 M M 8.9 22 300 M M 0 8 29 290
22 96 62 79 5 0 14 0.00 M M 9.6 21 290 M M 0 26 290
23 98 59 79 5 0 14 0.00 M M 9.6 25 290 M M 0 34 290
24 99 61 80 6 0 15 0.00 M M 7.7 21 300 M M 0 27 230
25 95 54 75 1 0 10 0.00 M M 9.2 26 260 M M 0 33 250
26 94 59 77 2 0 12 0.00 M M 8.8 26 250 M M 0 33 250
27 92 58 75 0 0 10 0.00 M M 11.5 28 250 M M 0 36 260
28 88 63 76 1 0 11 0.00 M M 14.7 29 240 M M 0 38 220
29 86 62 74 -1 0 9 0.00 M M 15.9 33 240 M M 0 42 240
30 85 56 71 -4 0 6 0.00 M M 11.4 26 250 M M 0 36 230
================================================================================
SM 2715 1628 18 249 T M 311.2 M 10
================================================================================
AV 90.5 54.3 10.4 FASTST M M 0 MAX(MPH)
MISC ----> # 40 270 # 53 270
================================================================================
NOTES:
# LAST OF SEVERAL OCCURRENCES
COLUMN 17 PEAK WIND IN M.P.H.
PRELIMINARY LOCAL CLIMATOLOGICAL DATA (WS FORM: F-6) , PAGE 2
STATION: SAINT JOHNS AZ AIRPORT
MONTH: JUNE
YEAR: 2020
LATITUDE: 34 31 N
LONGITUDE: 109 23 W
[TEMPERATURE DATA] [PRECIPITATION DATA] SYMBOLS USED IN COLUMN 16
AVERAGE MONTHLY: 72.4 TOTAL FOR MONTH: T 1 = FOG OR MIST
DPTR FM NORMAL: 1.0 DPTR FM NORMAL: -0.40 2 = FOG REDUCING VISIBILITY
HIGHEST: 99 ON 24 GRTST 24HR T ON 12-12 TO 1/4 MILE OR LESS
LOWEST: 32 ON 9 3 = THUNDER
SNOW, ICE PELLETS, HAIL 4 = ICE PELLETS
TOTAL MONTH: M 5 = HAIL
GRTST 24HR M ON M 6 = FREEZING RAIN OR DRIZZLE
GRTST DEPTH: M ON M 7 = DUSTSTORM OR SANDSTORM:
VSBY 1/2 MILE OR LESS
8 = SMOKE OR HAZE
[NO. OF DAYS WITH] [WEATHER - DAYS WITH] 9 = BLOWING SNOW
X = TORNADO
MAX 32 OR BELOW: 0 0.01 INCH OR MORE: 0
MAX 90 OR ABOVE: 20 0.10 INCH OR MORE: 0
MIN 32 OR BELOW: 1 0.50 INCH OR MORE: 0
MIN 0 OR BELOW: 0 1.00 INCH OR MORE: 0
[HDD (BASE 65) ]
TOTAL THIS MO. 18 CLEAR (SCALE 0-3) 30
DPTR FM NORMAL 7 PTCLDY (SCALE 4-7) 0
TOTAL FM JUL 1 4600 CLOUDY (SCALE 8-10) 0
DPTR FM NORMAL -105
[CDD (BASE 65) ]
TOTAL THIS MO. 249
DPTR FM NORMAL 44 [PRESSURE DATA]
TOTAL FM JAN 1 326 HIGHEST SLP M ON M
DPTR FM NORMAL 75 LOWEST SLP 29.58 ON M
[REMARKS]
#FINAL-06-20#