000
CXUS56 KSLC 010734
CF6SLC
PRELIMINARY LOCAL CLIMATOLOGICAL DATA (WS FORM: F-6)
STATION: SALT LAKE CITY UT
MONTH: SEPTEMBER
YEAR: 2022
LATITUDE: 40 46 N
LONGITUDE: 111 58 W
TEMPERATURE IN F: :PCPN: SNOW: WIND :SUNSHINE: SKY :PK WND
================================================================================
1 2 3 4 5 6A 6B 7 8 9 10 11 12 13 14 15 16 17 18
12Z AVG MX 2MIN
DY MAX MIN AVG DEP HDD CDD WTR SNW DPTH SPD SPD DIR MIN PSBL S-S WX SPD DR
================================================================================
1 102 72 87 13 0 22 0.00 0.0 0 6.7 16 340 M M 0 8 21 330
2 100 68 84 10 0 19 0.00 0.0 0 6.1 13 330 M M 0 8 20 330
3 103 68 86 12 0 21 0.00 0.0 0 6.7 12 140 M M 0 17 330
4 102 72 87 14 0 22 0.00 0.0 0 6.7 12 320 M M 0 18 310
5 104 71 88 15 0 23 0.00 0.0 0 6.8 15 320 M M 0 20 350
6 105 71 88 15 0 23 0.00 0.0 0 5.9 16 350 M M 0 8 19 260
7 107 74 91 19 0 26 0.00 0.0 0 6.4 15 270 M M 1 21 270
8 98 75 87 15 0 22 0.00 0.0 0 6.8 21 350 M M 1 29 360
9 84 62 73 2 0 8 0.00 0.0 0 6.4 14 360 M M 0 8 21 330
10 85 56 71 0 0 6 0.00 0.0 0 5.6 10 150 M M 0 8 16 330
11 90 59 75 4 0 10 0.00 0.0 0 5.4 13 340 M M 0 17 330
12 94 61 78 8 0 13 0.00 0.0 0 6.2 14 330 M M 1 8 19 340
13 80 63 72 2 0 7 0.06 0.0 0 10.2 25 160 M M 8 13 35 180
14 72 62 67 -2 0 2 0.22 0.0 0 6.3 23 200 M M 5 13 30 200
15 78 60 69 0 0 4 0.01 0.0 0 5.7 24 290 M M 4 3 31 290
16 75 58 67 -1 0 2 0.19 0.0 0 6.3 14 330 M M 3 13 24 340
17 75 58 67 -1 0 2 T 0.0 0 7.9 22 100 M M 3 37 110
18 88 60 74 6 0 9 0.00 0.0 0 15.0 30 190 M M 0 41 200
19 89 61 75 8 0 10 0.00 0.0 0 11.6 25 180 M M 0 38 180
20 92 65 79 12 0 14 0.00 0.0 0 12.1 28 170 M M 1 40 150
21 84 66 75 9 0 10 0.09 0.0 0 11.3 31 190 M M 4 38 44 170
22 74 57 66 0 0 1 T 0.0 0 7.5 16 360 M M 1 24 340
23 75 52 64 -1 1 0 0.00 0.0 0 5.2 13 330 M M 0 17 340
24 81 52 67 2 0 2 0.00 0.0 0 6.7 14 340 M M 0 20 320
25 82 53 68 4 0 3 0.00 0.0 0 5.3 12 320 M M 0 15 310
26 85 58 72 8 0 7 0.00 0.0 0 6.6 12 310 M M 0 16 350
27 90 56 73 10 0 8 0.00 0.0 0 6.9 13 10 M M 0 16 330
28 84 63 74 11 0 9 0.14 0.0 0 10.4 29 160 M M 5 3 39 160
29 86 63 75 13 0 10 0.05 0.0 0 10.9 23 280 M M 3 38 32 280
30 71 55 63 1 2 0 T 0.0 0 7.7 18 330 M M 2 24 320
================================================================================
SM 2635 1871 3 315 0.76 0.0 229.3 M 42
================================================================================
AV 87.8 62.4 7.6 FASTST M M 1 MAX(MPH)
MISC ----> 31 190 44 170
================================================================================
NOTES:
# LAST OF SEVERAL OCCURRENCES
COLUMN 17 PEAK WIND IN M.P.H.
PRELIMINARY LOCAL CLIMATOLOGICAL DATA (WS FORM: F-6) , PAGE 2
STATION: SALT LAKE CITY UT
MONTH: SEPTEMBER
YEAR: 2022
LATITUDE: 40 46 N
LONGITUDE: 111 58 W
[TEMPERATURE DATA] [PRECIPITATION DATA] SYMBOLS USED IN COLUMN 16
AVERAGE MONTHLY: 75.1 TOTAL FOR MONTH: 0.76 1 = FOG OR MIST
DPTR FM NORMAL: 6.7 DPTR FM NORMAL: -0.30 2 = FOG REDUCING VISIBILITY
HIGHEST: 107 ON 7 GRTST 24HR 0.26 ON 13-14 TO 1/4 MILE OR LESS
LOWEST: 52 ON 24,23 3 = THUNDER
SNOW, ICE PELLETS, HAIL 4 = ICE PELLETS
TOTAL MONTH: 0.0 INCH 5 = HAIL
GRTST 24HR 0.0 6 = FREEZING RAIN OR DRIZZLE
GRTST DEPTH: 0 7 = DUSTSTORM OR SANDSTORM:
VSBY 1/2 MILE OR LESS
8 = SMOKE OR HAZE
[NO. OF DAYS WITH] [WEATHER - DAYS WITH] 9 = BLOWING SNOW
X = TORNADO
MAX 32 OR BELOW: 0 0.01 INCH OR MORE: 7
MAX 90 OR ABOVE: 12 0.10 INCH OR MORE: 3
MIN 32 OR BELOW: 0 0.50 INCH OR MORE: 0
MIN 0 OR BELOW: 0 1.00 INCH OR MORE: 0
[HDD (BASE 65) ]
TOTAL THIS MO. 3 CLEAR (SCALE 0-3) 23
DPTR FM NORMAL -56 PTCLDY (SCALE 4-7) 7
TOTAL FM JUL 1 3 CLOUDY (SCALE 8-10) 0
DPTR FM NORMAL -59
[CDD (BASE 65) ]
TOTAL THIS MO. 315
DPTR FM NORMAL 152 [PRESSURE DATA]
TOTAL FM JAN 1 1930 HIGHEST SLP M ON M
DPTR FM NORMAL 524 LOWEST SLP 29.60 ON 18
[REMARKS]
#FINAL-09-22#