000
CXUS56 KSLC 071406
CF6SLC
PRELIMINARY LOCAL CLIMATOLOGICAL DATA (WS FORM: F-6)
STATION: SALT LAKE CITY UT
MONTH: MARCH
YEAR: 2021
LATITUDE: 40 46 N
LONGITUDE: 111 58 W
TEMPERATURE IN F: :PCPN: SNOW: WIND :SUNSHINE: SKY :PK WND
================================================================================
1 2 3 4 5 6A 6B 7 8 9 10 11 12 13 14 15 16 17 18
12Z AVG MX 2MIN
DY MAX MIN AVG DEP HDD CDD WTR SNW DPTH SPD SPD DIR MIN PSBL S-S WX SPD DR
================================================================================
1 47 24 36 -3 29 0 0.00 0.0 0 5.0 12 330 M M 0 15 330
2 56 26 41 1 24 0 0.00 0.0 0 5.2 13 310 M M 0 8 14 310
3 63 32 48 8 17 0 0.00 0.0 0 5.9 15 300 M M 1 18 290
4 57 41 49 9 16 0 0.00 0.0 0 6.5 24 150 M M 2 28 150
5 62 34 48 7 17 0 0.00 0.0 0 6.9 15 160 M M 0 18 160
6 70 41 56 15 9 0 0.00 0.0 0 14.4 33 150 M M 1 8 42 170
7 60 34 47 6 18 0 0.00 0.0 0 5.3 12 270 M M 0 14 310
8 70 44 57 15 8 0 0.00 0.0 0 14.0 32 180 M M 2 40 160
9 47 36 42 0 23 0 T T 0 12.0 21 340 M M 8 25 340
10 49 34 42 0 23 0 T T 0 7.2 20 150 M M 4 25 170
11 46 31 39 -4 26 0 T T 0 5.9 17 360 M M 5 22 160
12 52 25 39 -4 26 0 0.00 0.0 0 6.5 22 20 M M 2 1 25 360
13 45 36 41 -2 24 0 0.01 0.0 0 6.3 25 110 M M 8 31 100
14 57 36 47 3 18 0 0.00 0.0 0 8.1 21 310 M M 3 25 280
15 62 41 52 8 13 0 T 0.0 0 12.9 24 170 M M 4 31 170
16 57 42 50 6 15 0 0.03 0.0 0 7.9 22 260 M M 7 27 300
17 57 38 48 4 17 0 T 0.0 0 7.2 17 200 M M 4 21 210
18 65 45 55 11 10 0 0.00 0.0 0 12.9 24 170 M M 2 30 180
19 71 46 59 14 6 0 0.00 0.0 0 14.8 22 190 M M 2 37 M
20 61 38 50 5 15 0 0.85 0.0 0 10.7 25 300 M M 9 18 42 290
21 43 29 36 -9 29 0 0.25 1.1 1 7.7 20 20 M M 6 15 25 290
22 45 29 37 -8 28 0 0.02 0.0 0 6.8 16 160 M M 5 8 19 10
23 47 30 39 -7 26 0 0.01 0.0 0 8.0 21 330 M M 5 12 25 330
24 48 31 40 -6 25 0 0.00 0.0 0 7.5 20 10 M M 1 22 20
25 48 32 40 -6 25 0 0.33 1.2 1 9.4 22 170 M M 10 1 26 170
26 48 33 41 -5 24 0 0.05 0.0 1 8.1 24 360 M M 8 1 29 360
27 54 32 43 -3 22 0 0.00 0.0 0 4.7 14 310 M M 1 20 310
28 67 39 53 7 12 0 0.00 0.0 0 12.9 22 170 M M 0 27 170
29 57 29 43 -4 22 0 0.00 0.0 0 16.3 32 310 M M 4 40 300
30 43 26 35 -12 30 0 0.00 0.0 0 5.9 16 290 M M 2 21 310
31 54 30 42 -5 23 0 0.00 0.0 0 6.7 10 340 M M 0 16 320
================================================================================
SM 1708 1064 620 0 1.55 2.3 269.6 M 106
================================================================================
AV 55.1 34.3 8.7 FASTST M M 3 MAX(MPH)
MISC ----> 33 150 # 42 170
================================================================================
NOTES:
# LAST OF SEVERAL OCCURRENCES
COLUMN 17 PEAK WIND IN M.P.H.
PRELIMINARY LOCAL CLIMATOLOGICAL DATA (WS FORM: F-6) , PAGE 2
STATION: SALT LAKE CITY UT
MONTH: MARCH
YEAR: 2021
LATITUDE: 40 46 N
LONGITUDE: 111 58 W
[TEMPERATURE DATA] [PRECIPITATION DATA] SYMBOLS USED IN COLUMN 16
AVERAGE MONTHLY: 44.7 TOTAL FOR MONTH: 1.55 1 = FOG OR MIST
DPTR FM NORMAL: 1.1 DPTR FM NORMAL: -0.24 2 = FOG REDUCING VISIBILITY
HIGHEST: 71 ON 19 GRTST 24HR 1.06 ON 20-21 TO 1/4 MILE OR LESS
LOWEST: 24 ON 1 3 = THUNDER
SNOW, ICE PELLETS, HAIL 4 = ICE PELLETS
TOTAL MONTH: 2.3 INCHES 5 = HAIL
GRTST 24HR 1.2 ON 25-25 6 = FREEZING RAIN OR DRIZZLE
GRTST DEPTH: 1 ON 26,25 7 = DUSTSTORM OR SANDSTORM:
VSBY 1/2 MILE OR LESS
8 = SMOKE OR HAZE
[NO. OF DAYS WITH] [WEATHER - DAYS WITH] 9 = BLOWING SNOW
X = TORNADO
MAX 32 OR BELOW: 0 0.01 INCH OR MORE: 8
MAX 90 OR ABOVE: 0 0.10 INCH OR MORE: 3
MIN 32 OR BELOW: 14 0.50 INCH OR MORE: 1
MIN 0 OR BELOW: 0 1.00 INCH OR MORE: 0
[HDD (BASE 65) ]
TOTAL THIS MO. 620 CLEAR (SCALE 0-3) 17
DPTR FM NORMAL -42 PTCLDY (SCALE 4-7) 9
TOTAL FM JUL 1 4492 CLOUDY (SCALE 8-10) 5
DPTR FM NORMAL -426
[CDD (BASE 65) ]
TOTAL THIS MO. 0
DPTR FM NORMAL 0 [PRESSURE DATA]
TOTAL FM JAN 1 0 HIGHEST SLP 30.52 ON 31
DPTR FM NORMAL 0 LOWEST SLP 29.55 ON 25
[REMARKS]
#FINAL-03-21#