000
CXUS53 KICT 010800
CF6SLN
PRELIMINARY LOCAL CLIMATOLOGICAL DATA (WS FORM: F-6)
STATION: SALINA KS
MONTH: AUGUST
YEAR: 2020
LATITUDE: 38 47 N
LONGITUDE: 97 39 W
TEMPERATURE IN F: :PCPN: SNOW: WIND :SUNSHINE: SKY :PK WND
================================================================================
1 2 3 4 5 6A 6B 7 8 9 10 11 12 13 14 15 16 17 18
12Z AVG MX 2MIN
DY MAX MIN AVG DEP HDD CDD WTR SNW DPTH SPD SPD DIR MIN PSBL S-S WX SPD DR
================================================================================
1 86 61 74 -7 0 9 0.12 M M 5.1 31 360 M M 1 3 37 350
2 80 65 73 -8 0 8 0.00 M M 10.8 22 350 M M 1 28 360
3 81 59 70 -11 0 5 0.00 M M 6.1 13 60 M M 1 16 70
4 79 57 68 -13 0 3 T M M 7.4 21 160 M M 1 26 160
5 87 61 74 -7 0 9 0.00 M M 9.7 16 170 M M 2 23 190
6 88 68 78 -3 0 13 0.00 M M 9.4 18 170 M M 0 24 190
7 92 71 82 1 0 17 0.00 M M 14.2 25 160 M M 1 33 170
8 99 73 86 5 0 21 0.00 M M 11.9 22 190 M M 0 28 190
9 93 74 84 3 0 19 0.03 M M 13.5 25 170 M M 0 3 37 170
10 93 74 84 3 0 19 T M M 11.3 49 220 M M 1 3 65 220
11 92 68 80 0 0 15 0.00 M M 6.9 16 130 M M 1 1 22 120
12 90 69 80 0 0 15 T M M 10.3 21 130 M M 1 31 130
13 90 71 81 1 0 16 T M M 8.4 16 150 M M 2 23 90
14 94 68 81 1 0 16 0.00 M M 7.4 24 150 M M 1 3 30 150
15 93 66 80 0 0 15 0.00 M M 8.8 17 350 M M 0 23 360
16 85 63 74 -6 0 9 0.10 M M 7.1 32 30 M M 3 13 52 30
17 90 62 76 -4 0 11 0.00 M M 5.5 15 10 M M 0 25 20
18 84 57 71 -9 0 6 0.00 M M 3.5 12 90 M M 1 14 100
19 87 62 75 -5 0 10 0.00 M M 6.9 15 110 M M 2 8 23 100
20 91 60 76 -3 0 11 0.00 M M 7.8 16 200 M M 0 8 20 150
21 89 65 77 -2 0 12 T M M 9.4 20 200 M M 0 25 200
22 95 61 78 -1 0 13 0.00 M M 7.6 17 160 M M 0 24 170
23 97 64 81 2 0 16 0.00 M M 8.3 16 150 M M 0 20 150
24 96 62 79 0 0 14 0.00 M M 8.8 18 160 M M 0 24 160
25 97 66 82 4 0 17 0.00 M M 10.0 21 210 M M 0 28 170
26 96 64 80 2 0 15 0.00 M M 10.1 22 200 M M 0 30 160
27 97 66 82 4 0 17 0.00 M M 9.2 17 170 M M 0 24 120
28 100 68 84 6 0 19 0.00 M M 8.1 16 30 M M 0 24 30
29 81 63 72 -5 0 7 0.43 M M 7.6 23 30 M M 5 13 29 30
30 86 61 74 -3 0 9 0.00 M M 6.9 14 150 M M 3 12 20 140
31 80 65 73 -4 0 8 T M M 11.9 32 360 M M 5 1 43 360
================================================================================
SM 2788 2014 0 394 0.68 M 269.9 M 32
================================================================================
AV 89.9 65.0 8.7 FASTST M M 1 MAX(MPH)
MISC ----> # 49 220 # 65 220
================================================================================
NOTES:
# LAST OF SEVERAL OCCURRENCES
COLUMN 17 PEAK WIND IN M.P.H.
PRELIMINARY LOCAL CLIMATOLOGICAL DATA (WS FORM: F-6) , PAGE 2
STATION: SALINA KS
MONTH: AUGUST
YEAR: 2020
LATITUDE: 38 47 N
LONGITUDE: 97 39 W
[TEMPERATURE DATA] [PRECIPITATION DATA] SYMBOLS USED IN COLUMN 16
AVERAGE MONTHLY: 77.5 TOTAL FOR MONTH: 0.68 1 = FOG OR MIST
DPTR FM NORMAL: -2.1 DPTR FM NORMAL: -3.27 2 = FOG REDUCING VISIBILITY
HIGHEST: 100 ON 28 GRTST 24HR 0.43 ON 29-29 TO 1/4 MILE OR LESS
LOWEST: 57 ON 18, 4 3 = THUNDER
SNOW, ICE PELLETS, HAIL 4 = ICE PELLETS
TOTAL MONTH: M 5 = HAIL
GRTST 24HR M ON M 6 = FREEZING RAIN OR DRIZZLE
GRTST DEPTH: M ON M 7 = DUSTSTORM OR SANDSTORM:
VSBY 1/2 MILE OR LESS
8 = SMOKE OR HAZE
[NO. OF DAYS WITH] [WEATHER - DAYS WITH] 9 = BLOWING SNOW
X = TORNADO
MAX 32 OR BELOW: 0 0.01 INCH OR MORE: 4
MAX 90 OR ABOVE: 18 0.10 INCH OR MORE: 3
MIN 32 OR BELOW: 0 0.50 INCH OR MORE: 0
MIN 0 OR BELOW: 0 1.00 INCH OR MORE: 0
[HDD (BASE 65) ]
TOTAL THIS MO. 0 CLEAR (SCALE 0-3) 29
DPTR FM NORMAL -1 PTCLDY (SCALE 4-7) 2
TOTAL FM JUL 1 0 CLOUDY (SCALE 8-10) 0
DPTR FM NORMAL -1
[CDD (BASE 65) ]
TOTAL THIS MO. 394
DPTR FM NORMAL -59 [PRESSURE DATA]
TOTAL FM JAN 1 1396 HIGHEST SLP M ON M
DPTR FM NORMAL -11 LOWEST SLP 29.62 ON 31
[REMARKS]
#FINAL-08-20#