000
CXUS56 KSGX 011145
CF6SNA
PRELIMINARY LOCAL CLIMATOLOGICAL DATA (WS FORM: F-6)
STATION: JOHN WAYNE AIRPORT CA
MONTH: FEBRUARY
YEAR: 2024
LATITUDE: 33 40 N
LONGITUDE: 117 53 W
TEMPERATURE IN F: :PCPN: SNOW: WIND :SUNSHINE: SKY :PK WND
================================================================================
1 2 3 4 5 6A 6B 7 8 9 10 11 12 13 14 15 16 17 18
12Z AVG MX 2MIN
DY MAX MIN AVG DEP HDD CDD WTR SNW DPTH SPD SPD DIR MIN PSBL S-S WX SPD DR
================================================================================
1 62 52 57 -1 8 0 1.18 M M 6.8 23 140 M M 7 13 34 130
2 62 50 56 -2 9 0 0.15 M M 4.6 15 240 M M 4 1 22 230
3 61 51 56 -2 9 0 0.03 M M 4.1 13 190 M M 7 17 190
4 62 52 57 -1 8 0 0.60 M M 8.3 21 140 M M 8 1 32 150
5 59 55 57 -1 8 0 1.52 M M 6.6 18 120 M M 10 1 27 150
6 57 50 54 -4 11 0 1.65 M M 3.9 13 160 M M 9 18 18 180
7 61 48 55 -3 10 0 0.32 M M 5.9 29 210 M M 7 1 36 220
8 59 51 55 -3 10 0 0.14 M M 6.4 14 230 M M 7 19 240
9 59 49 54 -4 11 0 T M M 2.7 12 190 M M 5 18 120
10 66 44 55 -3 10 0 0.00 M M 2.0 10 250 M M 1 15 270
11 66 44 55 -3 10 0 0.00 M M 2.8 13 200 M M 0 16 210
12 65 44 55 -3 10 0 0.00 M M 2.3 10 220 M M 0 14 220
13 64 46 55 -3 10 0 0.00 M M 4.0 15 200 M M 2 19 210
14 64 52 58 0 7 0 0.00 M M 2.4 12 210 M M 4 14 220
15 66 50 58 0 7 0 0.00 M M 3.8 13 180 M M 5 19 180
16 66 56 61 3 4 0 0.00 M M 3.3 13 190 M M 7 18 17 190
17 64 54 59 1 6 0 0.00 M M 3.1 12 210 M M 7 18 14 200
18 67 55 61 3 4 0 T M M 5.2 15 210 M M 7 18 210
19 62 57 60 2 5 0 0.11 M M 7.7 18 170 M M 10 1 22 150
20 61 57 59 1 6 0 1.03 M M 6.5 16 100 M M 10 1 21 100
21 65 56 61 3 4 0 0.24 M M 5.1 15 200 M M 6 1 19 180
22 68 51 60 1 5 0 0.00 M M 3.0 10 230 M M 2 14 230
23 79 52 66 7 0 1 0.00 M M 3.0 15 210 M M 5 18 210
24 75 57 66 7 0 1 0.00 M M 2.3 12 210 M M 6 13 200
25 67 55 61 2 4 0 0.00 M M 2.9 10 180 M M 6 14 220
26 66 56 61 2 4 0 T M M 2.6 14 190 M M 7 18 16 190
27 66 57 62 3 3 0 T M M 3.2 13 190 M M 6 8 16 210
28 69 52 61 2 4 0 T M M 3.4 12 210 M M 2 15 210
29 66 58 62 3 3 0 T M M 4.3 12 190 M M 8 M M
================================================================================
SM 1874 1511 190 2 6.97 M 122.2 M 165
================================================================================
AV 64.6 52.1 4.2 FASTST M M 6 MAX(MPH)
MISC ----> 29 210 36 220
================================================================================
NOTES:
# LAST OF SEVERAL OCCURRENCES
COLUMN 17 PEAK WIND IN M.P.H.
PRELIMINARY LOCAL CLIMATOLOGICAL DATA (WS FORM: F-6) , PAGE 2
STATION: JOHN WAYNE AIRPORT CA
MONTH: FEBRUARY
YEAR: 2024
LATITUDE: 33 40 N
LONGITUDE: 117 53 W
[TEMPERATURE DATA] [PRECIPITATION DATA] SYMBOLS USED IN COLUMN 16
AVERAGE MONTHLY: 58.4 TOTAL FOR MONTH: 6.97 1 = FOG OR MIST
DPTR FM NORMAL: 0.0 DPTR FM NORMAL: 4.33 2 = FOG REDUCING VISIBILITY
HIGHEST: 79 ON 23 GRTST 24HR 2.15 ON 5- 6 TO 1/4 MILE OR LESS
LOWEST: 44 ON 12,11 3 = THUNDER
SNOW, ICE PELLETS, HAIL 4 = ICE PELLETS
TOTAL MONTH: M 5 = HAIL
GRTST 24HR M ON M 6 = FREEZING RAIN OR DRIZZLE
GRTST DEPTH: M ON M 7 = DUSTSTORM OR SANDSTORM:
VSBY 1/2 MILE OR LESS
8 = SMOKE OR HAZE
[NO. OF DAYS WITH] [WEATHER - DAYS WITH] 9 = BLOWING SNOW
X = TORNADO
MAX 32 OR BELOW: 0 0.01 INCH OR MORE: 11
MAX 90 OR ABOVE: 0 0.10 INCH OR MORE: 10
MIN 32 OR BELOW: 0 0.50 INCH OR MORE: 5
MIN 0 OR BELOW: 0 1.00 INCH OR MORE: 4
[HDD (BASE 65) ]
TOTAL THIS MO. 190 CLEAR (SCALE 0-3) 6
DPTR FM NORMAL -2 PTCLDY (SCALE 4-7) 18
TOTAL FM JUL 1 523 CLOUDY (SCALE 8-10) 5
DPTR FM NORMAL -275
[CDD (BASE 65) ]
TOTAL THIS MO. 2
DPTR FM NORMAL -5 [PRESSURE DATA]
TOTAL FM JAN 1 3 HIGHEST SLP 30.25 ON 22
DPTR FM NORMAL -11 LOWEST SLP 29.65 ON 6
[REMARKS]
#FINAL-02-24#