000
CXUS56 KSGX 011045
CF6SNA
PRELIMINARY LOCAL CLIMATOLOGICAL DATA (WS FORM: F-6)
STATION: JOHN WAYNE AIRPORT CA
MONTH: JULY
YEAR: 2021
LATITUDE: 33 40 N
LONGITUDE: 117 53 W
TEMPERATURE IN F: :PCPN: SNOW: WIND :SUNSHINE: SKY :PK WND
================================================================================
1 2 3 4 5 6A 6B 7 8 9 10 11 12 13 14 15 16 17 18
12Z AVG MX 2MIN
DY MAX MIN AVG DEP HDD CDD WTR SNW DPTH SPD SPD DIR MIN PSBL S-S WX SPD DR
================================================================================
1 83 66 75 4 0 10 0.00 M M 5.5 13 220 M M 5 17 240
2 79 67 73 2 0 8 0.00 M M 5.8 16 200 M M 6 21 200
3 81 66 74 3 0 9 0.00 M M 6.2 15 210 M M 5 18 19 190
4 78 67 73 2 0 8 0.00 M M 5.0 14 180 M M 5 8 17 190
5 77 65 71 -1 0 6 0.00 M M 5.4 12 220 M M 3 18 16 230
6 78 66 72 0 0 7 0.00 M M 6.8 15 200 M M 4 21 210
7 77 67 72 0 0 7 0.00 M M 7.6 15 190 M M 4 20 190
8 81 68 75 3 0 10 0.00 M M 6.7 16 220 M M 3 21 210
9 84 69 77 5 0 12 0.00 M M 6.3 15 200 M M 2 28 110
10 86 70 78 6 0 13 0.00 M M 7.0 17 190 M M 4 8 22 180
11 80 69 75 3 0 10 0.00 M M 7.6 17 210 M M 4 22 210
12 78 69 74 2 0 9 0.00 M M 7.3 16 200 M M 4 23 210
13 81 69 75 3 0 10 0.00 M M 6.3 16 190 M M 3 21 200
14 80 71 76 3 0 11 0.00 M M 7.6 16 210 M M 5 19 210
15 81 70 76 3 0 11 0.00 M M 6.6 14 200 M M 4 19 190
16 81 69 75 2 0 10 0.00 M M 5.6 13 210 M M 4 18 240
17 83 69 76 3 0 11 0.00 M M 5.4 16 190 M M 4 20 190
18 87 71 79 6 0 14 0.00 M M 6.1 13 200 M M 4 19 180
19 88 71 80 7 0 15 0.00 M M 5.4 13 210 M M 1 17 220
20 86 70 78 5 0 13 0.00 M M 5.2 10 210 M M 1 M M
21 84 70 77 4 0 12 0.00 M M 6.1 16 190 M M 2 20 190
22 81 70 76 3 0 11 0.00 M M 8.4 18 210 M M 6 8 22 210
23 81 69 75 2 0 10 0.00 M M 5.9 15 210 M M 7 20 200
24 80 70 75 2 0 10 T M M 5.6 14 200 M M 8 19 180
25 80 69 75 2 0 10 T M M 5.1 16 190 M M 7 20 210
26 76 70 73 0 0 8 0.04 M M 5.0 12 210 M M 8 14 210
27 82 69 76 3 0 11 0.00 M M 5.0 10 220 M M 5 8 15 240
28 85 69 77 4 0 12 0.00 M M 4.9 12 210 M M 1 14 200
29 84 67 76 3 0 11 0.00 M M 4.4 12 210 M M 3 17 210
30 82 66 74 1 0 9 0.00 M M 5.2 13 220 M M 4 8 16 240
31 83 66 75 1 0 10 0.00 M M 5.0 12 190 M M 1 15 210
================================================================================
SM 2527 2124 0 318 0.04 M 186.0 M 127
================================================================================
AV 81.5 68.5 6.0 FASTST M M 4 MAX(MPH)
MISC ----> 18 210 28 110
================================================================================
NOTES:
# LAST OF SEVERAL OCCURRENCES
COLUMN 17 PEAK WIND IN M.P.H.
PRELIMINARY LOCAL CLIMATOLOGICAL DATA (WS FORM: F-6) , PAGE 2
STATION: JOHN WAYNE AIRPORT CA
MONTH: JULY
YEAR: 2021
LATITUDE: 33 40 N
LONGITUDE: 117 53 W
[TEMPERATURE DATA] [PRECIPITATION DATA] SYMBOLS USED IN COLUMN 16
AVERAGE MONTHLY: 75.0 TOTAL FOR MONTH: 0.04 1 = FOG OR MIST
DPTR FM NORMAL: 2.5 DPTR FM NORMAL: 0.00 2 = FOG REDUCING VISIBILITY
HIGHEST: 88 ON 19 GRTST 24HR 0.04 ON 25-26 TO 1/4 MILE OR LESS
LOWEST: 65 ON 5 3 = THUNDER
SNOW, ICE PELLETS, HAIL 4 = ICE PELLETS
TOTAL MONTH: M 5 = HAIL
GRTST 24HR M ON M 6 = FREEZING RAIN OR DRIZZLE
GRTST DEPTH: M ON M 7 = DUSTSTORM OR SANDSTORM:
VSBY 1/2 MILE OR LESS
8 = SMOKE OR HAZE
[NO. OF DAYS WITH] [WEATHER - DAYS WITH] 9 = BLOWING SNOW
X = TORNADO
MAX 32 OR BELOW: 0 0.01 INCH OR MORE: 1
MAX 90 OR ABOVE: 0 0.10 INCH OR MORE: 0
MIN 32 OR BELOW: 0 0.50 INCH OR MORE: 0
MIN 0 OR BELOW: 0 1.00 INCH OR MORE: 0
[HDD (BASE 65) ]
TOTAL THIS MO. 0 CLEAR (SCALE 0-3) 9
DPTR FM NORMAL 0 PTCLDY (SCALE 4-7) 22
TOTAL FM JUL 1 0 CLOUDY (SCALE 8-10) 0
DPTR FM NORMAL 0
[CDD (BASE 65) ]
TOTAL THIS MO. 318
DPTR FM NORMAL 84 [PRESSURE DATA]
TOTAL FM JAN 1 596 HIGHEST SLP 30.05 ON 23
DPTR FM NORMAL 161 LOWEST SLP 29.78 ON 7
[REMARKS]
#FINAL-07-21#