000
CXUS56 KPQR 011155
CF6SPB
PRELIMINARY LOCAL CLIMATOLOGICAL DATA (WS FORM: F-6)
STATION: SCAPPOOSE OR
MONTH: JANUARY
YEAR: 2022
LATITUDE: 45 46 N
LONGITUDE: 122 50 W
TEMPERATURE IN F: :PCPN: SNOW: WIND :SUNSHINE: SKY :PK WND
================================================================================
1 2 3 4 5 6A 6B 7 8 9 10 11 12 13 14 15 16 17 18
12Z AVG MX 2MIN
DY MAX MIN AVG DEP HDD CDD WTR SNW DPTH SPD SPD DIR MIN PSBL S-S WX SPD DR
================================================================================
1 32 23 28 -12 37 0 0.00 M M 2.4 8 170 M M 5 13 180
2 47 30 39 -1 26 0 0.80 M M 4.5 17 190 M M 9 1 30 170
3 46 34 40 0 25 0 1.19 M M 4.6 16 200 M M 10 1 28 200
4 43 34 39 -1 26 0 0.09 M M 1.4 9 200 M M 10 1 12 170
5 42 36 39 -1 26 0 0.82 M M 1.2 8 170 M M 10 1 10 180
6 56 39 48 8 17 0 0.41 M M 6.3 15 170 M M 10 18 23 170
7 51 37 44 4 21 0 0.37 M M 5.7 17 280 M M 9 1 27 290
8 49 32 41 1 24 0 0.00 M M 2.3 9 130 M M 6 11 140
9 53 28 41 1 24 0 0.00 M M 2.5 7 260 M M 3 12 12 280
10 47 32 40 0 25 0 0.10 M M 3.5 9 160 M M 7 12 160
11 48 42 45 5 20 0 0.04 M M 1.1 7 360 M M 10 1 9 150
12 58 37 48 8 17 0 0.00 M M 2.3 7 240 M M 4 1 9 160
13 51 42 47 7 18 0 0.20 M M 2.7 13 120 M M 10 1 16 130
14 50 43 47 7 18 0 T M M 1.2 6 160 M M 10 12 8 180
15 43 38 41 1 24 0 0.00 M M 1.8 6 140 M M 10 12 9 60
16 44 39 42 2 23 0 0.00 M M 0.6 5 140 M M 10 12 6 40
17 42 36 39 -1 26 0 0.00 M M 0.8 7 190 M M 8 1 10 90
18 46 40 43 3 22 0 0.02 M M 0.0 5 70 M M 10 1 6 300
19 48 45 47 7 18 0 0.17 M M 1.9 8 160 M M 10 1 12 170
20 60 40 50 10 15 0 0.09 M M 2.7 12 310 M M 8 1 19 310
21 48 35 42 1 23 0 T M M 4.7 10 10 M M 9 12 14 350
22 49 32 41 0 24 0 0.00 M M 3.8 13 10 M M 5 1 16 10
23 40 29 35 -6 30 0 0.00 M M 0.5 5 80 M M 8 12 6 70
24 41 32 37 -4 28 0 0.00 M M 0.4 6 10 M M 10 128 7 300
25 44 29 37 -4 28 0 0.00 M M 1.0 5 290 M M 7 12 6 330
26 46 28 37 -4 28 0 0.00 M M 1.6 6 260 M M 5 12 9 270
27 50 24 37 -4 28 0 0.00 M M 4.6 12 200 M M 3 12 16 200
28 49 25 37 -4 28 0 0.00 M M 4.6 9 150 M M 0 13 160
29 49 25 37 -4 28 0 0.00 M M 3.0 10 140 M M 0 13 150
30 51 33 42 1 23 0 0.15 M M 3.3 13 250 M M 9 1 19 250
31 50 31 41 0 24 0 T M M 3.2 13 260 M M 6 1 18 260
================================================================================
SM 1473 1050 744 0 4.45 M 80.2 M 231
================================================================================
AV 47.5 33.9 2.6 FASTST M M 7 MAX(MPH)
MISC ----> # 17 190 30 170
================================================================================
NOTES:
# LAST OF SEVERAL OCCURRENCES
COLUMN 17 PEAK WIND IN M.P.H.
PRELIMINARY LOCAL CLIMATOLOGICAL DATA (WS FORM: F-6) , PAGE 2
STATION: SCAPPOOSE OR
MONTH: JANUARY
YEAR: 2022
LATITUDE: 45 46 N
LONGITUDE: 122 50 W
[TEMPERATURE DATA] [PRECIPITATION DATA] SYMBOLS USED IN COLUMN 16
AVERAGE MONTHLY: 40.7 TOTAL FOR MONTH: 4.45 1 = FOG OR MIST
DPTR FM NORMAL: 0.4 DPTR FM NORMAL: -2.09 2 = FOG REDUCING VISIBILITY
HIGHEST: 60 ON 20 GRTST 24HR 1.37 ON 5- 6 TO 1/4 MILE OR LESS
LOWEST: 23 ON 1 3 = THUNDER
SNOW, ICE PELLETS, HAIL 4 = ICE PELLETS
TOTAL MONTH: M 5 = HAIL
GRTST 24HR M ON M 6 = FREEZING RAIN OR DRIZZLE
GRTST DEPTH: M ON M 7 = DUSTSTORM OR SANDSTORM:
VSBY 1/2 MILE OR LESS
8 = SMOKE OR HAZE
[NO. OF DAYS WITH] [WEATHER - DAYS WITH] 9 = BLOWING SNOW
X = TORNADO
MAX 32 OR BELOW: 1 0.01 INCH OR MORE: 13
MAX 90 OR ABOVE: 0 0.10 INCH OR MORE: 9
MIN 32 OR BELOW: 14 0.50 INCH OR MORE: 3
MIN 0 OR BELOW: 0 1.00 INCH OR MORE: 1
[HDD (BASE 65) ]
TOTAL THIS MO. 744 CLEAR (SCALE 0-3) 3
DPTR FM NORMAL -22 PTCLDY (SCALE 4-7) 11
TOTAL FM JUL 1 2458 CLOUDY (SCALE 8-10) 17
DPTR FM NORMAL -217
[CDD (BASE 65) ]
TOTAL THIS MO. 0
DPTR FM NORMAL 0 [PRESSURE DATA]
TOTAL FM JAN 1 0 HIGHEST SLP 30.65 ON 21
DPTR FM NORMAL 0 LOWEST SLP 29.30 ON 7
[REMARKS]
#FINAL-01-22#