000
CXUS55 KPUB 011210
CF6SPD
PRELIMINARY LOCAL CLIMATOLOGICAL DATA (WS FORM: F-6)
STATION: SPRINGFIELD CO
MONTH: JUNE
YEAR: 2023
LATITUDE: 37 16 N
LONGITUDE: 102 37 W
TEMPERATURE IN F: :PCPN: SNOW: WIND :SUNSHINE: SKY :PK WND
================================================================================
1 2 3 4 5 6A 6B 7 8 9 10 11 12 13 14 15 16 17 18
12Z AVG MX 2MIN
DY MAX MIN AVG DEP HDD CDD WTR SNW DPTH SPD SPD DIR MIN PSBL S-S WX SPD DR
================================================================================
1 77 55 66 -1 0 1 0.00 M M 19.2 38 190 M M 0 52 170
2 79 54 67 0 0 2 0.00 M M 15.1 43 180 M M 0 54 170
3 71 54 63 -5 2 0 0.03 M M 6.2 15 340 M M 0 20 350
4 65 57 61 -7 4 0 0.44 M M 5.1 15 130 M M 0 19 110
5 70 55 63 -5 2 0 0.07 M M 4.7 18 120 M M 0 23 120
6 78 50 64 -5 1 0 0.01 M M 11.0 24 170 M M 0 33 180
7 78 55 67 -2 0 2 0.00 M M 8.7 18 140 M M 0 26 140
8 83 56 70 1 0 5 0.00 M M 5.2 14 150 M M 0 18 140
9 87 57 72 2 0 7 0.04 M M 10.2 38 310 M M 0 52 310
10 83 52 68 -2 0 3 0.29 M M 7.5 28 180 M M 0 36 320
11 75 56 66 -4 0 1 0.05 M M 10.8 21 350 M M 0 26 310
12 68 53 61 -9 4 0 0.45 M M 13.7 38 160 M M 0 47 160
13 71 52 62 -9 3 0 0.01 M M 7.7 21 190 M M 0 26 190
14 79 51 65 -6 0 0 0.00 0.0 0 7.0 15 310 M M 0 19 300
15 78 52 65 -6 0 0 0.17 M M 11.0 35 10 M M 0 43 20
16 80 49 65 -7 0 0 0.30 M M 9.8 37 350 M M 0 49 350
17 74 51 63 -9 2 0 0.17 M M 10.4 38 280 M M 0 58 290
18 86 50 68 -4 0 3 0.00 M M 10.9 18 140 M M 0 26 140
19 92 56 74 2 0 9 0.00 M M 6.4 7 200 M M 0 22 250
20 95 56 76 3 0 11 0.00 M M 7.5 23 290 M M 0 31 260
21 91 59 75 2 0 10 0.01 M M 14.4 32 80 M M 0 42 80
22 74 59 67 -6 0 2 0.03 M M 12.5 23 180 M M 0 30 190
23 93 62 78 5 0 13 0.00 M M 18.5 35 200 M M 0 48 200
24 91 M M M M M 0.00 M M M M M M M 0 M M
25 84 57 71 -3 0 6 0.00 M M 10.0 21 40 M M 0 28 50
26 93 57 75 1 0 10 0.00 M M 15.5 32 150 M M 0 45 160
27 95 68 82 8 0 17 0.19 M M 13.8 28 190 M M 0 37 160
28 102 69 86 12 0 21 0.00 M M 12.7 48 200 M M 0 75 190
29 87 63 75 1 0 10 0.00 0.0 0 10.0 37 340 M M M 52 300
30 88 48 68 -6 0 3 0.93 M M 7.4 35 300 M M 0 44 300
================================================================================
SM 2467 1613 18 136 3.19 0.0 302.9 M 0
================================================================================
AV 82.2 55.6 10.4 FASTST M M 0 MAX(MPH)
MISC ----> 48 200 75 190
================================================================================
NOTES:
# LAST OF SEVERAL OCCURRENCES
COLUMN 17 PEAK WIND IN M.P.H.
PRELIMINARY LOCAL CLIMATOLOGICAL DATA (WS FORM: F-6) , PAGE 2
STATION: SPRINGFIELD CO
MONTH: JUNE
YEAR: 2023
LATITUDE: 37 16 N
LONGITUDE: 102 37 W
[TEMPERATURE DATA] [PRECIPITATION DATA] SYMBOLS USED IN COLUMN 16
AVERAGE MONTHLY: 68.9 TOTAL FOR MONTH: 3.19 1 = FOG OR MIST
DPTR FM NORMAL: -2.3 DPTR FM NORMAL: 1.34 2 = FOG REDUCING VISIBILITY
HIGHEST: 102 ON 28 GRTST 24HR 0.93 ON 30-30 TO 1/4 MILE OR LESS
LOWEST: 48 ON 30 3 = THUNDER
SNOW, ICE PELLETS, HAIL 4 = ICE PELLETS
TOTAL MONTH: 0.0 INCH 5 = HAIL
GRTST 24HR 0.0 6 = FREEZING RAIN OR DRIZZLE
GRTST DEPTH: 0 7 = DUSTSTORM OR SANDSTORM:
VSBY 1/2 MILE OR LESS
8 = SMOKE OR HAZE
[NO. OF DAYS WITH] [WEATHER - DAYS WITH] 9 = BLOWING SNOW
X = TORNADO
MAX 32 OR BELOW: 0 0.01 INCH OR MORE: 16
MAX 90 OR ABOVE: 8 0.10 INCH OR MORE: 8
MIN 32 OR BELOW: 0 0.50 INCH OR MORE: 1
MIN 0 OR BELOW: 0 1.00 INCH OR MORE: 0
[HDD (BASE 65) ]
TOTAL THIS MO. 18 CLEAR (SCALE 0-3) 29
DPTR FM NORMAL -5 PTCLDY (SCALE 4-7) 0
TOTAL FM JUL 1 5032 CLOUDY (SCALE 8-10) 1
DPTR FM NORMAL -380
[CDD (BASE 65) ]
TOTAL THIS MO. 136
DPTR FM NORMAL -73 [PRESSURE DATA]
TOTAL FM JAN 1 188 HIGHEST SLP M ON M
DPTR FM NORMAL -70 LOWEST SLP 29.61 ON 15
[REMARKS]
#FINAL-06-23#