000
CXUS55 KPUB 011310
CF6SPD
PRELIMINARY LOCAL CLIMATOLOGICAL DATA (WS FORM: F-6)
STATION: SPRINGFIELD CO
MONTH: JANUARY
YEAR: 2022
LATITUDE: 37 16 N
LONGITUDE: 102 37 W
TEMPERATURE IN F: :PCPN: SNOW: WIND :SUNSHINE: SKY :PK WND
================================================================================
1 2 3 4 5 6A 6B 7 8 9 10 11 12 13 14 15 16 17 18
12Z AVG MX 2MIN
DY MAX MIN AVG DEP HDD CDD WTR SNW DPTH SPD SPD DIR MIN PSBL S-S WX SPD DR
================================================================================
1 16 -5 6 -26 59 0 0.29 M M 15.7 25 350 M M 0 32 350
2 37 -4 17 -15 48 0 0.00 M M 6.5 15 290 M M 0 19 280
3 48 16 32 0 33 0 0.00 M M 6.5 13 280 M M 0 18 240
4 57 27 42 10 23 0 0.00 M M 9.5 22 270 M M 0 32 270
5 M M M M M M M M M 10.9 30 190 M M 0 44 190
6 M M M M M M 0.00 M M M M M M M M M M
7 62 14 38 6 27 0 0.00 M M 10.4 38 200 M M 0 47 210
8 62 34 48 16 17 0 M M M 11.7 21 10 M M 0 31 30
9 M M M M M M M M M M M M M M M M M
10 56 M M M M M 0.00 M M M M M M M 0 M M
11 63 21 42 10 23 0 0.00 M M 8.0 20 40 M M 0 29 40
12 63 21 42 10 23 0 0.00 M M 7.2 17 360 M M 0 22 350
13 63 27 45 13 20 0 0.00 M M 8.2 14 290 M M 0 18 300
14 54 26 40 8 25 0 0.00 M M 23.5 45 350 M M 0 61 340
15 40 16 28 -5 37 0 0.00 M M 15.0 31 350 M M 0 41 350
16 61 17 39 6 26 0 0.00 M M 10.0 24 360 M M 0 31 340
17 65 18 42 9 23 0 0.00 M M 9.7 22 220 M M 0 30 230
18 65 27 46 13 19 0 0.00 M M 7.7 13 40 M M 0 18 50
19 37 14 26 -7 39 0 0.05 M M 15.1 25 20 M M 0 33 20
20 27 2 15 -18 50 0 0.05 M M 9.2 17 190 M M 0 21 180
21 36 6 21 -12 44 0 0.00 M M 5.5 15 50 M M 0 20 60
22 47 25 36 3 29 0 0.00 M M 7.5 14 200 M M 0 19 200
23 53 26 40 7 25 0 0.00 M M 8.4 14 230 M M 0 20 200
24 54 28 41 8 24 0 0.00 M M 11.1 16 310 M M 0 M M
25 38 20 29 -4 36 0 0.02 M M 10.4 24 170 M M 0 28 170
26 47 20 34 1 31 0 0.02 M M 10.4 26 200 M M 0 33 190
27 37 17 27 -6 38 0 0.06 M M 10.1 20 60 M M 0 27 50
28 48 8 28 -5 37 0 0.00 M M 9.8 20 320 M M 0 27 320
29 63 17 40 7 25 0 0.00 M M 5.0 15 300 M M 0 22 300
30 59 14 37 4 28 0 0.00 M M 7.8 20 180 M M 0 24 180
31 68 17 43 10 22 0 0.00 M M 10.8 25 10 M M 0 35 20
================================================================================
SM 1426 469 831 0 0.49 M 281.6 M 0
================================================================================
AV 50.9 17.4 10.1 FASTST M M 0 MAX(MPH)
MISC ----> 45 350 61 340
================================================================================
NOTES:
# LAST OF SEVERAL OCCURRENCES
COLUMN 17 PEAK WIND IN M.P.H.
PRELIMINARY LOCAL CLIMATOLOGICAL DATA (WS FORM: F-6) , PAGE 2
STATION: SPRINGFIELD CO
MONTH: JANUARY
YEAR: 2022
LATITUDE: 37 16 N
LONGITUDE: 102 37 W
[TEMPERATURE DATA] [PRECIPITATION DATA] SYMBOLS USED IN COLUMN 16
AVERAGE MONTHLY: 34.1 TOTAL FOR MONTH: 0.49 1 = FOG OR MIST
DPTR FM NORMAL: 1.6 DPTR FM NORMAL: 0.19 2 = FOG REDUCING VISIBILITY
HIGHEST: 68 ON 31 GRTST 24HR 0.29 ON 1- 1 TO 1/4 MILE OR LESS
LOWEST: -5 ON 1 3 = THUNDER
SNOW, ICE PELLETS, HAIL 4 = ICE PELLETS
TOTAL MONTH: M 5 = HAIL
GRTST 24HR M ON M 6 = FREEZING RAIN OR DRIZZLE
GRTST DEPTH: M ON M 7 = DUSTSTORM OR SANDSTORM:
VSBY 1/2 MILE OR LESS
8 = SMOKE OR HAZE
[NO. OF DAYS WITH] [WEATHER - DAYS WITH] 9 = BLOWING SNOW
X = TORNADO
MAX 32 OR BELOW: 2 0.01 INCH OR MORE: 6
MAX 90 OR ABOVE: 0 0.10 INCH OR MORE: 1
MIN 32 OR BELOW: 26 0.50 INCH OR MORE: 0
MIN 0 OR BELOW: 2 1.00 INCH OR MORE: 0
[HDD (BASE 65) ]
TOTAL THIS MO. 831 CLEAR (SCALE 0-3) 29
DPTR FM NORMAL -177 PTCLDY (SCALE 4-7) 0
TOTAL FM JUL 1 2409 CLOUDY (SCALE 8-10) 2
DPTR FM NORMAL -801
[CDD (BASE 65) ]
TOTAL THIS MO. 0
DPTR FM NORMAL 0 [PRESSURE DATA]
TOTAL FM JAN 1 0 HIGHEST SLP 30.61 ON 20
DPTR FM NORMAL 0 LOWEST SLP 29.46 ON 8
[REMARKS]
#FINAL-01-22#