000
CXUS55 KPUB 011310
CF6SPD
PRELIMINARY LOCAL CLIMATOLOGICAL DATA (WS FORM: F-6)
STATION: SPRINGFIELD CO
MONTH: FEBRUARY
YEAR: 2021
LATITUDE: 37 16 N
LONGITUDE: 102 37 W
TEMPERATURE IN F: :PCPN: SNOW: WIND :SUNSHINE: SKY :PK WND
================================================================================
1 2 3 4 5 6A 6B 7 8 9 10 11 12 13 14 15 16 17 18
12Z AVG MX 2MIN
DY MAX MIN AVG DEP HDD CDD WTR SNW DPTH SPD SPD DIR MIN PSBL S-S WX SPD DR
================================================================================
1 64 19 42 9 23 0 0.00 M M 11.8 26 200 M M 0 33 190
2 68 29 49 16 16 0 0.00 M M 10.9 21 320 M M 0 27 320
3 75 31 53 19 12 0 0.00 M M 9.8 35 360 M M 0 42 350
4 45 21 33 -1 32 0 0.00 M M 13.5 39 350 M M 0 52 350
5 46 17 32 -2 33 0 0.00 M M 7.6 20 170 M M 0 24 150
6 47 17 32 -2 33 0 0.00 M M 14.7 30 360 M M 0 39 340
7 55 18 37 3 28 0 0.00 M M 12.7 25 130 M M 0 30 160
8 36 11 24 -10 41 0 0.00 M M 11.4 20 100 M M 0 29 140
9 20 11 16 -18 49 0 0.00 M M 11.0 17 130 M M 0 21 140
10 18 13 16 -18 49 0 0.00 M M 6.7 13 150 M M 0 16 150
11 19 10 15 -19 50 0 0.00 M M 8.8 13 140 M M 0 14 140
12 10 4 7 -28 58 0 0.00 M M M M M M M 0 M M
13 8 2 5 -30 60 0 0.27 M M M M M M M 0 9 120
14 3 -19 -8 -43 73 0 0.07 M M M M M M M 0 M M
15 2 -24 -11 -46 76 0 0.00 M M 5.9 13 180 M M 0 16 180
16 15 -10 3 -32 62 0 0.00 M M 4.8 12 140 M M 0 14 140
17 27 -5 11 -25 54 0 0.00 M M 4.7 13 30 M M 0 15 30
18 25 4 15 -21 50 0 0.02 M M 6.8 17 350 M M 0 20 350
19 45 2 24 -12 41 0 0.00 M M 7.2 16 290 M M 0 20 280
20 57 18 38 2 27 0 0.00 M M 13.3 33 340 M M 0 45 340
21 46 25 36 0 29 0 0.00 M M 16.3 35 330 M M 0 47 340
22 61 24 43 6 22 0 0.00 M M 10.0 28 310 M M 0 37 300
23 74 29 52 15 13 0 0.00 M M 14.6 31 20 M M 0 41 20
24 47 22 35 -2 30 0 0.00 M M 10.1 18 110 M M 0 24 120
25 42 22 32 -6 33 0 0.00 M M 9.8 20 160 M M 0 31 130
26 59 20 40 2 25 0 0.00 M M 12.8 26 310 M M 0 36 330
27 68 20 44 6 21 0 0.00 M M 16.7 36 250 M M 0 59 220
28 45 13 29 -9 36 0 0.00 M M 10.8 25 10 M M 0 33 20
================================================================================
SM 1127 344 1076 0 0.36 M 262.7 M 0
================================================================================
AV 40.3 12.3 10.5 FASTST M M 0 MAX(MPH)
MISC ----> 39 350 59 220
================================================================================
NOTES:
# LAST OF SEVERAL OCCURRENCES
COLUMN 17 PEAK WIND IN M.P.H.
PRELIMINARY LOCAL CLIMATOLOGICAL DATA (WS FORM: F-6) , PAGE 2
STATION: SPRINGFIELD CO
MONTH: FEBRUARY
YEAR: 2021
LATITUDE: 37 16 N
LONGITUDE: 102 37 W
[TEMPERATURE DATA] [PRECIPITATION DATA] SYMBOLS USED IN COLUMN 16
AVERAGE MONTHLY: 26.3 TOTAL FOR MONTH: 0.36 1 = FOG OR MIST
DPTR FM NORMAL: -9.1 DPTR FM NORMAL: -0.08 2 = FOG REDUCING VISIBILITY
HIGHEST: 75 ON 3 GRTST 24HR 0.34 ON 13-14 TO 1/4 MILE OR LESS
LOWEST: -24 ON 15 3 = THUNDER
SNOW, ICE PELLETS, HAIL 4 = ICE PELLETS
TOTAL MONTH: M 5 = HAIL
GRTST 24HR M ON M 6 = FREEZING RAIN OR DRIZZLE
GRTST DEPTH: M ON M 7 = DUSTSTORM OR SANDSTORM:
VSBY 1/2 MILE OR LESS
8 = SMOKE OR HAZE
[NO. OF DAYS WITH] [WEATHER - DAYS WITH] 9 = BLOWING SNOW
X = TORNADO
MAX 32 OR BELOW: 10 0.01 INCH OR MORE: 3
MAX 90 OR ABOVE: 0 0.10 INCH OR MORE: 1
MIN 32 OR BELOW: 28 0.50 INCH OR MORE: 0
MIN 0 OR BELOW: 4 1.00 INCH OR MORE: 0
[HDD (BASE 65) ]
TOTAL THIS MO. 1076 CLEAR (SCALE 0-3) 28
DPTR FM NORMAL 246 PTCLDY (SCALE 4-7) 0
TOTAL FM JUL 1 3907 CLOUDY (SCALE 8-10) 0
DPTR FM NORMAL -100
[CDD (BASE 65) ]
TOTAL THIS MO. 0
DPTR FM NORMAL 0 [PRESSURE DATA]
TOTAL FM JAN 1 0 HIGHEST SLP 30.52 ON 14
DPTR FM NORMAL 0 LOWEST SLP 29.46 ON 3
[REMARKS]
#FINAL-02-21#