000
CXUS52 KTBW 090122
CF6SPG
PRELIMINARY LOCAL CLIMATOLOGICAL DATA (WS FORM: F-6)
STATION: SAINT PETERSBURG
MONTH: OCTOBER
YEAR: 2021
LATITUDE: 27 46 N
LONGITUDE: 82 38 W
TEMPERATURE IN F: :PCPN: SNOW: WIND :SUNSHINE: SKY :PK WND
================================================================================
1 2 3 4 5 6A 6B 7 8 9 10 11 12 13 14 15 16 17 18
12Z AVG MX 2MIN
DY MAX MIN AVG DEP HDD CDD WTR SNW DPTH SPD SPD DIR MIN PSBL S-S WX SPD DR
================================================================================
1 89 78 84 3 0 19 T 0.0 0 13.4 20 80 M M 2 24 100
2 90 79 85 4 0 20 0.00 0.0 0 12.8 20 120 M M 0 24 120
3 88 78 83 2 0 18 0.00 0.0 0 9.2 17 110 M M 0 22 90
4 90 78 84 4 0 19 0.00 0.0 0 6.2 17 110 M M 1 22 110
5 88 77 83 3 0 18 0.02 0.0 0 9.1 18 140 M M 1 8 23 150
6 91 79 85 5 0 20 T 0.0 0 9.3 16 150 M M 0 19 150
7 91 79 85 5 0 20 0.00 0.0 0 6.9 21 80 M M 1 24 80
8 87 79 83 3 0 18 0.12 0.0 0 6.6 17 250 M M 5 13 22 250
9 88 78 83 3 0 18 0.06 0.0 0 8.2 16 340 M M 2 1 16 340
10 87 77 82 3 0 17 0.00 0.0 0 9.2 17 80 M M 2 22 70
11 88 77 83 4 0 18 0.00 0.0 0 9.1 17 60 M M 1 22 70
12 91 79 85 6 0 20 0.00 0.0 0 11.1 21 80 M M 2 26 80
13 91 77 84 5 0 19 0.00 0.0 0 10.4 20 80 M M 4 25 60
14 91 79 85 7 0 20 0.00 0.0 0 9.4 15 120 M M 1 19 120
15 90 79 85 7 0 20 0.00 0.0 0 7.9 15 70 M M 2 18 110
16 88 79 84 6 0 19 0.00 0.0 0 5.2 12 170 M M 1 15 160
17 85 73 79 1 0 14 0.00 0.0 0 12.4 25 60 M M 3 32 60
18 83 70 77 0 0 12 0.00 0.0 0 16.2 25 50 M M 0 31 50
19 86 73 80 3 0 15 0.00 0.0 0 14.2 21 90 M M 0 25 80
20 85 74 80 3 0 15 0.00 0.0 0 13.1 20 110 M M 0 24 90
21 88 75 82 5 0 17 0.00 0.0 0 8.3 14 80 M M 0 19 90
22 90 75 83 7 0 18 0.00 0.0 0 6.0 13 330 M M 0 17 330
23 90 76 83 7 0 18 0.00 0.0 0 7.0 16 80 M M 1 19 80
24 85 76 81 5 0 16 0.42 0.0 0 8.9 24 170 M M 3 1 35 160
25 86 77 82 6 0 17 0.10 0.0 0 11.4 20 230 M M 5 1 29 230
26 86 78 82 7 0 17 0.00 0.0 0 6.2 15 270 M M 1 22 260
27 84 73 79 4 0 14 0.00 0.0 0 8.3 12 260 M M 0 14 10
28 84 77 81 6 0 16 0.29 0.0 0 14.5 21 230 M M 8 13 35 180
29 82 71 77 2 0 12 0.07 0.0 0 12.8 26 260 M M 9 8 40 270
30 75 65 70 -4 0 5 0.16 0.0 0 6.0 18 270 M M 8 1 31 260
31 75 68 72 -2 0 7 0.02 0.0 0 8.4 15 350 M M 6 20 30
================================================================================
SM 2692 2353 0 516 1.26 0.0 297.7 M 69
================================================================================
AV 86.8 75.9 9.6 FASTST M M 2 MAX(MPH)
MISC ----> 26 260 40 270
================================================================================
NOTES:
# LAST OF SEVERAL OCCURRENCES
COLUMN 17 PEAK WIND IN M.P.H.
PRELIMINARY LOCAL CLIMATOLOGICAL DATA (WS FORM: F-6) , PAGE 2
STATION: SAINT PETERSBURG
MONTH: OCTOBER
YEAR: 2021
LATITUDE: 27 46 N
LONGITUDE: 82 38 W
[TEMPERATURE DATA] [PRECIPITATION DATA] SYMBOLS USED IN COLUMN 16
AVERAGE MONTHLY: 81.4 TOTAL FOR MONTH: 1.26 1 = FOG OR MIST
DPTR FM NORMAL: 3.6 DPTR FM NORMAL: -0.90 2 = FOG REDUCING VISIBILITY
HIGHEST: 91 ON 12, 7 GRTST 24HR 0.52 ON 24-25 TO 1/4 MILE OR LESS
LOWEST: 65 ON 30 3 = THUNDER
SNOW, ICE PELLETS, HAIL 4 = ICE PELLETS
TOTAL MONTH: 0.0 INCH 5 = HAIL
GRTST 24HR 0.0 6 = FREEZING RAIN OR DRIZZLE
GRTST DEPTH: 0 7 = DUSTSTORM OR SANDSTORM:
VSBY 1/2 MILE OR LESS
8 = SMOKE OR HAZE
[NO. OF DAYS WITH] [WEATHER - DAYS WITH] 9 = BLOWING SNOW
X = TORNADO
MAX 32 OR BELOW: 0 0.01 INCH OR MORE: 9
MAX 90 OR ABOVE: 10 0.10 INCH OR MORE: 5
MIN 32 OR BELOW: 0 0.50 INCH OR MORE: 0
MIN 0 OR BELOW: 0 1.00 INCH OR MORE: 0
[HDD (BASE 65) ]
TOTAL THIS MO. 0 CLEAR (SCALE 0-3) 23
DPTR FM NORMAL -2 PTCLDY (SCALE 4-7) 7
TOTAL FM JUL 1 0 CLOUDY (SCALE 8-10) 1
DPTR FM NORMAL 0
[CDD (BASE 65) ]
TOTAL THIS MO. 516
DPTR FM NORMAL 119 [PRESSURE DATA]
TOTAL FM JAN 1 3948 HIGHEST SLP 30.21 ON 20
DPTR FM NORMAL 315 LOWEST SLP 29.66 ON 29
[REMARKS]
#FINAL-10-21#