617
CXUS52 KTBW 071552
CF6SPG
PRELIMINARY LOCAL CLIMATOLOGICAL DATA (WS FORM: F-6)
STATION: Saint Petersburg
MONTH: MARCH
YEAR: 2020
LATITUDE: 27 46 N
LONGITUDE: 82 38 W
TEMPERATURE IN F: :PCPN: SNOW: WIND :SUNSHINE: SKY :PK WND
================================================================================
1 2 3 4 5 6A 6B 7 8 9 10 11 12 13 14 15 16 17 18
12Z AVG MX 2MIN
DY MAX MIN AVG DEP HDD CDD WTR SNW DPTH SPD SPD DIR MIN PSBL S-S WX SPD DR
================================================================================
1 72 55 64 -2 1 0 0.00 0.0 0 6.0 16 90 M M 0 18 80
2 77 60 69 3 0 4 0.00 0.0 0 10.6 20 150 M M 4 25 160
3 79 63 71 5 0 6 0.00 0.0 0 8.9 18 200 M M 1 25 200
4 80 65 73 7 0 8 0.00 0.0 0 8.6 21 190 M M 0 1 30 190
5 81 69 75 9 0 10 0.00 0.0 0 12.2 21 210 M M 5 1 29 200
6 71 62 67 0 0 2 0.00 0.0 0 13.0 21 350 M M 5 27 340
7 66 54 60 -7 5 0 0.00 0.0 0 19.6 26 60 M M 0 32 30
8 74 55 65 -2 0 0 0.00 0.0 0 16.8 23 50 M M 3 28 100
9 77 62 70 3 0 5 0.00 0.0 0 13.4 24 100 M M 5 27 110
10 79 66 73 6 0 8 0.00 0.0 0 6.9 15 110 M M 5 17 110
11 81 65 73 6 0 8 0.00 0.0 0 4.8 14 320 M M 1 18 320
12 83 66 75 8 0 10 0.00 0.0 0 4.9 10 320 M M 1 14 320
13 84 64 74 6 0 9 0.00 0.0 0 5.4 15 330 M M 1 17 330
14 85 68 77 9 0 12 0.00 0.0 0 5.7 15 310 M M 1 18 310
15 87 70 79 11 0 14 0.00 0.0 0 6.0 14 80 M M 1 17 300
16 83 70 77 9 0 12 0.00 0.0 0 7.1 16 90 M M 1 19 90
17 83 70 77 9 0 12 0.00 0.0 0 6.8 14 40 M M 1 18 250
18 87 70 79 11 0 14 0.00 0.0 0 8.3 17 100 M M 1 20 100
19 86 69 78 10 0 13 0.00 0.0 0 7.5 15 140 M M 1 18 120
20 84 71 78 10 0 13 0.00 0.0 0 6.8 15 150 M M 1 17 150
21 84 72 78 9 0 13 0.00 0.0 0 6.0 14 320 M M 3 16 320
22 84 73 79 10 0 14 0.00 0.0 0 8.2 14 240 M M 0 18 230
23 82 71 77 8 0 12 0.00 0.0 0 5.5 14 240 M M 0 18 230
24 82 72 77 8 0 12 0.00 0.0 0 8.4 17 230 M M 1 22 230
25 80 74 77 8 0 12 0.00 0.0 0 10.4 20 250 M M 4 25 280
26 84 74 79 10 0 14 0.00 0.0 0 6.7 13 280 M M 1 19 270
27 88 72 80 10 0 15 0.00 0.0 0 4.8 13 260 M M 2 1 17 240
28 85 73 79 9 0 14 0.00 0.0 0 5.8 15 240 M M 0 18 18 250
29 86 74 80 10 0 15 0.00 0.0 0 6.9 15 230 M M 3 21 260
30 86 75 81 11 0 16 0.00 0.0 0 5.2 15 240 M M 2 20 260
31 82 75 79 9 0 14 0.00 0.0 0 12.6 24 230 M M 5 35 250
================================================================================
SM 2522 2099 6 311 0.00 0.0 259.8 M 59
================================================================================
AV 81.4 67.7 8.4 FASTST M M 2 MAX(MPH)
MISC ----> # 26 60 # 35 250
================================================================================
NOTES:
# LAST OF SEVERAL OCCURRENCES
COLUMN 17 PEAK WIND IN M.P.H.
PRELIMINARY LOCAL CLIMATOLOGICAL DATA (WS FORM: F-6) , PAGE 2
STATION: Saint Petersburg
MONTH: MARCH
YEAR: 2020
LATITUDE: 27 46 N
LONGITUDE: 82 38 W
[TEMPERATURE DATA] [PRECIPITATION DATA] SYMBOLS USED IN COLUMN 16
AVERAGE MONTHLY: 74.5 TOTAL FOR MONTH: 0.00 1 = FOG OR MIST
DPTR FM NORMAL: 6.5 DPTR FM NORMAL: -3.75 2 = FOG REDUCING VISIBILITY
HIGHEST: 88 ON 27 GRTST 24HR T ON 29- 1 TO 1/4 MILE OR LESS
LOWEST: 54 ON 7 3 = THUNDER
SNOW, ICE PELLETS, HAIL 4 = ICE PELLETS
TOTAL MONTH: 0.0 INCH 5 = HAIL
GRTST 24HR 0.0 6 = FREEZING RAIN OR DRIZZLE
GRTST DEPTH: 0 7 = DUSTSTORM OR SANDSTORM:
VSBY 1/2 MILE OR LESS
8 = SMOKE OR HAZE
[NO. OF DAYS WITH] [WEATHER - DAYS WITH] 9 = BLOWING SNOW
X = TORNADO
MAX 32 OR BELOW: 0 0.01 INCH OR MORE: 0
MAX 90 OR ABOVE: 0 0.10 INCH OR MORE: 0
MIN 32 OR BELOW: 0 0.50 INCH OR MORE: 0
MIN 0 OR BELOW: 0 1.00 INCH OR MORE: 0
[HDD (BASE 65) ]
TOTAL THIS MO. 6 CLEAR (SCALE 0-3) 24
DPTR FM NORMAL -34 PTCLDY (SCALE 4-7) 7
TOTAL FM JUL 1 191 CLOUDY (SCALE 8-10) 0
DPTR FM NORMAL -221
[CDD (BASE 65) ]
TOTAL THIS MO. 311
DPTR FM NORMAL 178 [PRESSURE DATA]
TOTAL FM JAN 1 550 HIGHEST SLP 30.47 ON 9
DPTR FM NORMAL 312 LOWEST SLP 29.74 ON 31
[REMARKS]
#FINAL-03-20#