000
CXUS53 KILX 010900
CF6SPI
PRELIMINARY LOCAL CLIMATOLOGICAL DATA (WS FORM: F-6)
STATION: SPRINGFIELD IL
MONTH: APRIL
YEAR: 2021
LATITUDE: 39 50 N
LONGITUDE: 89 41 W
TEMPERATURE IN F: :PCPN: SNOW: WIND :SUNSHINE: SKY :PK WND
================================================================================
1 2 3 4 5 6A 6B 7 8 9 10 11 12 13 14 15 16 17 18
12Z AVG MX 2MIN
DY MAX MIN AVG DEP HDD CDD WTR SNW DPTH SPD SPD DIR MIN PSBL S-S WX SPD DR
================================================================================
1 45 25 35 -13 30 0 0.00 0.0 0 8.0 18 350 M M 0 26 340
2 53 23 38 -11 27 0 0.00 0.0 0 12.0 20 180 M M 0 30 190
3 72 39 56 7 9 0 0.00 0.0 0 11.5 23 200 M M 0 31 210
4 78 49 64 15 1 0 0.00 0.0 0 9.3 18 180 M M 0 8 26 190
5 80 51 66 16 0 1 0.00 0.0 0 11.7 23 200 M M 0 30 220
6 81 58 70 20 0 5 0.00 0.0 0 12.9 23 200 M M 3 34 200
7 77 59 68 18 0 3 0.64 0.0 0 15.4 26 170 M M 7 13 41 220
8 59 49 54 3 11 0 0.13 0.0 0 12.0 25 190 M M 9 1 37 200
9 73 51 62 11 3 0 T 0.0 0 11.1 24 250 M M 3 34 240
10 61 47 54 2 11 0 0.50 0.0 0 15.4 29 190 M M 9 1 37 200
11 56 42 49 -3 16 0 0.65 0.0 0 14.1 24 270 M M 7 1 33 290
12 63 40 52 0 13 0 0.00 0.0 0 8.8 21 270 M M 1 28 280
13 62 41 52 -1 13 0 0.00 0.0 0 7.6 20 280 M M 1 27 250
14 59 35 47 -6 18 0 0.00 0.0 0 9.0 24 260 M M 1 33 260
15 59 36 48 -5 17 0 0.00 0.0 0 9.4 17 350 M M 2 24 310
16 61 33 47 -7 18 0 0.00 0.0 0 4.1 10 30 M M 2 14 60
17 62 44 53 -1 12 0 T 0.0 0 5.5 17 330 M M 7 22 330
18 67 40 54 0 11 0 0.00 0.0 0 6.4 22 290 M M 4 31 280
19 66 37 52 -3 13 0 0.00 0.0 0 12.2 22 270 M M 2 32 270
20 39 32 36 -19 29 0 0.35 0.3 0 5.8 16 350 M M 9 1 22 340
21 51 28 40 -16 25 0 0.00 0.0 0 8.6 20 270 M M 3 31 250
22 57 29 43 -13 22 0 0.00 0.0 0 6.5 15 260 M M 1 22 280
23 57 41 49 -7 16 0 0.01 0.0 0 11.4 22 200 M M 8 30 190
24 61 48 55 -2 10 0 0.15 0.0 0 5.5 12 290 M M 8 1 18 300
25 63 39 51 -6 14 0 0.00 0.0 0 7.0 15 130 M M 0 21 130
26 79 47 63 6 2 0 0.00 0.0 0 20.3 36 160 M M 0 52 190
27 83 61 72 14 0 7 0.00 0.0 M 16.0 25 190 M M 0 34 190
28 72 63 68 10 0 3 0.38 0.0 0 8.9 18 170 M M 8 1 25 210
29 70 53 62 4 3 0 0.14 0.0 0 9.5 20 300 M M 6 12 28 290
30 73 45 59 0 6 0 0.00 0.0 0 9.5 22 320 M M 1 34 310
================================================================================
SM 1939 1285 350 19 2.95 0.3 305.4 M 102
================================================================================
AV 64.6 42.8 10.2 FASTST M M 3 MAX(MPH)
MISC ----> 36 160 52 190
================================================================================
NOTES:
# LAST OF SEVERAL OCCURRENCES
COLUMN 17 PEAK WIND IN M.P.H.
PRELIMINARY LOCAL CLIMATOLOGICAL DATA (WS FORM: F-6) , PAGE 2
STATION: SPRINGFIELD IL
MONTH: APRIL
YEAR: 2021
LATITUDE: 39 50 N
LONGITUDE: 89 41 W
[TEMPERATURE DATA] [PRECIPITATION DATA] SYMBOLS USED IN COLUMN 16
AVERAGE MONTHLY: 53.7 TOTAL FOR MONTH: 2.95 1 = FOG OR MIST
DPTR FM NORMAL: 0.2 DPTR FM NORMAL: -0.56 2 = FOG REDUCING VISIBILITY
HIGHEST: 83 ON 27 GRTST 24HR 0.90 ON 10-11 TO 1/4 MILE OR LESS
LOWEST: 23 ON 2 3 = THUNDER
SNOW, ICE PELLETS, HAIL 4 = ICE PELLETS
TOTAL MONTH: 0.3 INCH 5 = HAIL
GRTST 24HR 0.3 ON 20-20 6 = FREEZING RAIN OR DRIZZLE
GRTST DEPTH: 0 7 = DUSTSTORM OR SANDSTORM:
VSBY 1/2 MILE OR LESS
8 = SMOKE OR HAZE
[NO. OF DAYS WITH] [WEATHER - DAYS WITH] 9 = BLOWING SNOW
X = TORNADO
MAX 32 OR BELOW: 0 0.01 INCH OR MORE: 9
MAX 90 OR ABOVE: 0 0.10 INCH OR MORE: 8
MIN 32 OR BELOW: 5 0.50 INCH OR MORE: 3
MIN 0 OR BELOW: 0 1.00 INCH OR MORE: 0
[HDD (BASE 65) ]
TOTAL THIS MO. 350 CLEAR (SCALE 0-3) 18
DPTR FM NORMAL -13 PTCLDY (SCALE 4-7) 9
TOTAL FM JUL 1 5131 CLOUDY (SCALE 8-10) 3
DPTR FM NORMAL -216
[CDD (BASE 65) ]
TOTAL THIS MO. 19
DPTR FM NORMAL 1 [PRESSURE DATA]
TOTAL FM JAN 1 19 HIGHEST SLP 30.60 ON 1
DPTR FM NORMAL -1 LOWEST SLP 29.28 ON 10
[REMARKS]
#FINAL-04-21#