000
CXUS54 KOUN 011438
CF6SPS
PRELIMINARY LOCAL CLIMATOLOGICAL DATA (WS FORM: F-6)
STATION: WICHITA FALLS
MONTH: OCTOBER
YEAR: 2023
LATITUDE: 33 58 N
LONGITUDE: 98 29 W
TEMPERATURE IN F: :PCPN: SNOW: WIND :SUNSHINE: SKY :PK WND
================================================================================
1 2 3 4 5 6A 6B 7 8 9 10 11 12 13 14 15 16 17 18
12Z AVG MX 2MIN
DY MAX MIN AVG DEP HDD CDD WTR SNW DPTH SPD SPD DIR MIN PSBL S-S WX SPD DR
================================================================================
1 94 64 79 9 0 14 0.00 0.0 0 7.6 18 140 M M 0 27 140
2 93 64 79 9 0 14 0.00 0.0 0 8.9 21 110 M M 2 25 110
3 94 73 84 14 0 19 T 0.0 0 15.0 24 170 M M 4 35 180
4 92 67 80 11 0 15 1.51 0.0 0 11.4 33 340 M M 4 13 45 30
5 82 65 74 5 0 9 0.00 0.0 0 8.4 18 20 M M 6 26 20
6 85 54 70 2 0 5 0.00 0.0 0 11.9 28 30 M M 1 34 30
7 70 50 60 -8 5 0 0.00 0.0 0 5.6 14 20 M M 5 18 30
8 84 48 66 -2 0 1 0.00 0.0 0 8.9 17 190 M M 0 23 210
9 90 57 74 7 0 9 0.00 0.0 0 7.7 15 220 M M 0 20 200
10 89 60 75 8 0 10 0.00 0.0 0 11.3 21 170 M M 1 29 150
11 82 62 72 5 0 7 0.00 0.0 0 16.1 23 180 M M 2 29 170
12 93 66 80 14 0 15 0.00 0.0 0 16.0 25 210 M M 3 33 190
13 77 57 67 1 0 2 0.00 0.0 0 16.4 24 340 M M 0 33 340
14 70 48 59 -6 6 0 0.00 0.0 0 11.3 21 340 M M 0 28 330
15 67 45 56 -9 9 0 0.00 0.0 0 11.8 25 10 M M 0 34 10
16 69 40 55 -10 10 0 0.00 0.0 0 7.7 17 10 M M 0 24 360
17 79 39 59 -5 6 0 0.00 0.0 0 8.9 17 170 M M 0 28 190
18 85 52 69 5 0 4 0.00 0.0 0 10.0 21 190 M M 0 28 210
19 87 52 70 7 0 5 0.00 0.0 0 8.0 14 300 M M 0 22 340
20 92 56 74 11 0 9 0.00 0.0 0 7.0 15 320 M M 0 20 330
21 94 57 76 13 0 11 0.00 0.0 0 9.0 15 220 M M 0 19 210
22 88 60 74 12 0 9 0.00 0.0 0 10.3 21 170 M M 0 26 160
23 81 62 72 10 0 7 0.35 0.0 0 12.7 24 160 M M 5 1 31 160
24 77 63 70 9 0 5 1.22 0.0 0 16.2 25 170 M M 9 1 33 160
25 74 65 70 9 0 5 0.38 0.0 0 12.5 28 110 M M 8 1 36 130
26 86 65 76 15 0 11 0.00 0.0 0 12.1 24 190 M M 5 29 200
27 74 52 63 3 2 0 T 0.0 0 14.2 25 310 M M 7 32 320
28 52 41 47 -13 18 0 0.31 0.0 0 12.7 25 10 M M 10 13 33 20
29 41 36 39 -21 26 0 0.55 0.0 0 20.2 29 10 M M 10 13 39 360
30 50 32 41 -18 24 0 0.00 0.0 0 13.2 28 10 M M 2 36 10
31 56 28 42 -17 23 0 0.00 0.0 0 8.9 20 40 M M 0 27 10
================================================================================
SM 2447 1680 129 186 4.32 0.0 351.9 M 84
================================================================================
AV 78.9 54.2 11.4 FASTST M M 3 MAX(MPH)
MISC ----> 33 340 45 30
================================================================================
NOTES:
# LAST OF SEVERAL OCCURRENCES
COLUMN 17 PEAK WIND IN M.P.H.
PRELIMINARY LOCAL CLIMATOLOGICAL DATA (WS FORM: F-6) , PAGE 2
STATION: WICHITA FALLS
MONTH: OCTOBER
YEAR: 2023
LATITUDE: 33 58 N
LONGITUDE: 98 29 W
[TEMPERATURE DATA] [PRECIPITATION DATA] SYMBOLS USED IN COLUMN 16
AVERAGE MONTHLY: 66.6 TOTAL FOR MONTH: 4.32 1 = FOG OR MIST
DPTR FM NORMAL: 2.0 DPTR FM NORMAL: 1.44 2 = FOG REDUCING VISIBILITY
HIGHEST: 94 ON 21, 3 GRTST 24HR 1.57 ON 23-24 TO 1/4 MILE OR LESS
LOWEST: 28 ON 31 3 = THUNDER
SNOW, ICE PELLETS, HAIL 4 = ICE PELLETS
TOTAL MONTH: 0.0 INCH 5 = HAIL
GRTST 24HR 0.0 6 = FREEZING RAIN OR DRIZZLE
GRTST DEPTH: 0 7 = DUSTSTORM OR SANDSTORM:
VSBY 1/2 MILE OR LESS
8 = SMOKE OR HAZE
[NO. OF DAYS WITH] [WEATHER - DAYS WITH] 9 = BLOWING SNOW
X = TORNADO
MAX 32 OR BELOW: 0 0.01 INCH OR MORE: 6
MAX 90 OR ABOVE: 8 0.10 INCH OR MORE: 6
MIN 32 OR BELOW: 2 0.50 INCH OR MORE: 3
MIN 0 OR BELOW: 0 1.00 INCH OR MORE: 2
[HDD (BASE 65) ]
TOTAL THIS MO. 129 CLEAR (SCALE 0-3) 20
DPTR FM NORMAL 13 PTCLDY (SCALE 4-7) 8
TOTAL FM JUL 1 129 CLOUDY (SCALE 8-10) 3
DPTR FM NORMAL 2
[CDD (BASE 65) ]
TOTAL THIS MO. 186
DPTR FM NORMAL 82 [PRESSURE DATA]
TOTAL FM JAN 1 3039 HIGHEST SLP 30.53 ON 30
DPTR FM NORMAL 606 LOWEST SLP 29.39 ON 12
[REMARKS]
#FINAL-10-23#