000
CXUS52 KTBW 021826
CF6SRQ
PRELIMINARY LOCAL CLIMATOLOGICAL DATA (WS FORM: F-6)
STATION: SARASOTA BRADENTON
MONTH: MAY
YEAR: 2021
LATITUDE: 27 23 N
LONGITUDE: 82 33 W
TEMPERATURE IN F: :PCPN: SNOW: WIND :SUNSHINE: SKY :PK WND
================================================================================
1 2 3 4 5 6A 6B 7 8 9 10 11 12 13 14 15 16 17 18
12Z AVG MX 2MIN
DY MAX MIN AVG DEP HDD CDD WTR SNW DPTH SPD SPD DIR MIN PSBL S-S WX SPD DR
================================================================================
1 84 70 77 2 0 12 0.00 0.0 0 6.0 14 280 M M 3 19 270
2 84 69 77 1 0 12 0.00 0.0 0 8.8 17 210 M M 1 22 220
3 88 72 80 4 0 15 0.00 0.0 0 10.2 20 180 M M 0 8 25 180
4 90 73 82 6 0 17 0.00 0.0 0 10.5 20 210 M M 0 24 190
5 89 74 82 6 0 17 0.00 0.0 0 8.0 18 220 M M 2 1 21 220
6 86 76 81 5 0 16 0.00 0.0 0 7.5 18 290 M M 3 1 23 280
7 86 68 77 1 0 12 0.00 0.0 0 9.4 21 330 M M 1 27 330
8 89 64 77 0 0 12 0.00 0.0 0 7.8 15 360 M M 0 20 50
9 90 67 79 2 0 14 0.00 0.0 0 9.8 20 130 M M 0 25 140
10 88 71 80 3 0 15 0.00 0.0 0 7.6 15 230 M M 1 18 220
11 89 71 80 3 0 15 0.00 0.0 0 6.2 15 290 M M 1 1 18 270
12 88 73 81 4 0 16 0.00 0.0 0 7.3 14 320 M M 0 18 230
13 87 71 79 2 0 14 0.07 0.0 0 6.4 15 360 M M 2 1 19 10
14 88 67 78 0 0 13 0.00 0.0 0 9.7 20 70 M M 1 25 70
15 89 66 78 0 0 13 0.00 0.0 0 12.1 20 80 M M 2 25 60
16 89 65 77 -1 0 12 0.00 0.0 0 10.9 21 80 M M 1 28 80
17 91 66 79 1 0 14 0.00 0.0 0 9.8 21 90 M M 1 26 100
18 93 67 80 2 0 15 0.00 0.0 0 14.2 26 90 M M 2 35 80
19 93 69 81 3 0 16 0.00 0.0 0 15.2 28 80 M M 1 34 80
20 90 71 81 3 0 16 0.00 0.0 0 15.6 26 90 M M 3 34 120
21 91 69 80 1 0 15 0.00 0.0 0 14.8 24 90 M M 3 36 100
22 89 66 78 -1 0 13 0.00 0.0 0 11.9 24 100 M M 2 29 110
23 90 65 78 -1 0 13 0.00 0.0 0 9.3 17 300 M M 1 22 330
24 86 64 75 -4 0 10 0.00 0.0 0 7.8 17 290 M M 0 20 290
25 89 67 78 -1 0 13 0.00 0.0 0 8.4 15 260 M M 1 20 140
26 85 67 76 -3 0 11 0.00 0.0 0 8.5 15 290 M M 1 21 250
27 86 68 77 -3 0 12 0.00 0.0 0 7.1 17 280 M M 0 20 290
28 86 70 78 -2 0 13 0.00 0.0 0 6.5 16 230 M M 1 24 230
29 86 70 78 -2 0 13 0.00 0.0 0 8.9 15 290 M M 1 22 240
30 86 70 78 -2 0 13 0.22 0.0 0 6.5 28 100 M M 3 13 32 100
31 94 69 82 2 0 17 T 0.0 0 9.0 17 80 M M 3 3 22 100
================================================================================
SM 2739 2135 0 429 0.29 0.0 291.7 M 41
================================================================================
AV 88.4 68.9 9.4 FASTST M M 1 MAX(MPH)
MISC ----> # 28 80 36 100
================================================================================
NOTES:
# LAST OF SEVERAL OCCURRENCES
COLUMN 17 PEAK WIND IN M.P.H.
PRELIMINARY LOCAL CLIMATOLOGICAL DATA (WS FORM: F-6) , PAGE 2
STATION: SARASOTA BRADENTON
MONTH: MAY
YEAR: 2021
LATITUDE: 27 23 N
LONGITUDE: 82 33 W
[TEMPERATURE DATA] [PRECIPITATION DATA] SYMBOLS USED IN COLUMN 16
AVERAGE MONTHLY: 78.6 TOTAL FOR MONTH: 0.29 1 = FOG OR MIST
DPTR FM NORMAL: 0.8 DPTR FM NORMAL: -2.29 2 = FOG REDUCING VISIBILITY
HIGHEST: 94 ON 31 GRTST 24HR 0.22 ON 30-30 TO 1/4 MILE OR LESS
LOWEST: 64 ON 24, 8 3 = THUNDER
SNOW, ICE PELLETS, HAIL 4 = ICE PELLETS
TOTAL MONTH: 0.0 INCH 5 = HAIL
GRTST 24HR 0.0 6 = FREEZING RAIN OR DRIZZLE
GRTST DEPTH: 0 7 = DUSTSTORM OR SANDSTORM:
VSBY 1/2 MILE OR LESS
8 = SMOKE OR HAZE
[NO. OF DAYS WITH] [WEATHER - DAYS WITH] 9 = BLOWING SNOW
X = TORNADO
MAX 32 OR BELOW: 0 0.01 INCH OR MORE: 2
MAX 90 OR ABOVE: 9 0.10 INCH OR MORE: 1
MIN 32 OR BELOW: 0 0.50 INCH OR MORE: 0
MIN 0 OR BELOW: 0 1.00 INCH OR MORE: 0
[HDD (BASE 65) ]
TOTAL THIS MO. 0 CLEAR (SCALE 0-3) 29
DPTR FM NORMAL 0 PTCLDY (SCALE 4-7) 2
TOTAL FM JUL 1 295 CLOUDY (SCALE 8-10) 0
DPTR FM NORMAL -99
[CDD (BASE 65) ]
TOTAL THIS MO. 429
DPTR FM NORMAL 31 [PRESSURE DATA]
TOTAL FM JAN 1 1000 HIGHEST SLP 30.24 ON 22
DPTR FM NORMAL 94 LOWEST SLP 29.88 ON 29
[REMARKS]
#FINAL-05-21#