000
CXUS54 KEPZ 011030
CF6SRR
PRELIMINARY LOCAL CLIMATOLOGICAL DATA (WS FORM: F-6)
STATION: RUIDOSO AWOS
MONTH: MARCH
YEAR: 2023
LATITUDE: 33 28 N
LONGITUDE: 105 32 W
TEMPERATURE IN F: :PCPN: SNOW: WIND :SUNSHINE: SKY :PK WND
================================================================================
1 2 3 4 5 6A 6B 7 8 9 10 11 12 13 14 15 16 17 18
12Z AVG MX 2MIN
DY MAX MIN AVG DEP HDD CDD WTR SNW DPTH SPD SPD DIR MIN PSBL S-S WX SPD DR
================================================================================
1 54 39 47 M 18 0 0.00 M M 21.1 32 220 M M 0 51 230
2 43 27 35 M 30 0 0.00 M M 18.8 29 300 M M 0 40 220
3 54 27 41 M 24 0 0.00 M M 9.4 15 330 M M 0 33 310
4 59 32 46 M 19 0 0.00 M M 12.8 25 190 M M 0 33 200
5 63 41 52 M 13 0 0.00 M M 15.7 24 230 M M 0 32 250
6 63 45 54 M 11 0 0.00 M M 10.4 20 230 M M 0 24 230
7 57 39 48 M 17 0 0.00 M M 6.7 23 320 M M 0 35 320
8 61 37 49 M 16 0 0.00 M M 9.9 21 240 M M 0 27 200
9 63 41 52 M 13 0 0.00 M M 8.0 17 240 M M 0 22 300
10 66 32 49 M 16 0 0.00 M M 12.8 25 240 M M 0 36 270
11 63 48 56 M 9 0 0.00 M M 22.0 30 270 M M 0 46 260
12 57 41 49 M 16 0 0.00 M M 13.1 24 300 M M 0 33 310
13 57 32 45 M 20 0 0.00 M M 5.9 14 260 M M 0 25 260
14 63 30 47 M 18 0 0.00 M M 8.0 16 220 M M 0 25 220
15 63 41 52 M 13 0 0.01 M M 14.2 32 240 M M 0 40 240
16 54 25 40 M 25 0 0.04 M M 18.2 36 240 M M 0 47 240
17 34 19 27 M 38 0 0.00 M M 9.4 15 140 M M 0 23 140
18 36 25 31 M 34 0 0.00 M M 7.8 14 110 M M 0 1 18 130
19 45 19 32 M 33 0 0.00 M M 9.3 18 150 M M 0 25 150
20 52 30 41 M 24 0 T M M 10.4 22 220 M M 0 30 230
21 57 41 49 M 16 0 0.00 M M 23.4 40 230 M M 0 8 56 230
22 59 46 53 M 12 0 0.00 M M 27.7 43 230 M M 0 55 230
23 55 34 45 M 20 0 T M M 18.8 32 230 M M 0 40 230
24 46 30 38 M 27 0 M M M 12.6 25 270 M M 0 32 280
25 50 28 39 M 26 0 0.00 M M 14.9 29 310 M M 0 38 310
26 50 23 37 M 28 0 0.00 M M 10.0 24 230 M M 0 33 230
27 54 32 43 M 22 0 0.00 M M 10.5 23 310 M M 0 30 310
28 46 18 32 M 33 0 0.00 M M 10.9 17 130 M M 0 23 120
29 64 28 46 M 19 0 0.00 M M 11.3 25 200 M M 0 33 220
30 61 43 52 M 13 0 0.00 M M 29.9 52 230 M M 0 69 230
31 52 32 42 M 23 0 0.00 M M 16.1 24 250 M M 0 38 280
================================================================================
SM 1701 1025 646 0 0.05 M 430.0 M 0
================================================================================
AV 54.9 33.1 13.9 FASTST M M 0 MAX(MPH)
MISC ----> 52 230 69 230
================================================================================
NOTES:
# LAST OF SEVERAL OCCURRENCES
COLUMN 17 PEAK WIND IN M.P.H.
PRELIMINARY LOCAL CLIMATOLOGICAL DATA (WS FORM: F-6) , PAGE 2
STATION: RUIDOSO AWOS
MONTH: MARCH
YEAR: 2023
LATITUDE: 33 28 N
LONGITUDE: 105 32 W
[TEMPERATURE DATA] [PRECIPITATION DATA] SYMBOLS USED IN COLUMN 16
AVERAGE MONTHLY: 44.0 TOTAL FOR MONTH: 0.05 1 = FOG OR MIST
DPTR FM NORMAL: 0.0 DPTR FM NORMAL: M 2 = FOG REDUCING VISIBILITY
HIGHEST: 66 ON 10 GRTST 24HR 0.04 ON 16-16 TO 1/4 MILE OR LESS
LOWEST: 18 ON 28 3 = THUNDER
SNOW, ICE PELLETS, HAIL 4 = ICE PELLETS
TOTAL MONTH: M 5 = HAIL
GRTST 24HR M ON M 6 = FREEZING RAIN OR DRIZZLE
GRTST DEPTH: M ON M 7 = DUSTSTORM OR SANDSTORM:
VSBY 1/2 MILE OR LESS
8 = SMOKE OR HAZE
[NO. OF DAYS WITH] [WEATHER - DAYS WITH] 9 = BLOWING SNOW
X = TORNADO
MAX 32 OR BELOW: 0 0.01 INCH OR MORE: 2
MAX 90 OR ABOVE: 0 0.10 INCH OR MORE: 0
MIN 32 OR BELOW: 18 0.50 INCH OR MORE: 0
MIN 0 OR BELOW: 0 1.00 INCH OR MORE: 0
[HDD (BASE 65) ]
TOTAL THIS MO. 646 CLEAR (SCALE 0-3) 31
DPTR FM NORMAL M PTCLDY (SCALE 4-7) 0
TOTAL FM JUL 1 4333 CLOUDY (SCALE 8-10) 0
DPTR FM NORMAL M
[CDD (BASE 65) ]
TOTAL THIS MO. 0
DPTR FM NORMAL M [PRESSURE DATA]
TOTAL FM JAN 1 0 HIGHEST SLP M ON M
DPTR FM NORMAL M LOWEST SLP M ON M
[REMARKS]
#FINAL-03-23#