000
CXUS54 KEWX 011010
CF6SSF
PRELIMINARY LOCAL CLIMATOLOGICAL DATA (WS FORM: F-6)
STATION: SAN ANTONIO STINSON FIELD
MONTH: MAY
YEAR: 2022
LATITUDE: 29 19 N
LONGITUDE: 98 29 W
TEMPERATURE IN F: :PCPN: SNOW: WIND :SUNSHINE: SKY :PK WND
================================================================================
1 2 3 4 5 6A 6B 7 8 9 10 11 12 13 14 15 16 17 18
12Z AVG MX 2MIN
DY MAX MIN AVG DEP HDD CDD WTR SNW DPTH SPD SPD DIR MIN PSBL S-S WX SPD DR
================================================================================
1 97 76 87 13 0 22 T M M 12.2 22 140 M M 6 32 140
2 88 73 81 6 0 16 0.25 M M 12.2 33 150 M M 7 13 45 140
3 94 77 86 11 0 21 0.00 M M 9.7 20 120 M M 7 24 100
4 93 73 83 8 0 18 0.68 M M 12.8 35 260 M M 9 138 60 270
5 91 73 82 7 0 17 0.01 M M 9.9 20 160 M M 5 138 28 160
6 102 71 87 11 0 22 0.00 M M 7.0 20 160 M M 3 26 150
7 106 75 91 15 0 26 T M M 9.2 21 140 M M 2 1 29 160
8 105 78 92 16 0 27 0.00 M M 12.7 25 140 M M 5 8 33 140
9 101 79 90 14 0 25 0.00 M M 12.5 23 140 M M 6 1 33 120
10 101 79 90 13 0 25 0.00 M M 12.6 24 130 M M 7 32 120
11 100 74 87 10 0 22 0.00 M M 11.5 22 110 M M 3 31 110
12 101 72 87 10 0 22 0.00 M M 9.5 22 150 M M 4 30 170
13 97 73 85 8 0 20 0.00 M M 8.2 17 140 M M 3 25 140
14 102 74 88 10 0 23 0.00 M M 8.0 20 140 M M 3 29 130
15 102 69 86 8 0 21 0.00 M M 6.0 16 160 M M 0 24 140
16 103 75 89 11 0 24 0.00 M M 8.4 17 140 M M 0 24 140
17 105 74 90 12 0 25 0.00 M M 11.5 23 130 M M 2 31 150
18 106 74 90 11 0 25 0.00 M M 10.4 21 140 M M 2 32 150
19 102 75 89 10 0 24 0.00 M M 12.7 22 150 M M 3 31 140
20 101 80 91 12 0 26 T M M 12.5 24 120 M M 3 8 31 150
21 106 79 93 13 0 28 T M M 11.1 46 120 M M 5 138 60 110
22 90 69 80 0 0 15 0.00 M M 11.7 25 30 M M 2 3 38 40
23 93 72 83 3 0 18 0.01 M M 7.7 18 160 M M 5 3 25 100
24 91 64 78 -2 0 13 0.67 M M 7.7 36 330 M M 4 138 57 330
25 88 64 76 -4 0 11 0.11 M M 6.8 22 60 M M 2 13 35 60
26 98 60 79 -2 0 14 0.00 M M 3.5 15 250 M M 0 22 270
27 100 69 85 4 0 20 0.00 M M 4.8 12 70 M M 2 18 18 130
28 100 74 87 6 0 22 0.00 M M 10.8 21 150 M M 2 40 170
29 100 74 87 6 0 22 0.00 M M 14.9 26 140 M M 3 36 120
30 98 78 88 6 0 23 0.00 M M 16.7 25 170 M M 6 36 130
31 99 77 88 6 0 23 0.00 M M 13.1 24 120 M M 5 33 120
================================================================================
SM 3060 2274 0 660 1.73 M 318.3 M 116
================================================================================
AV 98.7 73.4 10.3 FASTST M M 4 MAX(MPH)
MISC ----> 46 120 # 60 270
================================================================================
NOTES:
# LAST OF SEVERAL OCCURRENCES
COLUMN 17 PEAK WIND IN M.P.H.
PRELIMINARY LOCAL CLIMATOLOGICAL DATA (WS FORM: F-6) , PAGE 2
STATION: SAN ANTONIO STINSON FIELD
MONTH: MAY
YEAR: 2022
LATITUDE: 29 19 N
LONGITUDE: 98 29 W
[TEMPERATURE DATA] [PRECIPITATION DATA] SYMBOLS USED IN COLUMN 16
AVERAGE MONTHLY: 86.0 TOTAL FOR MONTH: 1.73 1 = FOG OR MIST
DPTR FM NORMAL: 7.8 DPTR FM NORMAL: -2.15 2 = FOG REDUCING VISIBILITY
HIGHEST: 106 ON 21,18 GRTST 24HR 0.77 ON 24-25 TO 1/4 MILE OR LESS
LOWEST: 60 ON 26 3 = THUNDER
SNOW, ICE PELLETS, HAIL 4 = ICE PELLETS
TOTAL MONTH: M 5 = HAIL
GRTST 24HR M ON M 6 = FREEZING RAIN OR DRIZZLE
GRTST DEPTH: M ON M 7 = DUSTSTORM OR SANDSTORM:
VSBY 1/2 MILE OR LESS
8 = SMOKE OR HAZE
[NO. OF DAYS WITH] [WEATHER - DAYS WITH] 9 = BLOWING SNOW
X = TORNADO
MAX 32 OR BELOW: 0 0.01 INCH OR MORE: 6
MAX 90 OR ABOVE: 29 0.10 INCH OR MORE: 4
MIN 32 OR BELOW: 0 0.50 INCH OR MORE: 2
MIN 0 OR BELOW: 0 1.00 INCH OR MORE: 0
[HDD (BASE 65) ]
TOTAL THIS MO. 0 CLEAR (SCALE 0-3) 14
DPTR FM NORMAL -1 PTCLDY (SCALE 4-7) 16
TOTAL FM JUL 1 923 CLOUDY (SCALE 8-10) 1
DPTR FM NORMAL -316
[CDD (BASE 65) ]
TOTAL THIS MO. 660
DPTR FM NORMAL 251 [PRESSURE DATA]
TOTAL FM JAN 1 1233 HIGHEST SLP 30.14 ON 22
DPTR FM NORMAL 476 LOWEST SLP 29.48 ON 20
[REMARKS]
#FINAL-05-22#