000
CXUS54 KEWX 011110
CF6SSF
PRELIMINARY LOCAL CLIMATOLOGICAL DATA (WS FORM: F-6)
STATION: SAN ANTONIO STINSON FIELD
MONTH: FEBRUARY
YEAR: 2024
LATITUDE: 29 19 N
LONGITUDE: 98 29 W
TEMPERATURE IN F: :PCPN: SNOW: WIND :SUNSHINE: SKY :PK WND
================================================================================
1 2 3 4 5 6A 6B 7 8 9 10 11 12 13 14 15 16 17 18
12Z AVG MX 2MIN
DY MAX MIN AVG DEP HDD CDD WTR SNW DPTH SPD SPD DIR MIN PSBL S-S WX SPD DR
================================================================================
1 76 47 62 7 3 0 M M M 5.3 15 180 M M 2 22 180
2 73 60 67 11 0 2 0.56 M M 9.0 21 110 M M 9 13 29 110
3 73 51 62 6 3 0 0.28 M M 6.3 20 260 M M 4 13 26 260
4 72 48 60 4 5 0 0.00 M M 12.9 30 300 M M 0 44 290
5 72 48 60 4 5 0 0.00 M M 9.8 18 40 M M 2 29 350
6 70 42 56 0 9 0 0.00 M M 2.8 9 110 M M 0 1 14 50
7 73 42 58 2 7 0 0.00 M M 8.8 26 130 M M 3 1 35 140
8 74 61 68 11 0 3 0.00 M M 4.6 12 110 M M 6 17 80
9 78 64 71 14 0 6 0.00 M M 7.6 14 150 M M 6 18 18 130
10 75 65 70 13 0 5 T M M 6.8 16 190 M M 9 1 21 210
11 71 51 61 4 4 0 0.02 M M 8.8 20 340 M M 4 1 31 340
12 66 44 55 -3 10 0 0.00 M M 7.6 20 330 M M 1 34 320
13 70 37 54 -4 11 0 0.00 M M 3.3 12 170 M M 0 17 140
14 67 45 56 -2 9 0 0.00 M M 5.1 16 130 M M 6 21 130
15 70 60 65 7 0 0 0.00 M M 3.1 12 200 M M 8 1 15 200
16 73 57 65 7 0 0 0.07 M M 8.2 22 10 M M 7 31 180
17 57 42 50 -8 15 0 0.00 M M 13.8 24 20 M M 1 37 20
18 58 36 47 -12 18 0 0.00 M M 4.6 14 360 M M 2 21 360
19 70 35 53 -6 12 0 0.00 M M 4.1 15 190 M M 0 24 210
20 80 43 62 3 3 0 0.00 M M 4.4 14 150 M M 0 20 170
21 81 53 67 8 0 2 0.00 M M 7.8 21 140 M M 5 12 27 150
22 89 64 77 17 0 12 0.00 M M 5.5 15 300 M M 5 8 24 340
23 79 52 66 6 0 1 0.00 M M 5.6 17 30 M M 0 24 40
24 80 46 63 3 2 0 0.00 M M 5.9 16 160 M M 0 21 130
25 86 50 68 8 0 3 0.00 M M 5.8 16 200 M M 0 22 200
26 83 53 68 8 0 3 0.00 M M 3.5 14 180 M M 3 128 21 160
27 84 65 75 14 0 10 0.00 M M 4.9 12 180 M M 4 18 16 200
28 71 50 61 0 4 0 0.00 M M 11.8 29 20 M M 0 1 43 20
29 50 46 48 -13 17 0 0.00 M M 8.6 17 60 M M 9 18 23 60
================================================================================
SM 2121 1457 137 47 0.93 M 196.3 M 96
================================================================================
AV 73.1 50.2 6.8 FASTST M M 3 MAX(MPH)
MISC ----> 30 300 44 290
================================================================================
NOTES:
# LAST OF SEVERAL OCCURRENCES
COLUMN 17 PEAK WIND IN M.P.H.
PRELIMINARY LOCAL CLIMATOLOGICAL DATA (WS FORM: F-6) , PAGE 2
STATION: SAN ANTONIO STINSON FIELD
MONTH: FEBRUARY
YEAR: 2024
LATITUDE: 29 19 N
LONGITUDE: 98 29 W
[TEMPERATURE DATA] [PRECIPITATION DATA] SYMBOLS USED IN COLUMN 16
AVERAGE MONTHLY: 61.7 TOTAL FOR MONTH: 0.93 1 = FOG OR MIST
DPTR FM NORMAL: 3.7 DPTR FM NORMAL: -0.63 2 = FOG REDUCING VISIBILITY
HIGHEST: 89 ON 22 GRTST 24HR 0.84 ON 2- 3 TO 1/4 MILE OR LESS
LOWEST: 35 ON 19 3 = THUNDER
SNOW, ICE PELLETS, HAIL 4 = ICE PELLETS
TOTAL MONTH: M 5 = HAIL
GRTST 24HR M ON M 6 = FREEZING RAIN OR DRIZZLE
GRTST DEPTH: M ON M 7 = DUSTSTORM OR SANDSTORM:
VSBY 1/2 MILE OR LESS
8 = SMOKE OR HAZE
[NO. OF DAYS WITH] [WEATHER - DAYS WITH] 9 = BLOWING SNOW
X = TORNADO
MAX 32 OR BELOW: 0 0.01 INCH OR MORE: 4
MAX 90 OR ABOVE: 0 0.10 INCH OR MORE: 2
MIN 32 OR BELOW: 0 0.50 INCH OR MORE: 1
MIN 0 OR BELOW: 0 1.00 INCH OR MORE: 0
[HDD (BASE 65) ]
TOTAL THIS MO. 137 CLEAR (SCALE 0-3) 15
DPTR FM NORMAL -94 PTCLDY (SCALE 4-7) 10
TOTAL FM JUL 1 976 CLOUDY (SCALE 8-10) 4
DPTR FM NORMAL -138
[CDD (BASE 65) ]
TOTAL THIS MO. 47
DPTR FM NORMAL 12 [PRESSURE DATA]
TOTAL FM JAN 1 47 HIGHEST SLP 30.36 ON 18
DPTR FM NORMAL 1 LOWEST SLP 29.53 ON 3
[REMARKS]
#FINAL-02-24#