000
CXUS54 KEWX 011010
CF6SSF
PRELIMINARY LOCAL CLIMATOLOGICAL DATA (WS FORM: F-6)
STATION: SAN ANTONIO STINSON FIELD
MONTH: JUNE
YEAR: 2020
LATITUDE: 29 19 N
LONGITUDE: 98 29 W
TEMPERATURE IN F: :PCPN: SNOW: WIND :SUNSHINE: SKY :PK WND
================================================================================
1 2 3 4 5 6A 6B 7 8 9 10 11 12 13 14 15 16 17 18
12Z AVG MX 2MIN
DY MAX MIN AVG DEP HDD CDD WTR SNW DPTH SPD SPD DIR MIN PSBL S-S WX SPD DR
================================================================================
1 81 70 76 -5 0 11 0.04 M M 6.9 17 120 M M 7 1 22 150
2 87 67 77 -4 0 12 0.42 M M 3.1 20 160 M M 5 13 26 160
3 88 71 80 -1 0 15 T M M 5.0 20 120 M M 5 1 26 140
4 89 73 81 -1 0 16 0.00 M M 5.3 12 140 M M 4 16 130
5 89 74 82 0 0 17 0.00 M M 5.5 12 140 M M 3 17 140
6 92 70 81 -1 0 16 0.00 M M 3.1 14 130 M M 0 18 120
7 93 72 83 1 0 18 0.00 M M 4.1 13 60 M M 1 16 110
8 96 73 85 3 0 20 0.00 M M 4.8 15 160 M M 0 22 150
9 95 75 85 3 0 20 0.00 M M 4.4 12 140 M M 3 18 160
10 90 68 79 -3 0 14 0.00 M M 9.5 20 60 M M 1 29 40
11 92 62 77 -5 0 12 0.00 M M 4.9 14 90 M M 0 21 80
12 91 61 76 -6 0 11 0.00 M M 4.9 15 80 M M 0 21 70
13 90 66 78 -5 0 13 0.00 M M 6.5 15 40 M M 0 23 50
14 90 62 76 -7 0 11 T M M 4.9 15 130 M M 2 23 40
15 90 68 79 -4 0 14 0.00 M M 7.2 18 80 M M 5 25 80
16 90 73 82 -1 0 17 0.02 M M 7.4 17 160 M M 5 1 24 150
17 92 65 79 -4 0 14 0.00 M M 7.6 18 120 M M 3 26 140
18 92 72 82 -1 0 17 0.11 M M 9.4 20 130 M M 5 1 24 130
19 94 74 84 1 0 19 0.00 M M 10.7 26 150 M M 5 38 160
20 95 74 85 2 0 20 T M M 9.4 20 150 M M 4 27 160
21 96 76 86 3 0 21 0.00 M M 10.8 18 150 M M 5 28 170
22 97 76 87 4 0 22 0.00 M M 11.3 23 150 M M 5 33 150
23 89 69 79 -4 0 14 0.78 M M 5.6 25 350 M M 3 13 35 340
24 91 69 80 -3 0 15 0.00 M M 7.0 16 40 M M 1 28 10
25 94 72 83 0 0 18 0.00 M M 4.9 29 130 M M 2 3 38 120
26 83 69 76 -7 0 11 0.29 M M 6.5 29 150 M M 9 18 38 150
27 90 75 83 0 0 18 0.00 M M 11.0 22 150 M M 9 18 30 170
28 89 77 83 0 0 18 0.12 M M 12.0 23 160 M M 8 18 29 150
29 90 76 83 0 0 18 0.00 M M 12.8 22 170 M M 8 28 170
30 93 77 85 2 0 20 0.00 M M 13.1 22 150 M M 8 28 150
================================================================================
SM 2728 2126 0 482 1.78 M 219.6 M 116
================================================================================
AV 90.9 70.9 7.3 FASTST M M 4 MAX(MPH)
MISC ----> # 29 130 # 38 160
================================================================================
NOTES:
# LAST OF SEVERAL OCCURRENCES
COLUMN 17 PEAK WIND IN M.P.H.
PRELIMINARY LOCAL CLIMATOLOGICAL DATA (WS FORM: F-6) , PAGE 2
STATION: SAN ANTONIO STINSON FIELD
MONTH: JUNE
YEAR: 2020
LATITUDE: 29 19 N
LONGITUDE: 98 29 W
[TEMPERATURE DATA] [PRECIPITATION DATA] SYMBOLS USED IN COLUMN 16
AVERAGE MONTHLY: 80.9 TOTAL FOR MONTH: 1.78 1 = FOG OR MIST
DPTR FM NORMAL: -1.7 DPTR FM NORMAL: -1.96 2 = FOG REDUCING VISIBILITY
HIGHEST: 97 ON 22 GRTST 24HR 0.78 ON 23-23 TO 1/4 MILE OR LESS
LOWEST: 61 ON 12 3 = THUNDER
SNOW, ICE PELLETS, HAIL 4 = ICE PELLETS
TOTAL MONTH: M 5 = HAIL
GRTST 24HR M ON M 6 = FREEZING RAIN OR DRIZZLE
GRTST DEPTH: M ON M 7 = DUSTSTORM OR SANDSTORM:
VSBY 1/2 MILE OR LESS
8 = SMOKE OR HAZE
[NO. OF DAYS WITH] [WEATHER - DAYS WITH] 9 = BLOWING SNOW
X = TORNADO
MAX 32 OR BELOW: 0 0.01 INCH OR MORE: 7
MAX 90 OR ABOVE: 22 0.10 INCH OR MORE: 5
MIN 32 OR BELOW: 0 0.50 INCH OR MORE: 1
MIN 0 OR BELOW: 0 1.00 INCH OR MORE: 0
[HDD (BASE 65) ]
TOTAL THIS MO. 0 CLEAR (SCALE 0-3) 12
DPTR FM NORMAL 0 PTCLDY (SCALE 4-7) 15
TOTAL FM JUL 1 1308 CLOUDY (SCALE 8-10) 3
DPTR FM NORMAL -103
[CDD (BASE 65) ]
TOTAL THIS MO. 482
DPTR FM NORMAL -46 [PRESSURE DATA]
TOTAL FM JAN 1 1219 HIGHEST SLP 30.22 ON 12
DPTR FM NORMAL 18 LOWEST SLP 29.55 ON 8
[REMARKS]
#FINAL-06-20#