000
CXUS52 KJAX 010800
CF6SSI
PRELIMINARY LOCAL CLIMATOLOGICAL DATA (WS FORM: F-6)
STATION: ST SIMONS ISLAND
MONTH: SEPTEMBER
YEAR: 2022
LATITUDE: 31 9 N
LONGITUDE: 81 23 W
TEMPERATURE IN F: :PCPN: SNOW: WIND :SUNSHINE: SKY :PK WND
================================================================================
1 2 3 4 5 6A 6B 7 8 9 10 11 12 13 14 15 16 17 18
12Z AVG MX 2MIN
DY MAX MIN AVG DEP HDD CDD WTR SNW DPTH SPD SPD DIR MIN PSBL S-S WX SPD DR
================================================================================
1 87 73 80 -1 0 15 0.48 0.0 0 5.0 17 360 M M 2 13 24 270
2 88 74 81 0 0 16 0.00 0.0 0 7.0 14 140 M M 2 19 140
3 88 75 82 1 0 17 0.88 0.0 0 5.4 22 50 M M 4 13 31 60
4 87 74 81 0 0 16 1.09 0.0 0 6.4 18 120 M M 4 13 26 120
5 89 76 83 2 0 18 0.00 0.0 0 4.8 14 130 M M 1 3 18 120
6 93 79 86 5 0 21 0.00 0.0 0 5.8 13 150 M M 1 16 160
7 92 78 85 4 0 20 0.00 0.0 0 5.0 12 250 M M 0 16 240
8 89 75 82 1 0 17 0.74 0.0 0 3.6 16 350 M M 4 13 24 350
9 85 73 79 -1 0 14 2.31 0.0 0 7.6 16 100 M M 7 1 22 100
10 88 75 82 2 0 17 0.18 0.0 0 4.3 21 240 M M 1 13 27 240
11 88 73 81 1 0 16 1.30 0.0 0 5.6 25 320 M M 3 13 36 320
12 88 76 82 2 0 17 0.05 0.0 0 6.2 16 230 M M 2 3 25 170
13 84 76 80 0 0 15 T 0.0 0 4.7 13 240 M M 4 18 240
14 89 71 80 0 0 15 0.00 0.0 0 6.4 13 70 M M 2 20 70
15 85 72 79 0 0 14 0.00 0.0 0 9.1 17 30 M M 0 26 30
16 86 71 79 0 0 14 0.00 0.0 0 8.6 16 60 M M 1 22 50
17 86 73 80 1 0 15 T 0.0 0 9.9 20 60 M M 3 27 40
18 83 74 79 0 0 14 0.33 0.0 0 8.8 20 100 M M 7 1 26 100
19 84 73 79 0 0 14 0.11 0.0 0 6.9 22 30 M M 5 13 30 20
20 87 73 80 1 0 15 0.00 0.0 0 6.4 14 70 M M 1 12 18 90
21 89 72 81 3 0 16 0.00 0.0 0 6.4 14 70 M M 0 20 50
22 94 73 84 6 0 19 0.00 0.0 0 5.5 12 270 M M 0 1 16 240
23 82 71 77 -1 0 12 0.00 0.0 0 12.5 23 40 M M 3 35 40
24 83 64 74 -4 0 9 0.00 0.0 0 8.4 14 70 M M 1 19 30
25 85 68 77 -1 0 12 0.00 0.0 0 5.2 13 140 M M 2 19 150
26 92 72 82 5 0 17 0.00 0.0 0 7.2 15 240 M M 1 22 280
27 84 68 76 -1 0 11 0.00 0.0 0 6.8 12 350 M M 0 18 340
28 74 67 71 -6 0 6 T 0.0 0 17.5 31 30 M M 7 47 20
29 70 60 65 -12 0 0 0.78 0.0 0 23.3 38 30 M M 10 1 54 40
30 71 62 67 -9 0 2 0.00 0.0 0 11.5 24 350 M M 9 40 10
================================================================================
SM 2570 2161 0 424 8.25 0.0 231.8 M 87
================================================================================
AV 85.7 72.0 7.7 FASTST M M 3 MAX(MPH)
MISC ----> 38 30 54 40
================================================================================
NOTES:
# LAST OF SEVERAL OCCURRENCES
COLUMN 17 PEAK WIND IN M.P.H.
PRELIMINARY LOCAL CLIMATOLOGICAL DATA (WS FORM: F-6) , PAGE 2
STATION: ST SIMONS ISLAND
MONTH: SEPTEMBER
YEAR: 2022
LATITUDE: 31 9 N
LONGITUDE: 81 23 W
[TEMPERATURE DATA] [PRECIPITATION DATA] SYMBOLS USED IN COLUMN 16
AVERAGE MONTHLY: 78.9 TOTAL FOR MONTH: 8.25 1 = FOG OR MIST
DPTR FM NORMAL: -0.2 DPTR FM NORMAL: 2.25 2 = FOG REDUCING VISIBILITY
HIGHEST: 94 ON 22 GRTST 24HR 3.04 ON 8- 9 TO 1/4 MILE OR LESS
LOWEST: 60 ON 29 3 = THUNDER
SNOW, ICE PELLETS, HAIL 4 = ICE PELLETS
TOTAL MONTH: 0.0 INCH 5 = HAIL
GRTST 24HR 0.0 6 = FREEZING RAIN OR DRIZZLE
GRTST DEPTH: 0 7 = DUSTSTORM OR SANDSTORM:
VSBY 1/2 MILE OR LESS
8 = SMOKE OR HAZE
[NO. OF DAYS WITH] [WEATHER - DAYS WITH] 9 = BLOWING SNOW
X = TORNADO
MAX 32 OR BELOW: 0 0.01 INCH OR MORE: 11
MAX 90 OR ABOVE: 4 0.10 INCH OR MORE: 10
MIN 32 OR BELOW: 0 0.50 INCH OR MORE: 6
MIN 0 OR BELOW: 0 1.00 INCH OR MORE: 3
[HDD (BASE 65) ]
TOTAL THIS MO. 0 CLEAR (SCALE 0-3) 20
DPTR FM NORMAL 0 PTCLDY (SCALE 4-7) 8
TOTAL FM JUL 1 0 CLOUDY (SCALE 8-10) 2
DPTR FM NORMAL 0
[CDD (BASE 65) ]
TOTAL THIS MO. 424
DPTR FM NORMAL 0 [PRESSURE DATA]
TOTAL FM JAN 1 2841 HIGHEST SLP 30.15 ON 16
DPTR FM NORMAL 283 LOWEST SLP 29.67 ON 30
[REMARKS]
#FINAL-09-22#