000
CXUS53 KGRB 280806
CF6STE
PRELIMINARY LOCAL CLIMATOLOGICAL DATA (WS FORM: F-6)
STATION: STEVENS POINT WI
MONTH: JANUARY
YEAR: 2021
LATITUDE: 44 32 N
LONGITUDE: 89 32 W
TEMPERATURE IN F: :PCPN: SNOW: WIND :SUNSHINE: SKY :PK WND
================================================================================
1 2 3 4 5 6A 6B 7 8 9 10 11 12 13 14 15 16 17 18
12Z AVG MX 2MIN
DY MAX MIN AVG DEP HDD CDD WTR SNW DPTH SPD SPD DIR MIN PSBL S-S WX SPD DR
================================================================================
1 23 2 13 -1 52 0 M M M 2.8 8 340 M M 10 1 M M
2 24 19 22 8 43 0 M M M 2.3 7 280 M M 10 12 M M
3 23 19 21 8 44 0 M M M 1.4 5 210 M M 10 1 M M
4 28 18 23 10 42 0 M M M 0.9 5 230 M M 10 1 M M
5 28 19 24 11 41 0 M M M 0.4 3 340 M M 10 12 M M
6 22 17 20 M 45 0 M M M 1.2 5 110 M M 10 12 M M
7 28 20 24 M 41 0 M M M 0.8 5 20 M M 10 1 M M
8 27 3 15 M 50 0 M M M 2.3 8 20 M M 7 M M
9 24 3 14 M 51 0 M M M 2.7 7 260 M M 10 1 M M
10 20 16 18 M 47 0 M M M 3.9 8 260 M M 10 1 M M
11 32 17 25 M 40 0 M M M 7.9 15 230 M M 9 1 21 230
12 31 17 24 M 41 0 M M M 3.1 7 250 M M 8 1 M M
13 36 14 25 M 40 0 M M M 1.7 6 250 M M 2 1 M M
14 34 18 26 M 39 0 0.07 M M 7.1 13 80 M M 9 12 18 90
15 34 31 33 M 32 0 0.01 M M 8.0 16 80 M M 10 1 25 80
16 32 26 29 M 36 0 M M M 7.4 14 340 M M 10 17 350
17 28 23 26 M 39 0 M M M 3.9 7 360 M M 10 M M
18 23 14 19 M 46 0 M M M 4.7 10 310 M M 9 1 18 280
19 19 6 13 M 52 0 M M M 6.1 8 280 M M 9 18 290
20 32 -1 16 M 49 0 M M M 9.0 17 170 M M 1 24 170
21 32 10 21 M 44 0 M M M 12.3 21 310 M M 5 33 310
22 11 4 8 M 57 0 M M M 6.1 10 280 M M 5 18 300
23 18 -7 6 M 59 0 M M M 2.3 9 150 M M 4 M M
24 26 2 14 M 51 0 0.06 M M 3.1 9 310 M M 5 M M
25 19 -8 6 M 59 0 M M M 4.6 15 50 M M 1 1 23 50
26 23 4 14 M 51 0 M M M 9.9 20 40 M M 7 25 40
27 18 -7 6 M 59 0 M M M 2.9 12 340 M M 0 16 340
================================================================================
SM 695 299 1250 0 0.14 M 118.8 M 201
================================================================================
AV 25.7 11.1 4.4 FASTST M M 7 MAX(MPH)
MISC ----> 21 310 33 310
================================================================================
NOTES:
# LAST OF SEVERAL OCCURRENCES
COLUMN 17 PEAK WIND IN M.P.H.
PRELIMINARY LOCAL CLIMATOLOGICAL DATA (WS FORM: F-6) , PAGE 2
STATION: STEVENS POINT WI
MONTH: JANUARY
YEAR: 2021
LATITUDE: 44 32 N
LONGITUDE: 89 32 W
[TEMPERATURE DATA] [PRECIPITATION DATA] SYMBOLS USED IN COLUMN 16
AVERAGE MONTHLY: 18.4 TOTAL FOR MONTH: 0.14 1 = FOG OR MIST
DPTR FM NORMAL: 0.0 DPTR FM NORMAL: 0.00 2 = FOG REDUCING VISIBILITY
HIGHEST: 36 ON 13 GRTST 24HR 0.29 ON 25-26 TO 1/4 MILE OR LESS
LOWEST: -8 ON 25 3 = THUNDER
SNOW, ICE PELLETS, HAIL 4 = ICE PELLETS
TOTAL MONTH: M 5 = HAIL
GRTST 24HR M ON M 6 = FREEZING RAIN OR DRIZZLE
GRTST DEPTH: M ON M 7 = DUSTSTORM OR SANDSTORM:
VSBY 1/2 MILE OR LESS
8 = SMOKE OR HAZE
[NO. OF DAYS WITH] [WEATHER - DAYS WITH] 9 = BLOWING SNOW
X = TORNADO
MAX 32 OR BELOW: 24 0.01 INCH OR MORE: 3
MAX 90 OR ABOVE: 0 0.10 INCH OR MORE: 0
MIN 32 OR BELOW: 27 0.50 INCH OR MORE: 0
MIN 0 OR BELOW: 4 1.00 INCH OR MORE: 0
[HDD (BASE 65) ]
TOTAL THIS MO. 1250 CLEAR (SCALE 0-3) 4
DPTR FM NORMAL 992 PTCLDY (SCALE 4-7) 7
TOTAL FM JUL 1 4545 CLOUDY (SCALE 8-10) 16
DPTR FM NORMAL 971
[CDD (BASE 65) ]
TOTAL THIS MO. 0
DPTR FM NORMAL 0 [PRESSURE DATA]
TOTAL FM JAN 1 0 HIGHEST SLP M ON M
DPTR FM NORMAL 0 LOWEST SLP M ON M
[REMARKS]