000
CXUS53 KLSX 012003 CCB
CF6STL
PRELIMINARY LOCAL CLIMATOLOGICAL DATA (WS FORM: F-6)
STATION: ST. LOUIS
MONTH: MARCH
YEAR: 2020
LATITUDE: 38 45 N
LONGITUDE: 90 23 W
TEMPERATURE IN F: :PCPN: SNOW: WIND :SUNSHINE: SKY :PK WND
================================================================================
1 2 3 4 5 6A 6B 7 8 9 10 11 12 13 14 15 16 17 18
12Z AVG MX 2MIN
DY MAX MIN AVG DEP HDD CDD WTR SNW DPTH SPD SPD DIR MIN PSBL S-S WX SPD DR
================================================================================
1 71 40 56 15 9 0 0.02 0.0 0 11.5 24 210 M M 8 3 31 190
2 56 43 50 9 15 0 0.07 0.0 0 6.0 16 360 M M 9 20 360
3 62 40 51 9 14 0 0.00 0.0 0 9.7 25 290 M M 3 36 290
4 57 40 49 7 16 0 0.00 0.0 0 7.8 22 330 M M 5 29 340
5 63 37 50 8 15 0 0.00 0.0 0 13.7 31 280 M M 4 43 280
6 52 35 44 1 21 0 0.00 0.0 0 12.4 30 310 M M 4 43 310
7 60 29 45 2 20 0 0.00 0.0 0 10.2 18 140 M M 4 24 150
8 73 43 58 15 7 0 0.00 0.0 0 14.0 23 190 M M 5 34 180
9 62 55 59 15 6 0 0.41 0.0 0 14.4 22 170 M M 10 1 33 170
10 59 39 49 5 16 0 0.04 0.0 0 9.2 26 310 M M 10 18 36 310
11 62 42 52 8 13 0 0.00 0.0 0 6.4 13 170 M M 5 18 16 150
12 58 43 51 6 14 0 0.97 0.0 0 11.4 25 330 M M 8 123 36 320
13 48 37 43 -2 22 0 0.00 0.0 0 7.4 23 320 M M 8 35 310
14 45 36 41 -5 24 0 0.48 T 0 11.3 21 100 M M 10 14 27 80
15 42 35 39 -7 26 0 0.00 0.0 0 7.8 17 40 M M 10 23 30
16 46 36 41 -5 24 0 0.03 0.0 0 3.7 10 220 M M 10 18 15 190
17 53 42 48 1 17 0 0.00 0.0 0 5.6 12 110 M M 9 1 17 360
18 61 45 53 6 12 0 0.28 0.0 0 6.8 17 130 M M 9 13 21 130
19 70 54 62 15 3 0 0.87 0.0 0 12.1 28 220 M M 9 123 38 220
20 69 37 53 5 12 0 0.00 0.0 0 14.4 26 330 M M 8 35 320
21 45 34 40 -8 25 0 0.00 0.0 0 8.9 18 90 M M 8 24 90
22 41 34 38 -10 27 0 0.16 T 0 7.4 16 80 M M 10 14 22 100
23 46 37 42 -7 23 0 0.00 0.0 0 4.1 9 70 M M 10 18 13 80
24 47 39 43 -6 22 0 0.10 0.0 0 8.3 17 120 M M 10 18 22 20
25 65 45 55 5 10 0 T 0.0 0 7.7 18 130 M M 9 18 25 140
26 79 46 63 13 2 0 T 0.0 0 7.6 16 30 M M 8 1 21 10
27 80 55 68 18 0 3 0.36 T 0 8.0 18 350 M M 10 1358 22 340
28 74 63 69 18 0 4 0.06 0.0 0 12.6 29 240 M M 9 43 250
29 68 51 60 9 5 0 0.00 0.0 0 19.3 37 260 M M 3 55 270
30 66 45 56 5 9 0 0.00 0.0 0 4.3 14 330 M M 6 17 340
31 63 42 53 1 12 0 0.00 0.0 0 7.6 18 340 M M 6 25 350
================================================================================
SM 1843 1299 441 7 3.85 T 291.6 M 237
================================================================================
AV 59.5 41.9 9.4 FASTST M M 8 MAX(MPH)
MISC ----> 37 260 55 270
================================================================================
NOTES:
# LAST OF SEVERAL OCCURRENCES
COLUMN 17 PEAK WIND IN M.P.H.
PRELIMINARY LOCAL CLIMATOLOGICAL DATA (WS FORM: F-6) , PAGE 2
STATION: ST. LOUIS
MONTH: MARCH
YEAR: 2020
LATITUDE: 38 45 N
LONGITUDE: 90 23 W
[TEMPERATURE DATA] [PRECIPITATION DATA] SYMBOLS USED IN COLUMN 16
AVERAGE MONTHLY: 50.7 TOTAL FOR MONTH: 3.85 1 = FOG OR MIST
DPTR FM NORMAL: 4.4 DPTR FM NORMAL: 0.53 2 = FOG REDUCING VISIBILITY
HIGHEST: 80 ON 27 GRTST 24HR 0.97 ON 12 TO 1/4 MILE OR LESS
LOWEST: 29 ON 7 3 = THUNDER
SNOW, ICE PELLETS, HAIL 4 = ICE PELLETS
TOTAL MONTH: T 5 = HAIL
GRTST 24HR T ON 14 6 = FREEZING RAIN OR DRIZZLE
GRTST DEPTH: 0 7 = DUSTSTORM OR SANDSTORM:
VSBY 1/2 MILE OR LESS
8 = SMOKE OR HAZE
[NO. OF DAYS WITH] [WEATHER - DAYS WITH] 9 = BLOWING SNOW
X = TORNADO
MAX 32 OR BELOW: 0 0.01 INCH OR MORE: 13
MAX 90 OR ABOVE: 0 0.10 INCH OR MORE: 8
MIN 32 OR BELOW: 1 0.50 INCH OR MORE: 2
MIN 0 OR BELOW: 0 1.00 INCH OR MORE: 0
[HDD (BASE 65) ]
TOTAL THIS MO. 441 CLEAR (SCALE 0-3) 2
DPTR FM NORMAL -147 PTCLDY (SCALE 4-7) 8
TOTAL FM JUL 1 3885 CLOUDY (SCALE 8-10) 21
DPTR FM NORMAL -301
[CDD (BASE 65) ]
TOTAL THIS MO. 7
DPTR FM NORMAL 0 [PRESSURE DATA]
TOTAL FM JAN 1 7 HIGHEST SLP 30.63 ON 15
DPTR FM NORMAL 0 LOWEST SLP 29.52 ON 28
[REMARKS]
#FINAL-03-20#