000
CXUS53 KGRB 091544
CF6SUE
PRELIMINARY LOCAL CLIMATOLOGICAL DATA (WS FORM: F-6)
STATION: STURGEON BAY WI
MONTH: MARCH
YEAR: 2024
LATITUDE: 44 55 N
LONGITUDE: 87 25 W
TEMPERATURE IN F: :PCPN: SNOW: WIND :SUNSHINE: SKY :PK WND
================================================================================
1 2 3 4 5 6A 6B 7 8 9 10 11 12 13 14 15 16 17 18
12Z AVG MX 2MIN
DY MAX MIN AVG DEP HDD CDD WTR SNW DPTH SPD SPD DIR MIN PSBL S-S WX SPD DR
================================================================================
1 47 32 40 M 25 0 M M M 15.3 24 190 M M 0 31 190
2 51 33 42 M 23 0 M M M 10.7 16 170 M M 0 21 180
3 57 40 49 M 16 0 0.01 M M 20.4 31 190 M M 4 1 43 170
4 59 37 48 M 17 0 0.69 M M 9.2 21 20 M M 4 13 31 360
5 45 29 37 M 28 0 0.01 M M 12.6 16 20 M M 2 1 18 20
6 47 28 38 M 27 0 M M M 9.0 14 70 M M 0 18 90
7 43 31 37 M 28 0 M M M 6.6 14 120 M M 3 18 120
8 43 30 37 M 28 0 0.02 M M 9.1 22 10 M M 8 1 26 10
9 37 27 32 M 33 0 0.01 M M 15.9 23 350 M M 8 1 31 350
10 44 27 36 M 29 0 M M M 10.0 23 340 M M 4 32 10
11 59 28 44 M 21 0 M M M 7.2 16 210 M M 0 22 210
12 69 38 54 M 11 0 M M M 6.8 17 270 M M 0 24 230
13 63 35 49 M 16 0 M M M 4.1 12 70 M M 0 M M
14 46 34 40 M 25 0 M M M 12.6 20 20 M M 1 26 20
15 M M M M M M M M M M M M M M M M M
16 52 33 43 M 22 0 T M M 14.1 21 330 M M 9 30 310
17 33 28 31 M 34 0 T M M 13.7 16 340 M M 10 24 330
18 35 23 29 M 36 0 T M M 12.6 17 330 M M 7 23 330
19 43 29 36 M 29 0 0.02 M M 14.2 18 350 M M 9 26 350
20 29 19 24 M 41 0 T M M 17.7 29 350 M M 6 35 360
21 33 14 24 M 41 0 M M M 6.6 13 10 M M 1 M M
22 34 25 30 M 35 0 0.02 M M 4.2 10 10 M M 10 1 M M
23 35 21 28 M 37 0 0.01 M M 7.5 12 360 M M 1 M M
24 35 26 31 M 34 0 0.02 M M 10.7 20 150 M M 8 12 30 130
25 47 34 41 M 24 0 0.24 M M 9.3 13 180 M M 6 12 20 150
26 52 29 41 M 24 0 0.61 M M 18.0 25 180 M M 10 12 40 180
27 35 24 30 M 35 0 T M M 17.5 23 250 M M 8 35 260
28 39 25 32 M 33 0 M M M 12.7 21 260 M M 4 28 260
29 42 24 33 M 32 0 M M M 6.2 9 130 M M 1 M M
30 37 33 35 M 30 0 0.08 M M 8.0 17 10 M M 9 24 30
31 43 31 37 M 28 0 M M M 4.7 10 200 M M 8 M M
================================================================================
SM 1334 867 842 0 1.74 M 326.9 M 141
================================================================================
AV 44.5 28.9 10.9 FASTST M M 5 MAX(MPH)
MISC ----> 31 190 43 170
================================================================================
NOTES:
# LAST OF SEVERAL OCCURRENCES
COLUMN 17 PEAK WIND IN M.P.H.
PRELIMINARY LOCAL CLIMATOLOGICAL DATA (WS FORM: F-6) , PAGE 2
STATION: STURGEON BAY WI
MONTH: MARCH
YEAR: 2024
LATITUDE: 44 55 N
LONGITUDE: 87 25 W
[TEMPERATURE DATA] [PRECIPITATION DATA] SYMBOLS USED IN COLUMN 16
AVERAGE MONTHLY: 36.7 TOTAL FOR MONTH: 1.74 1 = FOG OR MIST
DPTR FM NORMAL: 0.0 DPTR FM NORMAL: M 2 = FOG REDUCING VISIBILITY
HIGHEST: 69 ON 12 GRTST 24HR 0.69 ON 4- 4 TO 1/4 MILE OR LESS
LOWEST: 14 ON 21 3 = THUNDER
SNOW, ICE PELLETS, HAIL 4 = ICE PELLETS
TOTAL MONTH: M 5 = HAIL
GRTST 24HR M ON M 6 = FREEZING RAIN OR DRIZZLE
GRTST DEPTH: M ON M 7 = DUSTSTORM OR SANDSTORM:
VSBY 1/2 MILE OR LESS
8 = SMOKE OR HAZE
[NO. OF DAYS WITH] [WEATHER - DAYS WITH] 9 = BLOWING SNOW
X = TORNADO
MAX 32 OR BELOW: 1 0.01 INCH OR MORE: 12
MAX 90 OR ABOVE: 0 0.10 INCH OR MORE: 3
MIN 32 OR BELOW: 21 0.50 INCH OR MORE: 2
MIN 0 OR BELOW: 0 1.00 INCH OR MORE: 0
[HDD (BASE 65) ]
TOTAL THIS MO. 842 CLEAR (SCALE 0-3) 11
DPTR FM NORMAL M PTCLDY (SCALE 4-7) 10
TOTAL FM JUL 1 5237 CLOUDY (SCALE 8-10) 10
DPTR FM NORMAL 4999
[CDD (BASE 65) ]
TOTAL THIS MO. 0
DPTR FM NORMAL M [PRESSURE DATA]
TOTAL FM JAN 1 0 HIGHEST SLP M ON M
DPTR FM NORMAL 0 LOWEST SLP M ON M
[REMARKS]
#FINAL-03-24#