000
CXUS53 KGRB 230804
CF6SUE
PRELIMINARY LOCAL CLIMATOLOGICAL DATA (WS FORM: F-6)
STATION: STURGEON BAY WI
MONTH: DECEMBER
YEAR: 2019
LATITUDE: 44 55 N
LONGITUDE: 87 25 W
TEMPERATURE IN F: :PCPN: SNOW: WIND :SUNSHINE: SKY :PK WND
================================================================================
1 2 3 4 5 6A 6B 7 8 9 10 11 12 13 14 15 16 17 18
12Z AVG MX 2MIN
DY MAX MIN AVG DEP HDD CDD WTR SNW DPTH SPD SPD DIR MIN PSBL S-S WX SPD DR
================================================================================
1 32 27 30 M 35 0 0.29 M 0 16.2 24 10 M M 10 12 31 10
2 35 18 27 M 38 0 T M 0 8.1 15 10 M M 1 23 350
3 33 20 27 M 38 0 0.00 0.0 0 8.6 13 270 M M 6 20 230
4 34 30 32 M 33 0 T M 0 11.6 16 280 M M 9 21 290
5 35 28 32 M 33 0 T M 0 7.0 13 350 M M 9 M M
6 31 17 24 M 41 0 0.00 0.0 0 12.3 21 330 M M 7 27 330
7 35 20 28 M 37 0 T M 0 11.3 18 190 M M 7 30 180
8 39 31 35 M 30 0 0.00 0.0 0 9.5 18 210 M M 5 28 210
9 36 19 28 M 37 0 0.03 M 0 10.0 22 330 M M 9 1 31 330
10 19 5 12 M 53 0 T M 0 12.8 16 320 M M 5 22 320
11 9 0 5 M 60 0 T M 0 10.4 15 260 M M 3 22 290
12 35 8 22 M 43 0 0.08 M 0 7.1 16 130 M M 10 1 30 120
13 31 22 27 M 38 0 T M 0 4.6 7 270 M M 10 1 M M
14 27 24 26 M 39 0 0.02 M 0 7.6 14 310 M M 10 1 M M
15 22 8 15 M 50 0 0.00 0.0 0 7.8 16 330 M M 3 61 250
16 M M M M M M M M M M M M M M M M M
17 26 12 19 M 46 0 T M 0 10.9 21 330 M M 8 1 30 350
18 12 4 8 M 57 0 T M 0 14.0 21 320 M M 5 27 330
19 25 12 19 M 46 0 0.00 0.0 0 8.0 14 280 M M 9 30 310
20 37 25 31 M 34 0 0.00 0.0 0 11.6 18 170 M M 10 18 25 160
21 39 25 32 M 33 0 0.00 0.0 0 10.2 15 210 M M 0 1 M M
22 43 36 40 M 25 0 0.00 0.0 0 11.2 15 240 M M 0 45 320
================================================================================
SM 635 391 846 0 0.42 0.0 210.8 M 136
================================================================================
AV 30.2 18.6 10.0 FASTST M M 6 MAX(MPH)
MISC ----> # 24 10 # 61 250
================================================================================
NOTES:
# LAST OF SEVERAL OCCURRENCES
COLUMN 17 PEAK WIND IN M.P.H.
PRELIMINARY LOCAL CLIMATOLOGICAL DATA (WS FORM: F-6) , PAGE 2
STATION: STURGEON BAY WI
MONTH: DECEMBER
YEAR: 2019
LATITUDE: 44 55 N
LONGITUDE: 87 25 W
[TEMPERATURE DATA] [PRECIPITATION DATA] SYMBOLS USED IN COLUMN 16
AVERAGE MONTHLY: 24.4 TOTAL FOR MONTH: 0.42 1 = FOG OR MIST
DPTR FM NORMAL: M DPTR FM NORMAL: M 2 = FOG REDUCING VISIBILITY
HIGHEST: 43 ON 22 GRTST 24HR 0.29 ON 1- 1 TO 1/4 MILE OR LESS
LOWEST: 0 ON 11 3 = THUNDER
SNOW, ICE PELLETS, HAIL 4 = ICE PELLETS
TOTAL MONTH: 0.0 INCH 5 = HAIL
GRTST 24HR 0.0 6 = FREEZING RAIN OR DRIZZLE
GRTST DEPTH: 0 7 = DUSTSTORM OR SANDSTORM:
VSBY 1/2 MILE OR LESS
8 = SMOKE OR HAZE
[NO. OF DAYS WITH] [WEATHER - DAYS WITH] 9 = BLOWING SNOW
X = TORNADO
MAX 32 OR BELOW: 10 0.01 INCH OR MORE: 4
MAX 90 OR ABOVE: 0 0.10 INCH OR MORE: 1
MIN 32 OR BELOW: 20 0.50 INCH OR MORE: 0
MIN 0 OR BELOW: 1 1.00 INCH OR MORE: 0
[HDD (BASE 65) ]
TOTAL THIS MO. 846 CLEAR (SCALE 0-3) 4
DPTR FM NORMAL M PTCLDY (SCALE 4-7) 8
TOTAL FM JUL 1 2495 CLOUDY (SCALE 8-10) 9
DPTR FM NORMAL M
[CDD (BASE 65) ]
TOTAL THIS MO. 0
DPTR FM NORMAL M [PRESSURE DATA]
TOTAL FM JAN 1 327 HIGHEST SLP M ON M
DPTR FM NORMAL 327 LOWEST SLP M ON M
[REMARKS]