000
CXUS54 KEPZ 011030
CF6SVC
PRELIMINARY LOCAL CLIMATOLOGICAL DATA (WS FORM: F-6)
STATION: SILVER CITY
MONTH: OCTOBER
YEAR: 2023
LATITUDE: 32 37 N
LONGITUDE: 108 10 W
TEMPERATURE IN F: :PCPN: SNOW: WIND :SUNSHINE: SKY :PK WND
================================================================================
1 2 3 4 5 6A 6B 7 8 9 10 11 12 13 14 15 16 17 18
12Z AVG MX 2MIN
DY MAX MIN AVG DEP HDD CDD WTR SNW DPTH SPD SPD DIR MIN PSBL S-S WX SPD DR
================================================================================
1 85 50 68 M 0 3 0.00 M M 8.4 23 210 M M 2 35 230
2 81 52 67 M 0 2 0.16 M M 9.4 18 260 M M 3 3 33 220
3 79 47 63 M 2 0 0.00 M M 9.6 18 250 M M 0 24 250
4 81 48 65 M 0 0 0.00 M M 9.3 16 280 M M 0 20 280
5 82 45 64 M 1 0 0.00 M M 6.1 14 160 M M 0 22 160
6 81 52 67 M 0 2 0.00 M M 9.4 15 130 M M 0 21 130
7 76 51 64 M 1 0 0.00 M M 9.4 17 110 M M 1 25 120
8 80 47 64 M 1 0 0.00 M M 6.9 17 10 M M 2 23 10
9 82 50 66 M 0 1 0.00 M M 8.2 17 190 M M 2 24 190
10 82 49 66 M 0 1 T M M 8.1 16 280 M M 3 21 280
11 83 49 66 M 0 1 0.00 M M 12.3 24 270 M M 0 36 280
12 77 52 65 M 0 0 0.00 M M 13.1 28 270 M M 2 35 260
13 79 48 64 M 1 0 0.00 M M 6.3 13 210 M M 0 21 200
14 79 48 64 M 1 0 0.00 M M 4.9 9 350 M M 0 M M
15 83 47 65 M 0 0 0.00 M M 5.9 9 140 M M 0 16 200
16 79 44 62 M 3 0 0.00 M M 5.7 12 160 M M 0 17 140
17 85 50 68 M 0 3 0.00 M M 6.1 13 270 M M 1 18 240
18 88 54 71 M 0 6 0.00 M M 8.6 13 320 M M 3 28 210
19 86 46 66 M 0 1 0.00 M M 6.4 13 360 M M 1 17 160
20 88 52 70 M 0 5 0.00 M M 6.5 12 360 M M 3 M M
21 86 55 71 M 0 6 0.00 M M 5.6 12 160 M M 1 M M
22 85 47 66 M 0 1 0.00 M M 5.0 14 190 M M 8 16 190
23 82 47 65 M 0 0 0.02 M M 6.5 15 160 M M 8 28 240
24 64 46 55 M 10 0 0.34 M M 7.8 16 340 M M 7 3 28 20
25 67 45 56 M 9 0 0.00 M M 6.0 15 270 M M 2 21 280
26 72 44 58 M 7 0 0.00 M M 9.8 14 280 M M 0 22 280
27 74 43 59 M 6 0 0.00 0.0 0 6.7 10 180 M M 2 9 0
28 75 42 59 M 6 0 0.00 0.0 0 9.5 20 260 M M 0 39 260
29 70 41 56 M 9 0 0.00 0.0 0 10.3 18 270 M M 1 30 250
30 51 31 41 M 24 0 0.00 M M 9.9 21 110 M M 2 29 110
31 58 25 42 M 23 0 0.00 M M 7.3 14 130 M M 0 23 140
================================================================================
SM 2420 1447 104 32 0.52 0.0 245.1 M 54
================================================================================
AV 78.1 46.7 7.9 FASTST M M 2 MAX(MPH)
MISC ----> 28 270 39 260
================================================================================
NOTES:
# LAST OF SEVERAL OCCURRENCES
COLUMN 17 PEAK WIND IN M.P.H.
PRELIMINARY LOCAL CLIMATOLOGICAL DATA (WS FORM: F-6) , PAGE 2
STATION: SILVER CITY
MONTH: OCTOBER
YEAR: 2023
LATITUDE: 32 37 N
LONGITUDE: 108 10 W
[TEMPERATURE DATA] [PRECIPITATION DATA] SYMBOLS USED IN COLUMN 16
AVERAGE MONTHLY: 62.4 TOTAL FOR MONTH: 0.52 1 = FOG OR MIST
DPTR FM NORMAL: 0.0 DPTR FM NORMAL: M 2 = FOG REDUCING VISIBILITY
HIGHEST: 88 ON 20,18 GRTST 24HR 0.34 ON 24-24 TO 1/4 MILE OR LESS
LOWEST: 25 ON 31 3 = THUNDER
SNOW, ICE PELLETS, HAIL 4 = ICE PELLETS
TOTAL MONTH: 0.0 INCH 5 = HAIL
GRTST 24HR 0.0 6 = FREEZING RAIN OR DRIZZLE
GRTST DEPTH: 0 7 = DUSTSTORM OR SANDSTORM:
VSBY 1/2 MILE OR LESS
8 = SMOKE OR HAZE
[NO. OF DAYS WITH] [WEATHER - DAYS WITH] 9 = BLOWING SNOW
X = TORNADO
MAX 32 OR BELOW: 0 0.01 INCH OR MORE: 3
MAX 90 OR ABOVE: 0 0.10 INCH OR MORE: 2
MIN 32 OR BELOW: 2 0.50 INCH OR MORE: 0
MIN 0 OR BELOW: 0 1.00 INCH OR MORE: 0
[HDD (BASE 65) ]
TOTAL THIS MO. 104 CLEAR (SCALE 0-3) 26
DPTR FM NORMAL M PTCLDY (SCALE 4-7) 5
TOTAL FM JUL 1 109 CLOUDY (SCALE 8-10) 0
DPTR FM NORMAL M
[CDD (BASE 65) ]
TOTAL THIS MO. 32
DPTR FM NORMAL M [PRESSURE DATA]
TOTAL FM JAN 1 1692 HIGHEST SLP M ON M
DPTR FM NORMAL M LOWEST SLP M ON M
[REMARKS]
#FINAL-10-23#