000
CXUS51 KBGM 040345 CCA
CF6SYR
PRELIMINARY LOCAL CLIMATOLOGICAL DATA (WS FORM: F-6)
STATION: SYRACUSE NY
MONTH: JANUARY
YEAR: 2021
LATITUDE: 43 7 N
LONGITUDE: 76 7 W
TEMPERATURE IN F: :PCPN: SNOW: WIND :SUNSHINE: SKY :PK WND
================================================================================
1 2 3 4 5 6A 6B 7 8 9 10 11 12 13 14 15 16 17 18
12Z AVG MX 2MIN
DY MAX MIN AVG DEP HDD CDD WTR SNW DPTH SPD SPD DIR MIN PSBL S-S WX SPD DR
================================================================================
1 36 31 34 9 31 0 0.41 0.5 0 8.2 17 90 M M 10 146 22 90
2 37 31 34 9 31 0 0.40 T T 7.7 23 290 M M 10 16 30 280
3 35 27 31 7 34 0 0.15 1.5 0 6.7 15 90 M M 9 1 19 90
4 35 32 34 10 31 0 0.03 0.1 1 4.2 9 250 M M 10 16 11 240
5 35 30 33 9 32 0 0.01 T 1 4.6 13 300 M M 10 1 16 300
6 34 29 32 8 33 0 T T T 8.1 17 310 M M 10 24 290
7 31 26 29 5 36 0 T T T 6.9 14 300 M M 10 18 300
8 26 15 21 -3 44 0 0.00 0.0 T 6.8 13 330 M M 9 16 330
9 35 14 25 1 40 0 0.00 0.0 T 5.7 15 300 M M 5 19 300
10 32 20 26 2 39 0 0.00 0.0 0 4.1 12 260 M M 9 14 290
11 38 27 33 9 32 0 0.01 0.1 0 3.1 9 100 M M 9 10 100
12 35 31 33 10 32 0 0.01 0.4 T 8.2 15 250 M M 10 19 240
13 37 29 33 10 32 0 0.00 0.0 T 6.5 13 180 M M 10 16 180
14 42 30 36 13 29 0 0.00 0.0 0 3.9 10 190 M M 10 13 180
15 41 27 34 11 31 0 0.13 0.0 0 10.1 21 80 M M 9 18 26 90
16 37 33 35 12 30 0 0.37 0.7 1 10.4 26 260 M M 10 1 36 260
17 38 33 36 13 29 0 0.06 0.4 T 13.5 28 250 M M 10 1 35 250
18 34 29 32 9 33 0 0.07 0.9 1 6.6 20 270 M M 10 1 24 280
19 35 28 32 9 33 0 0.08 1.5 1 9.5 25 270 M M 10 18 35 260
20 29 20 25 2 40 0 0.16 4.2 5 11.2 26 280 M M 10 129 34 270
21 39 20 30 7 35 0 T T 3 11.3 21 230 M M 10 30 230
22 37 24 31 8 34 0 0.20 4.9 3 13.2 23 270 M M 10 129 27 270
23 24 13 19 -4 46 0 0.05 1.4 9 12.6 21 290 M M 8 189 28 300
24 22 4 13 -10 52 0 T T 9 4.2 13 270 M M 6 16 310
25 32 6 19 -4 46 0 0.00 0.0 8 3.7 8 80 M M 6 10 50
26 28 20 24 1 41 0 0.30 3.1 7 10.0 18 80 M M 10 15 24 70
27 31 24 28 5 37 0 0.04 0.5 10 10.0 18 300 M M 10 1 24 290
28 24 13 19 -5 46 0 0.05 1.6 9 13.1 25 320 M M 9 19 35 320
29 16 5 11 -13 54 0 0.01 0.6 10 8.9 22 330 M M 10 9 29 320
30 23 12 18 -6 47 0 T 0.3 10 4.1 16 300 M M 10 21 270
31 22 5 14 -10 51 0 0.00 0.0 8 5.9 10 60 M M 8 13 80
================================================================================
SM 1000 688 1161 0 2.54 22.7 243.0 M 287
================================================================================
AV 32.3 22.2 7.8 FASTST M M 9 MAX(MPH)
MISC ----> 28 250 36 260
================================================================================
NOTES:
# LAST OF SEVERAL OCCURRENCES
COLUMN 17 PEAK WIND IN M.P.H.
PRELIMINARY LOCAL CLIMATOLOGICAL DATA (WS FORM: F-6) , PAGE 2
STATION: SYRACUSE NY
MONTH: JANUARY
YEAR: 2021
LATITUDE: 43 7 N
LONGITUDE: 76 7 W
[TEMPERATURE DATA] [PRECIPITATION DATA] SYMBOLS USED IN COLUMN 16
AVERAGE MONTHLY: 27.2 TOTAL FOR MONTH: 2.54 1 = FOG OR MIST
DPTR FM NORMAL: 3.6 DPTR FM NORMAL: 0.04 2 = FOG REDUCING VISIBILITY
HIGHEST: 42 ON 14 GRTST 24HR 0.81 ON 1- 2 TO 1/4 MILE OR LESS
LOWEST: 4 ON 24 3 = THUNDER
SNOW, ICE PELLETS, HAIL 4 = ICE PELLETS
TOTAL MONTH: 22.7 INCHES 5 = HAIL
GRTST 24HR 6.2 ON 22-23 6 = FREEZING RAIN OR DRIZZLE
GRTST DEPTH: 10 ON 30,29 7 = DUSTSTORM OR SANDSTORM:
28,27 VSBY 1/2 MILE OR LESS
8 = SMOKE OR HAZE
[NO. OF DAYS WITH] [WEATHER - DAYS WITH] 9 = BLOWING SNOW
X = TORNADO
MAX 32 OR BELOW: 13 0.01 INCH OR MORE: 19
MAX 90 OR ABOVE: 0 0.10 INCH OR MORE: 8
MIN 32 OR BELOW: 29 0.50 INCH OR MORE: 0
MIN 0 OR BELOW: 0 1.00 INCH OR MORE: 0
[HDD (BASE 65) ]
TOTAL THIS MO. 1161 CLEAR (SCALE 0-3) 0
DPTR FM NORMAL -122 PTCLDY (SCALE 4-7) 3
TOTAL FM JUL 1 3224 CLOUDY (SCALE 8-10) 28
DPTR FM NORMAL -515
[CDD (BASE 65) ]
TOTAL THIS MO. 0
DPTR FM NORMAL 0 [PRESSURE DATA]
TOTAL FM JAN 1 0 HIGHEST SLP 30.50 ON 1
DPTR FM NORMAL 0 LOWEST SLP 29.38 ON 16
[REMARKS]
#FINAL-01-21#
CORRECTED 24 HOUR GREATEST PRECIPITATION
CORRECTED 24 HOUR GREATEST SNOWFALL
ADDED 2 MORE DATES FOR THE GREATEST SNOW DEPTH