000
CXUS54 KEWX 051854
CF6T20
PRELIMINARY LOCAL CLIMATOLOGICAL DATA (WS FORM: F-6)
STATION: GONZALES
MONTH: JUNE
YEAR: 2022
LATITUDE: 29 31 N
LONGITUDE: 97 28 W
TEMPERATURE IN F: :PCPN: SNOW: WIND :SUNSHINE: SKY :PK WND
================================================================================
1 2 3 4 5 6A 6B 7 8 9 10 11 12 13 14 15 16 17 18
12Z AVG MX 2MIN
DY MAX MIN AVG DEP HDD CDD WTR SNW DPTH SPD SPD DIR MIN PSBL S-S WX SPD DR
================================================================================
1 M M M M M M 0.00 M M M M M M M M M M
2 M M M M M M 0.00 M M M M M M M M M M
3 94 77 86 M 0 21 0.00 M M 6.3 9 80 M M 3 23 350
4 99 73 86 M 0 21 0.00 M M 5.0 14 130 M M 3 1 20 240
5 99 70 85 M 0 20 0.00 M M 8.3 16 150 M M 2 24 150
6 102 74 88 M 0 23 0.00 M M 11.8 18 160 M M 2 26 170
7 100 76 88 M 0 23 0.00 M M 10.4 15 140 M M 3 25 160
8 101 76 89 M 0 24 0.00 M M 8.4 14 140 M M 3 23 220
9 100 76 88 M 0 23 0.00 M M 5.8 16 160 M M 4 22 160
10 102 77 90 M 0 25 0.00 M M 6.6 13 160 M M 4 22 180
11 103 76 90 M 0 25 0.00 M M 7.4 14 160 M M 1 22 160
12 106 78 92 M 0 27 0.00 M M 10.7 15 150 M M 4 29 150
13 101 79 90 M 0 25 0.00 M M 12.8 20 180 M M 4 25 160
14 99 78 89 M 0 24 0.00 M M 14.6 24 160 M M 5 32 180
15 99 80 90 M 0 25 0.00 M M 11.2 15 160 M M 6 26 150
16 102 77 90 M 0 25 0.00 M M 7.8 13 170 M M 4 1 20 170
17 100 74 87 M 0 22 0.00 M M 6.3 16 140 M M 2 18 21 160
18 102 75 89 M 0 24 0.00 M M 5.1 16 170 M M 3 18 160
19 102 73 88 M 0 23 0.00 M M 4.9 12 150 M M 1 18 150
20 102 71 87 M 0 22 0.00 M M 5.2 10 160 M M 3 17 170
21 102 75 89 M 0 24 0.00 M M 6.0 14 150 M M 2 23 160
22 101 74 88 M 0 23 0.00 M M 5.4 14 170 M M 3 18 170
23 102 75 89 M 0 24 0.00 M M 4.8 10 160 M M 0 16 140
24 102 73 88 M 0 23 0.00 M M 7.0 14 170 M M 1 21 170
25 102 75 89 M 0 24 0.00 M M 7.2 13 140 M M 3 21 140
26 103 71 87 M 0 22 0.00 M M 3.7 14 170 M M 3 1 20 170
27 100 74 87 M 0 22 0.65 M M 4.2 12 40 M M 3 3 20 310
28 92 72 82 M 0 17 0.01 M M 4.3 12 60 M M 4 3 22 60
29 99 70 85 M 0 20 0.00 M M 4.0 14 150 M M 2 1 23 150
30 99 73 86 M 0 21 0.00 M M 3.6 13 80 M M 2 1 18 80
================================================================================
SM 2815 2092 0 642 0.66 M 198.6 M 80
================================================================================
AV100.5 74.7 7.1 FASTST M M 3 MAX(MPH)
MISC ----> 24 160 32 180
================================================================================
NOTES:
# LAST OF SEVERAL OCCURRENCES
COLUMN 17 PEAK WIND IN M.P.H.
PRELIMINARY LOCAL CLIMATOLOGICAL DATA (WS FORM: F-6) , PAGE 2
STATION: GONZALES
MONTH: JUNE
YEAR: 2022
LATITUDE: 29 31 N
LONGITUDE: 97 28 W
[TEMPERATURE DATA] [PRECIPITATION DATA] SYMBOLS USED IN COLUMN 16
AVERAGE MONTHLY: 87.6 TOTAL FOR MONTH: 0.66 1 = FOG OR MIST
DPTR FM NORMAL: 0.0 DPTR FM NORMAL: M 2 = FOG REDUCING VISIBILITY
HIGHEST: 106 ON 12 GRTST 24HR 0.65 ON 27-27 TO 1/4 MILE OR LESS
LOWEST: 70 ON 29, 5 3 = THUNDER
SNOW, ICE PELLETS, HAIL 4 = ICE PELLETS
TOTAL MONTH: M 5 = HAIL
GRTST 24HR M ON M 6 = FREEZING RAIN OR DRIZZLE
GRTST DEPTH: M ON M 7 = DUSTSTORM OR SANDSTORM:
VSBY 1/2 MILE OR LESS
8 = SMOKE OR HAZE
[NO. OF DAYS WITH] [WEATHER - DAYS WITH] 9 = BLOWING SNOW
X = TORNADO
MAX 32 OR BELOW: 0 0.01 INCH OR MORE: 2
MAX 90 OR ABOVE: 28 0.10 INCH OR MORE: 1
MIN 32 OR BELOW: 0 0.50 INCH OR MORE: 1
MIN 0 OR BELOW: 0 1.00 INCH OR MORE: 0
[HDD (BASE 65) ]
TOTAL THIS MO. 0 CLEAR (SCALE 0-3) 16
DPTR FM NORMAL M PTCLDY (SCALE 4-7) 12
TOTAL FM JUL 1 1141 CLOUDY (SCALE 8-10) 2
DPTR FM NORMAL M
[CDD (BASE 65) ]
TOTAL THIS MO. 642
DPTR FM NORMAL M [PRESSURE DATA]
TOTAL FM JAN 1 896 HIGHEST SLP M ON M
DPTR FM NORMAL M LOWEST SLP M ON M
[REMARKS]
#FINAL-06-22#