000
CXUS54 KFWD 010731
CF6T35
PRELIMINARY LOCAL CLIMATOLOGICAL DATA (WS FORM: F-6)
STATION: CAMERON
MONTH: JULY
YEAR: 2020
LATITUDE: 30 52 N
LONGITUDE: 96 58 W
TEMPERATURE IN F: :PCPN: SNOW: WIND :SUNSHINE: SKY :PK WND
================================================================================
1 2 3 4 5 6A 6B 7 8 9 10 11 12 13 14 15 16 17 18
12Z AVG MX 2MIN
DY MAX MIN AVG DEP HDD CDD WTR SNW DPTH SPD SPD DIR MIN PSBL S-S WX SPD DR
================================================================================
1 96 78 87 M 0 22 0.00 0.0 0 10.3 16 210 M M 6 24 200
2 98 79 89 M 0 24 0.00 0.0 0 8.0 14 200 M M 3 8 18 210
3 100 76 88 M 0 23 0.00 0.0 0 7.0 12 200 M M 1 17 200
4 99 73 86 M 0 21 0.00 0.0 0 5.6 8 160 M M 0 M M
5 96 76 86 M 0 21 0.00 0.0 0 6.1 12 220 M M 0 M M
6 96 79 88 M 0 23 0.00 0.0 0 6.8 17 190 M M 3 24 190
7 88 72 80 M 0 15 1.12 0.0 0 7.2 12 200 M M 4 3 20 50
8 96 76 86 M 0 21 0.00 0.0 0 8.0 14 180 M M 4 1 21 180
9 98 78 88 M 0 23 0.00 0.0 0 10.8 15 210 M M 4 22 230
10 99 78 89 M 0 24 0.00 0.0 0 8.0 13 190 M M 3 17 180
11 100 77 89 M 0 24 0.00 0.0 0 7.1 10 230 M M 1 M M
12 101 77 89 M 0 24 0.00 0.0 0 7.4 14 210 M M 1 18 190
13 104 79 92 M 0 27 0.00 0.0 0 9.3 14 170 M M 0 18 210
14 103 76 90 M 0 25 0.00 0.0 0 11.3 16 180 M M 1 22 180
15 99 78 89 M 0 24 0.00 0.0 0 9.7 15 210 M M 2 21 170
16 100 75 88 M 0 23 0.00 0.0 0 6.1 12 190 M M 1 16 190
17 99 76 88 M 0 23 0.00 0.0 0 6.1 15 150 M M 0 22 150
18 97 74 86 M 0 21 0.00 0.0 0 5.8 10 130 M M 3 20 130
19 98 73 86 M 0 21 0.00 0.0 0 4.5 9 170 M M 1 M M
20 98 73 86 M 0 21 0.00 0.0 0 5.7 14 110 M M 1 20 110
21 91 75 83 M 0 18 0.00 0.0 0 4.0 9 140 M M 6 M M
22 96 78 87 M 0 22 0.00 0.0 0 5.5 12 140 M M 5 20 140
23 99 75 87 M 0 22 0.00 0.0 0 3.6 12 80 M M 2 M M
24 97 75 86 M 0 21 T 0.0 0 6.1 13 60 M M 4 22 90
25 93 75 84 M 0 19 0.15 0.0 0 5.6 13 110 M M 5 23 140
26 93 75 84 M 0 19 0.00 0.0 0 4.0 12 150 M M 6 18 200
27 94 75 85 M 0 20 0.00 0.0 0 3.4 10 180 M M 6 18 16 180
28 98 74 86 M 0 21 0.00 0.0 0 4.6 13 320 M M 3 18 320
29 98 74 86 M 0 21 0.05 0.0 0 10.1 21 200 M M 3 30 200
30 99 76 88 M 0 23 0.00 0.0 0 11.5 18 180 M M 2 23 210
31 96 78 87 M 0 22 0.05 0.0 0 7.7 14 210 M M 4 3 20 190
================================================================================
SM 3019 2353 0 678 1.37 0.0 216.9 M 85
================================================================================
AV 97.4 75.9 7.0 FASTST M M 3 MAX(MPH)
MISC ----> # 21 200 # 30 200
================================================================================
NOTES:
# LAST OF SEVERAL OCCURRENCES
COLUMN 17 PEAK WIND IN M.P.H.
PRELIMINARY LOCAL CLIMATOLOGICAL DATA (WS FORM: F-6) , PAGE 2
STATION: CAMERON
MONTH: JULY
YEAR: 2020
LATITUDE: 30 52 N
LONGITUDE: 96 58 W
[TEMPERATURE DATA] [PRECIPITATION DATA] SYMBOLS USED IN COLUMN 16
AVERAGE MONTHLY: 86.7 TOTAL FOR MONTH: 1.37 1 = FOG OR MIST
DPTR FM NORMAL: M DPTR FM NORMAL: M 2 = FOG REDUCING VISIBILITY
HIGHEST: 104 ON 13 GRTST 24HR 1.12 ON 7- 7 TO 1/4 MILE OR LESS
LOWEST: 72 ON 7 3 = THUNDER
SNOW, ICE PELLETS, HAIL 4 = ICE PELLETS
TOTAL MONTH: 0.0 INCH 5 = HAIL
GRTST 24HR 0.0 6 = FREEZING RAIN OR DRIZZLE
GRTST DEPTH: 0 7 = DUSTSTORM OR SANDSTORM:
VSBY 1/2 MILE OR LESS
8 = SMOKE OR HAZE
[NO. OF DAYS WITH] [WEATHER - DAYS WITH] 9 = BLOWING SNOW
X = TORNADO
MAX 32 OR BELOW: 0 0.01 INCH OR MORE: 4
MAX 90 OR ABOVE: 30 0.10 INCH OR MORE: 2
MIN 32 OR BELOW: 0 0.50 INCH OR MORE: 1
MIN 0 OR BELOW: 0 1.00 INCH OR MORE: 1
[HDD (BASE 65) ]
TOTAL THIS MO. 0 CLEAR (SCALE 0-3) 18
DPTR FM NORMAL M PTCLDY (SCALE 4-7) 13
TOTAL FM JUL 1 0 CLOUDY (SCALE 8-10) 0
DPTR FM NORMAL M
[CDD (BASE 65) ]
TOTAL THIS MO. 678
DPTR FM NORMAL M [PRESSURE DATA]
TOTAL FM JAN 1 1773 HIGHEST SLP M ON M
DPTR FM NORMAL M LOWEST SLP M ON M
[REMARKS]
#FINAL-07-20#