000
CXUS54 KEWX 011110
CF6T82
PRELIMINARY LOCAL CLIMATOLOGICAL DATA (WS FORM: F-6)
STATION: FREDERICKSBURG
MONTH: FEBRUARY
YEAR: 2024
LATITUDE: 30 15 N
LONGITUDE: 98 55 W
TEMPERATURE IN F: :PCPN: SNOW: WIND :SUNSHINE: SKY :PK WND
================================================================================
1 2 3 4 5 6A 6B 7 8 9 10 11 12 13 14 15 16 17 18
12Z AVG MX 2MIN
DY MAX MIN AVG DEP HDD CDD WTR SNW DPTH SPD SPD DIR MIN PSBL S-S WX SPD DR
================================================================================
1 69 41 55 M 10 0 0.00 M M 5.5 14 170 M M 5 21 210
2 64 53 59 M 6 0 0.01 M M 9.4 14 190 M M 9 3 23 180
3 67 44 56 M 9 0 0.06 M M 7.2 21 280 M M 5 35 280
4 65 46 56 M 9 0 0.00 M M 16.8 30 320 M M 1 41 320
5 61 42 52 M 13 0 0.00 M M 12.8 23 350 M M 6 29 350
6 66 32 49 M 16 0 0.00 M M 2.6 6 150 M M 0 M M
7 66 45 56 M 9 0 0.00 M M 10.6 18 180 M M 3 29 190
8 67 50 59 M 6 0 0.00 M M 3.0 9 310 M M 3 1 M M
9 72 52 62 M 3 0 0.00 M M 5.3 13 220 M M 6 1 18 220
10 64 56 60 M 5 0 1.02 M M 4.3 8 110 M M 9 12 M M
11 61 41 51 M 14 0 0.00 M M 12.3 20 320 M M 8 12 25 320
12 56 36 46 M 19 0 0.00 M M 12.4 22 310 M M 3 28 320
13 66 31 49 M 16 0 0.00 M M 3.9 12 210 M M 0 16 210
14 60 35 48 M 17 0 0.00 M M 4.7 12 200 M M 7 16 160
15 66 53 60 M 5 0 0.00 M M 4.7 8 170 M M 4 M M
16 73 47 60 M 5 0 0.00 M M 9.2 14 360 M M 1 24 360
17 47 33 40 M 25 0 0.00 M M 14.3 21 360 M M 3 29 20
18 53 27 40 M 25 0 0.00 M M 3.3 8 340 M M 1 M M
19 69 31 50 M 15 0 0.00 M M 5.1 14 190 M M 0 18 210
20 78 38 58 M 7 0 0.00 M M 5.0 15 200 M M 0 17 200
21 78 50 64 M 1 0 0.00 M M 8.9 15 180 M M 3 1 25 180
22 82 57 70 M 0 5 0.00 M M 9.8 17 330 M M 4 1 27 310
23 71 45 58 M 7 0 0.00 M M 5.3 12 40 M M 0 21 40
24 74 38 56 M 9 0 0.00 M M 4.9 15 180 M M 0 23 180
25 86 55 71 M 0 6 0.00 M M 8.5 14 240 M M 2 21 240
26 89 51 70 M 0 5 0.00 M M 5.3 15 200 M M 0 20 200
27 82 61 72 M 0 7 0.00 M M 3.6 10 210 M M 2 1 M M
28 67 42 55 M 10 0 0.00 M M 10.8 20 10 M M 2 28 20
29 46 37 42 M 23 0 0.00 M M 5.0 10 50 M M 9 M M
================================================================================
SM 1965 1269 284 23 1.09 M 214.6 M 96
================================================================================
AV 67.8 43.8 7.4 FASTST M M 3 MAX(MPH)
MISC ----> 30 320 41 320
================================================================================
NOTES:
# LAST OF SEVERAL OCCURRENCES
COLUMN 17 PEAK WIND IN M.P.H.
PRELIMINARY LOCAL CLIMATOLOGICAL DATA (WS FORM: F-6) , PAGE 2
STATION: FREDERICKSBURG
MONTH: FEBRUARY
YEAR: 2024
LATITUDE: 30 15 N
LONGITUDE: 98 55 W
[TEMPERATURE DATA] [PRECIPITATION DATA] SYMBOLS USED IN COLUMN 16
AVERAGE MONTHLY: 55.8 TOTAL FOR MONTH: 1.09 1 = FOG OR MIST
DPTR FM NORMAL: 0.0 DPTR FM NORMAL: M 2 = FOG REDUCING VISIBILITY
HIGHEST: 89 ON 26 GRTST 24HR 1.02 ON 10-10 TO 1/4 MILE OR LESS
LOWEST: 27 ON 18 3 = THUNDER
SNOW, ICE PELLETS, HAIL 4 = ICE PELLETS
TOTAL MONTH: M 5 = HAIL
GRTST 24HR M ON M 6 = FREEZING RAIN OR DRIZZLE
GRTST DEPTH: M ON M 7 = DUSTSTORM OR SANDSTORM:
VSBY 1/2 MILE OR LESS
8 = SMOKE OR HAZE
[NO. OF DAYS WITH] [WEATHER - DAYS WITH] 9 = BLOWING SNOW
X = TORNADO
MAX 32 OR BELOW: 0 0.01 INCH OR MORE: 3
MAX 90 OR ABOVE: 0 0.10 INCH OR MORE: 1
MIN 32 OR BELOW: 4 0.50 INCH OR MORE: 1
MIN 0 OR BELOW: 0 1.00 INCH OR MORE: 1
[HDD (BASE 65) ]
TOTAL THIS MO. 284 CLEAR (SCALE 0-3) 18
DPTR FM NORMAL M PTCLDY (SCALE 4-7) 7
TOTAL FM JUL 1 1542 CLOUDY (SCALE 8-10) 4
DPTR FM NORMAL M
[CDD (BASE 65) ]
TOTAL THIS MO. 23
DPTR FM NORMAL M [PRESSURE DATA]
TOTAL FM JAN 1 23 HIGHEST SLP M ON M
DPTR FM NORMAL M LOWEST SLP M ON M
[REMARKS]
#FINAL-02-24#